000
CXUS53 KBIS 240729
CF6BIS
PRELIMINARY LOCAL CLIMATOLOGICAL DATA (WS FORM: F-6)

                                          STATION:   BISMARCK ND
                                          MONTH:     JUNE
                                          YEAR:      2017
                                          LATITUDE:   46 46 N
                                          LONGITUDE: 100 45 W

  TEMPERATURE IN F:       :PCPN:    SNOW:  WIND      :SUNSHINE: SKY     :PK WND
================================================================================
1   2   3   4   5  6A  6B    7    8   9   10  11  12  13   14  15   16   17  18
                                     12Z  AVG MX 2MIN
DY MAX MIN AVG DEP HDD CDD  WTR  SNW DPTH SPD SPD DIR MIN PSBL S-S WX    SPD DR
================================================================================

 1  90  51  71  11   0   6 0.00  0.0    0 14.5 28 170   M    M   0        34 160
 2  98  62  80  19   0  15    T  0.0    0 12.3 30 320   M    M   1 3      38 320
 3  87  54  71  10   0   6 0.00  0.0    0  8.5 23 330   M    M   0        30 310
 4  93  43  68   7   0   3 0.00  0.0    0  4.4 17  90   M    M   0        24  40
 5  92  53  73  11   0   8 0.00  0.0    0 10.6 20 110   M    M   1        26 160
 6  76  56  66   4   0   1    T  0.0    0  8.9 16 320   M    M   3        25 330
 7  82  53  68   6   0   3 0.00  0.0    0  7.6 16 340   M    M   1        21 320
 8  85  48  67   4   0   2 0.00  0.0    0  7.5 18  90   M    M   0        24  80
 9 101  62  82  19   0  17    T  0.0    0 15.9 33 170   M    M   0        41 150
10  86  63  75  12   0  10    T  0.0    0 12.7 32 320   M    M   2        45 310
11  86  50  68   5   0   3 0.04  0.0    0  9.7 24 330   M    M   2        32 320
12  84  49  67   3   0   2    T  0.0    0  8.3 24  90   M    M   3 3      30 100
13  78  59  69   5   0   4 0.76  0.0    0 10.8 32  60   M    M   5 13     41  60
14  80  59  70   6   0   5    T  0.0    0 14.9 30 270   M    M   6 12     36 270
15  85  58  72   7   0   7 0.00  0.0    0 13.9 30 280   M    M   0        45 290
16  83  52  68   3   0   3    T  0.0    0  7.6 28 270   M    M   4        35 280
17  73  55  64  -1   1   0 0.40    T    0  7.8 24 350   M    M   5 135    34 340
18  78  54  66   1   0   1 0.00  0.0    0 11.6 30 330   M    M   3 3      37 330
19  83  50  67   1   0   2 0.00  0.0    0  7.6 20 310   M    M   2        27 290
20  75  51  63  -3   2   0    T  0.0    0  5.6 12 160   M    M   1        17 240
21  91  56  74   8   0   9 0.00  0.0    0 11.1 28 330   M    M   1        35 330
22  79  53  66   0   0   1    T  0.0    0 13.9 28 290   M    M   4        40 290
23  69  50  60  -7   5   0 0.00  0.0    0 18.0 32 330   M    M   6        42 320
================================================================================
SM 1934 1241         8 108  1.20    T    243.7          M       50
================================================================================
AV 84.1 54.0                              10.6 FASTST   M    M   2    MAX(MPH)
                                 MISC ---->  # 33 170               # 45  310
================================================================================
NOTES:
# LAST OF SEVERAL OCCURRENCES

COLUMN 17 PEAK WIND IN M.P.H.

PRELIMINARY LOCAL CLIMATOLOGICAL DATA (WS FORM: F-6) , PAGE 2

                                          STATION:  BISMARCK ND
                                          MONTH:    JUNE
                                          YEAR:     2017
                                          LATITUDE:   46 46 N
                                          LONGITUDE: 100 45 W

[TEMPERATURE DATA]      [PRECIPITATION DATA]       SYMBOLS USED IN COLUMN 16

AVERAGE MONTHLY: 69.0   TOTAL FOR MONTH:   1.20    1 = FOG OR MIST
DPTR FM NORMAL:   5.4   DPTR FM NORMAL:   -1.25    2 = FOG REDUCING VISIBILITY
HIGHEST:   101 ON  9    GRTST 24HR  0.76 ON 13-13      TO 1/4 MILE OR LESS
LOWEST:     43 ON  4                               3 = THUNDER
                        SNOW, ICE PELLETS, HAIL    4 = ICE PELLETS
                        TOTAL MONTH:    T          5 = HAIL
                        GRTST 24HR    T  ON 17-17  6 = FREEZING RAIN OR DRIZZLE
                        GRTST DEPTH:   0           7 = DUSTSTORM OR SANDSTORM:
                                                       VSBY 1/2 MILE OR LESS
                                                   8 = SMOKE OR HAZE
[NO. OF DAYS WITH]      [WEATHER - DAYS WITH]      9 = BLOWING SNOW
                                                   X = TORNADO
MAX 32 OR BELOW:   0    0.01 INCH OR MORE:   3
MAX 90 OR ABOVE:   6    0.10 INCH OR MORE:   2
MIN 32 OR BELOW:   0    0.50 INCH OR MORE:   1
MIN  0 OR BELOW:   0    1.00 INCH OR MORE:   0

[HDD (BASE 65) ]
TOTAL THIS MO.     8    CLEAR  (SCALE 0-3)  16
DPTR FM NORMAL   -74    PTCLDY (SCALE 4-7)   7
TOTAL FM JUL 1  7893    CLOUDY (SCALE 8-10)  0
DPTR FM NORMAL  -654

[CDD (BASE 65) ]
TOTAL THIS MO.   108
DPTR FM NORMAL    55    [PRESSURE DATA]
TOTAL FM JAN 1   122    HIGHEST SLP M ON M
DPTR FM NORMAL    52    LOWEST  SLP 29.25 ON 10

[REMARKS]
