000
CXUS53 KBIS 260743
CF6BIS
PRELIMINARY LOCAL CLIMATOLOGICAL DATA (WS FORM: F-6)

                                          STATION:   BISMARCK ND
                                          MONTH:     NOVEMBER
                                          YEAR:      2014
                                          LATITUDE:   46 46 N
                                          LONGITUDE: 100 45 W

  TEMPERATURE IN F:       :PCPN:    SNOW:  WIND      :SUNSHINE: SKY     :PK WND
================================================================================
1   2   3   4   5  6A  6B    7    8   9   10  11  12  13   14  15   16   17  18
                                     12Z  AVG MX 2MIN
DY MAX MIN AVG DEP HDD CDD  WTR  SNW DPTH SPD SPD DIR MIN PSBL S-S WX    SPD DR
================================================================================

 1  51  30  41   4  24   0 0.00  0.0    0 13.5 23 150   M    M   0        28 160
 2  66  31  49  12  16   0 0.00  0.0    0  9.1 15 260   M    M   0        18 240
 3  46  26  36   0  29   0 0.00  0.0    0  8.1 25 300   M    M   4        34 290
 4  52  23  38   2  27   0 0.01  0.0    0  7.8 16 290   M    M   5        20 280
 5  45  26  36   1  29   0 0.01  0.0    0 12.3 35 320   M    M   7        45 310
 6  52  19  36   2  29   0 0.03  0.0    0  6.0 16 170   M    M   2 1      19 160
 7  62  36  49  15  16   0    T  0.0    0 18.6 37 330   M    M   8        48 320
 8  42  26  34   1  31   0 0.00  0.0    0  6.3 24 330   M    M   7        34 340
 9  36  22  29  -4  36   0 0.14  1.4    1  8.7 15  70   M    M  10 18     19  70
10  23  14  19 -13  46   0 0.11  1.8    3 13.7 21 360   M    M   7 18     26 350
11  18   9  14 -18  51   0    T  0.1    3 10.8 21 280   M    M   8 18     25 290
12  20   9  15 -16  50   0 0.01  0.8    3 16.4 25 320   M    M   8 1      32 310
13  17  -6   6 -24  59   0 0.00  0.0    4  7.9 16 330   M    M   5        21 320
14  15 -14   1 -29  64   0 0.00  0.0    3  1.9  8  80   M    M   3 128    10  80
15  14 -10   2 -27  63   0    T    T    3  9.7 21 300   M    M   5 18     27 290
16  22   1  12 -17  53   0 0.01  0.3    3 16.1 32 330   M    M   5 189    48 320
17  17   3  10 -18  55   0    T    T    3 13.3 28 320   M    M   7        35 320
18  32   7  20  -8  45   0    T    T    3 14.7 36 330   M    M   7 1      48 320
19  24  11  18  -9  47   0    T  0.1    3 14.0 26 320   M    M   9        36 330
20  22  11  17 -10  48   0    T    T    3  6.1 14 170   M    M   6 18     17 170
21  47  13  30   4  35   0 0.00  0.0    3  6.1 16 240   M    M   0        19 240
22  46  19  33   7  32   0    T  0.0    1  4.1 15 220   M    M   2        18 210
23  40  17  29   4  36   0    T    T    T 18.5 37 280   M    M   9        47 280
24  28  11  20  -4  45   0    T    T    T 10.7 24 330   M    M   3        30 320
25  33  17  25   1  40   0 0.17  2.1    T  9.0 29  30   M    M   9 1      36  40
================================================================================
SM  870  351      1006   0  0.49     6.6 263.4          M      136
================================================================================
AV 34.8 14.0                              10.5 FASTST   M    M   5    MAX(MPH)
                                 MISC ---->  # 37 330               # 48  320
================================================================================
NOTES:
# LAST OF SEVERAL OCCURRENCES

COLUMN 17 PEAK WIND IN M.P.H.

PRELIMINARY LOCAL CLIMATOLOGICAL DATA (WS FORM: F-6) , PAGE 2

                                          STATION:  BISMARCK ND
                                          MONTH:    NOVEMBER
                                          YEAR:     2014
                                          LATITUDE:   46 46 N
                                          LONGITUDE: 100 45 W

[TEMPERATURE DATA]      [PRECIPITATION DATA]       SYMBOLS USED IN COLUMN 16

AVERAGE MONTHLY: 24.4   TOTAL FOR MONTH:   0.49    1 = FOG OR MIST
DPTR FM NORMAL:  -6.1   DPTR FM NORMAL:   -0.13    2 = FOG REDUCING VISIBILITY
HIGHEST:    66 ON  2    GRTST 24HR  0.24 ON  9-10      TO 1/4 MILE OR LESS
LOWEST:    -14 ON 14                               3 = THUNDER
                        SNOW, ICE PELLETS, HAIL    4 = ICE PELLETS
                        TOTAL MONTH:   6.6 INCHES  5 = HAIL
                        GRTST 24HR   2.1 ON   M    6 = FREEZING RAIN OR DRIZZLE
                        GRTST DEPTH:   4 ON 13     7 = DUSTSTORM OR SANDSTORM:
                                                       VSBY 1/2 MILE OR LESS
                                                   8 = SMOKE OR HAZE
[NO. OF DAYS WITH]      [WEATHER - DAYS WITH]      9 = BLOWING SNOW
                                                   X = TORNADO
MAX 32 OR BELOW:  12    0.01 INCH OR MORE:   8
MAX 90 OR ABOVE:   0    0.10 INCH OR MORE:   3
MIN 32 OR BELOW:  24    0.50 INCH OR MORE:   0
MIN  0 OR BELOW:   3    1.00 INCH OR MORE:   0

[HDD (BASE 65) ]
TOTAL THIS MO.  1006    CLEAR  (SCALE 0-3)   7
DPTR FM NORMAL   145    PTCLDY (SCALE 4-7)  13
TOTAL FM JUL 1  1782    CLOUDY (SCALE 8-10)  5
DPTR FM NORMAL     9

[CDD (BASE 65) ]
TOTAL THIS MO.     0
DPTR FM NORMAL     0    [PRESSURE DATA]
TOTAL FM JAN 1   457    HIGHEST SLP M ON M
DPTR FM NORMAL   -63    LOWEST  SLP 29.37 ON 22

[REMARKS]
