000
CXUS53 KGRR 011017
CF6BIV
PRELIMINARY LOCAL CLIMATOLOGICAL DATA (WS FORM: F-6)

                                          STATION:   HOLLAND/TULIP CITY MI
                                          MONTH:     MAY
                                          YEAR:      2015
                                          LATITUDE:   42 49 N
                                          LONGITUDE:  86 10 W

  TEMPERATURE IN F:       :PCPN:    SNOW:  WIND      :SUNSHINE: SKY     :PK WND
================================================================================
1   2   3   4   5  6A  6B    7    8   9   10  11  12  13   14  15   16   17  18
                                     12Z  AVG MX 2MIN
DY MAX MIN AVG DEP HDD CDD  WTR  SNW DPTH SPD SPD DIR MIN PSBL S-S WX    SPD DR
================================================================================

 1  63  37  50  -4  15   0 0.00    M    M  4.8 16 280   M    M   0        19 280
 2  71  41  56   2   9   0 0.00    M    M  5.9 17 240   M    M   0        20 260
 3  78  53  66  12   0   1 0.00    M    M 11.2 26 220   M    M   4        33 220
 4  64  49  57   2   8   0 0.14    M    M  7.9 18 250   M    M   4 138    25 300
 5  56  49  53  -2  12   0 0.28    M    M  9.3 21  70   M    M   8 1      27  70
 6  78  53  66  10   0   1 0.00    M    M  7.5 13 100   M    M   5 1      15  90
 7  85  60  73  17   0   8 0.00    M    M  8.0 16 260   M    M   0 18     22 250
 8  79  62  71  15   0   6 0.06    M    M  8.0 18 230   M    M   4 1      27 260
 9  66  49  58   2   7   0 1.25    M    M  4.4  9 300   M    M  10 1      13 320
10  62  54  58   1   7   0 0.64    M    M  6.3 15  70   M    M  10 1      21  70
11  68  50  59   2   6   0 0.66    M    M 11.5 25 220   M    M   9 12     33 270
12  51  46  49  -8  16   0    T    M    M 15.2 26 250   M    M  10        33 250
13  56  39  48 -10  17   0 0.00    M    M  4.9 14 270   M    M   5        17  20
14  64  40  52  -6  13   0 0.03    M    M  8.4 17 140   M    M   2 1      22 120
15  71  52  62   4   3   0 0.32    M    M  7.8 17 240   M    M   7 128    23 230
16  79  56  68   9   0   3 0.06    M    M  3.1 10 260   M    M   5 128    14 250
17  81  64  73  14   0   8 0.00    M    M 10.7 23 150   M    M   5 1      31 160
18  78  48  63   4   2   0 0.00    M    M 14.6 24 250   M    M   0        34 240
19  51  40  46 -14  19   0 0.01    M    M 11.2 22 320   M    M   7 1      28 330
20  56  38  47 -13  18   0 0.00    M    M  4.8 15 280   M    M   3        20 290
21  62  43  53  -7  12   0 0.00    M    M 10.2 20 220   M    M   5        25 230
22  64  43  54  -7  11   0 0.00    M    M  5.4 14 310   M    M   1        18 320
23  77  43  60  -1   5   0 0.00    M    M  5.3 15 240   M    M   0        19 250
24  73  53  63   2   2   0    T    M    M  5.5 12  90   M    M   7        17  90
25  78  63  71   9   0   6    T    M    M 15.3 35 230   M    M   3        44 230
26  80  62  71   9   0   6 0.61    M    M 12.4 26 190   M    M   5 18     35 180
27  72  54  63   1   2   0    T    M    M 13.3 26 220   M    M   5        35 240
28  81  52  67   4   0   2 0.00    M    M  4.8 17 250   M    M   0 8      22 250
29  82  64  73  10   0   8 0.41    M    M  9.0 20 220   M    M   2 13     23 210
30  73  50  62  -1   3   0 0.32    M    M  8.5 18 220   M    M   9 1      26  60
31  63  46  55  -9  10   0    T    M    M 11.2 20  80   M    M   4        30  60
================================================================================
SM 2162 1553       197  49  4.79    M    266.4          M      139
================================================================================
AV 69.7 50.1                               8.6 FASTST   M    M   4    MAX(MPH)
                                 MISC ---->  # 35 230               # 44  230
================================================================================
NOTES:
# LAST OF SEVERAL OCCURRENCES

COLUMN 17 PEAK WIND IN M.P.H.

PRELIMINARY LOCAL CLIMATOLOGICAL DATA (WS FORM: F-6) , PAGE 2

                                          STATION:  HOLLAND/TULIP CITY MI
                                          MONTH:    MAY
                                          YEAR:     2015
                                          LATITUDE:   42 49 N
                                          LONGITUDE:  86 10 W

[TEMPERATURE DATA]      [PRECIPITATION DATA]       SYMBOLS USED IN COLUMN 16

AVERAGE MONTHLY: 59.9   TOTAL FOR MONTH:   4.79    1 = FOG OR MIST
DPTR FM NORMAL:   1.2   DPTR FM NORMAL:    1.61    2 = FOG REDUCING VISIBILITY
HIGHEST:    85 ON  7    GRTST 24HR  1.31 ON  8- 9      TO 1/4 MILE OR LESS
LOWEST:     37 ON  1                               3 = THUNDER
                        SNOW, ICE PELLETS, HAIL    4 = ICE PELLETS
                        TOTAL MONTH:    M          5 = HAIL
                        GRTST 24HR    M  ON   M    6 = FREEZING RAIN OR DRIZZLE
                        GRTST DEPTH:  M  ON   M    7 = DUSTSTORM OR SANDSTORM:
                                                       VSBY 1/2 MILE OR LESS
                                                   8 = SMOKE OR HAZE
[NO. OF DAYS WITH]      [WEATHER - DAYS WITH]      9 = BLOWING SNOW
                                                   X = TORNADO
MAX 32 OR BELOW:   0    0.01 INCH OR MORE:  13
MAX 90 OR ABOVE:   0    0.10 INCH OR MORE:   9
MIN 32 OR BELOW:   0    0.50 INCH OR MORE:   4
MIN  0 OR BELOW:   0    1.00 INCH OR MORE:   1

[HDD (BASE 65) ]
TOTAL THIS MO.   197    CLEAR  (SCALE 0-3)  10
DPTR FM NORMAL   -36    PTCLDY (SCALE 4-7)  16
TOTAL FM JUL 1  6634    CLOUDY (SCALE 8-10)  5
DPTR FM NORMAL   522

[CDD (BASE 65) ]
TOTAL THIS MO.    49
DPTR FM NORMAL    11    [PRESSURE DATA]
TOTAL FM JAN 1    49    HIGHEST SLP 30.49 ON 13
DPTR FM NORMAL     7    LOWEST  SLP 29.77 ON 11

[REMARKS]
#FINAL-05-15#
