000
CXUS51 KRLX 161246
CF6BKW
PRELIMINARY LOCAL CLIMATOLOGICAL DATA (WS FORM: F-6)

                                          STATION:   BECKLEY WV
                                          MONTH:     JANUARY
                                          YEAR:      2018
                                          LATITUDE:   37 46 N
                                          LONGITUDE:  81  7 W

  TEMPERATURE IN F:       :PCPN:    SNOW:  WIND      :SUNSHINE: SKY     :PK WND
================================================================================
1   2   3   4   5  6A  6B    7    8   9   10  11  12  13   14  15   16   17  18
                                     12Z  AVG MX 2MIN
DY MAX MIN AVG DEP HDD CDD  WTR  SNW DPTH SPD SPD DIR MIN PSBL S-S WX    SPD DR
================================================================================

 1  13   3   8 -23  57   0    T    T    2  9.1 17 310   M    M   7 1      23 310
 2  20  -5   8 -23  57   0 0.00  0.0    1  3.8 10 320   M    M   0        13 320
 3  26   4  15 -16  50   0 0.00  0.0    1  3.2 13 220   M    M   3        15 190
 4  18   6  12 -19  53   0 0.01  0.6    T 14.5 24 320   M    M  10 189    35 310
 5  12   5   9 -22  56   0 0.01    T    1 11.8 21 310   M    M  10 89     31 320
 6   9  -3   3 -28  62   0    T    T    1  8.1 18 320   M    M   6 18     24 340
 7  34  -4  15 -16  50   0 0.00  0.0    1  7.0 13 150   M    M   0        17 150
 8  39  28  34   3  31   0 0.27    T    T  6.9 16 230   M    M   9 12     23 230
 9  46  32  39   8  26   0 0.00  0.0    0  3.6 13 150   M    M   7 12     17 150
10  55  41  48  17  17   0 0.00  0.0    0 10.7 16 150   M    M   3        25 160
11  59  45  52  21  13   0 0.02  0.0    0 12.2 22 140   M    M   6 1      30 150
12  65  33  49  18  16   0 1.18    T    0  8.0 22 310   M    M   9 1      31 140
13  33  10  22  -9  43   0 0.01  3.6    1 12.7 23 320   M    M  10 189    32 330
14  20   7  14 -17  51   0    T    T    1  6.2 16 140   M    M   5 8      23 150
15  35  14  25  -6  40   0 0.00  0.0    T  9.3 17 140   M    M   4        26 150
================================================================================
SM  484  216       622   0  1.50     4.2 127.1          M       89
================================================================================
AV 32.3 14.4                               8.5 FASTST   M    M   6    MAX(MPH)
                                 MISC ---->  # 24 320               # 35  310
================================================================================
NOTES:
# LAST OF SEVERAL OCCURRENCES

COLUMN 17 PEAK WIND IN M.P.H.

PRELIMINARY LOCAL CLIMATOLOGICAL DATA (WS FORM: F-6) , PAGE 2

                                          STATION:  BECKLEY WV
                                          MONTH:    JANUARY
                                          YEAR:     2018
                                          LATITUDE:   37 46 N
                                          LONGITUDE:  81  7 W

[TEMPERATURE DATA]      [PRECIPITATION DATA]       SYMBOLS USED IN COLUMN 16

AVERAGE MONTHLY: 23.3   TOTAL FOR MONTH:   1.50    1 = FOG OR MIST
DPTR FM NORMAL:  -7.7   DPTR FM NORMAL:    0.13    2 = FOG REDUCING VISIBILITY
HIGHEST:    65 ON 12    GRTST 24HR  1.18 ON 12-12      TO 1/4 MILE OR LESS
LOWEST:     -5 ON  2                               3 = THUNDER
                        SNOW, ICE PELLETS, HAIL    4 = ICE PELLETS
                        TOTAL MONTH:   4.2 INCHES  5 = HAIL
                        GRTST 24HR   3.6 ON 13-13  6 = FREEZING RAIN OR DRIZZLE
                        GRTST DEPTH:   2 ON  1     7 = DUSTSTORM OR SANDSTORM:
                                                       VSBY 1/2 MILE OR LESS
                                                   8 = SMOKE OR HAZE
[NO. OF DAYS WITH]      [WEATHER - DAYS WITH]      9 = BLOWING SNOW
                                                   X = TORNADO
MAX 32 OR BELOW:   7    0.01 INCH OR MORE:   6
MAX 90 OR ABOVE:   0    0.10 INCH OR MORE:   2
MIN 32 OR BELOW:  12    0.50 INCH OR MORE:   1
MIN  0 OR BELOW:   3    1.00 INCH OR MORE:   1

[HDD (BASE 65) ]
TOTAL THIS MO.   622    CLEAR  (SCALE 0-3)   2
DPTR FM NORMAL   112    PTCLDY (SCALE 4-7)   8
TOTAL FM JUL 1  2601    CLOUDY (SCALE 8-10)  5
DPTR FM NORMAL    -2

[CDD (BASE 65) ]
TOTAL THIS MO.     0
DPTR FM NORMAL     0    [PRESSURE DATA]
TOTAL FM JAN 1     0    HIGHEST SLP M ON M
DPTR FM NORMAL     0    LOWEST  SLP 29.56 ON 12

[REMARKS]
