000
CXUS51 KRNK 220846
CF6BLF

PRELIMINARY LOCAL CLIMATOLOGICAL DATA (WS FORM: F-6)

                                          STATION:   BLUEFIELD VA
                                          MONTH:     JANUARY
                                          YEAR:      2017
                                          LATITUDE:   37 17 N
                                          LONGITUDE:  81 12 W

  TEMPERATURE IN F:       :PCPN:    SNOW:  WIND      :SUNSHINE: SKY     :PK WND
================================================================================
1   2   3   4   5  6A  6B    7    8   9   10  11  12  13   14  15   16   17  18
                                     12Z  AVG MX 2MIN
DY MAX MIN AVG DEP HDD CDD  WTR  SNW DPTH SPD SPD DIR MIN PSBL S-S WX    SPD DR
================================================================================

 1  48  37  43   9  22   0 0.02  0.0    0  6.0 18 140   M    M  10 12     26 150
 2  50  44  47  13  18   0 0.05  0.0    0  6.4 17 140   M    M  10 1      25 140
 3  54  41  48  14  17   0 0.55  0.0    0 10.7 20 280   M    M   9 1      30 270
 4  50  22  36   2  29   0 0.12  0.0    0 13.3 24 310   M    M   5 1      36 310
 5  32  20  26  -8  39   0 0.03  0.6    1  5.3 14 290   M    M   7 1      19 290
 6  23  15  19 -15  46   0 0.02  0.5    1  5.6 13 290   M    M  10 1      18 290
 7  15   4  10 -24  55   0 0.12  2.6    4  8.8 18 290   M    M   6 1      27 280
 8  11   2   7 -27  58   0    T  0.1    4  9.3 21 300   M    M   6        29 290
 9  31   1  16 -18  49   0 0.00  0.0    3  5.3 22 240   M    M   4        28 230
10  44  24  34   0  31   0    T  0.0    1  7.7 20 160   M    M   9        30 140
11  52  41  47  13  18   0 0.15  0.0    0  7.5 20 230   M    M   9 1      27 300
12  60  50  55  21  10   0 0.00  0.0    0 16.0 35 250   M    M   9        47 240
13  56  45  51  17  14   0 0.28  0.0    0  4.6 15 260   M    M  10 12     20 260
14  56  43  50  16  15   0 0.33  0.0    0  6.9 20 310   M    M  10 12     28 320
15  48  41  45  11  20   0 0.10  0.0    0  4.0 13 290   M    M  10 12     17 290
16  60  43  52  18  13   0    T  0.0    0  3.0 13 270   M    M   8 12     18 250
17  57  48  53  19  12   0 0.53  0.0    0 12.0 28 260   M    M   9 1      37 260
18  53  32  43   9  22   0    T  0.0    0  9.3 22 310   M    M   8 1      29 320
19  58  31  45  11  20   0 0.00  0.0    0  3.7 10 190   M    M   1        20 200
20  59  45  52  18  13   0 0.13  0.0    0  7.5 20 240   M    M   5        31 160
21  57  48  53  19  12   0 0.02  0.0    0  3.9 10 200   M    M   4 12     15 200
================================================================================
SM  974  677       533   0  2.45     3.8 156.8          M      159
================================================================================
AV 46.4 32.2                               7.5 FASTST   M    M   8    MAX(MPH)
                                 MISC ---->  # 35 250               # 47  240
================================================================================
NOTES:
# LAST OF SEVERAL OCCURRENCES

COLUMN 17 PEAK WIND IN M.P.H.

PRELIMINARY LOCAL CLIMATOLOGICAL DATA (WS FORM: F-6) , PAGE 2

                                          STATION:  BLUEFIELD VA
                                          MONTH:    JANUARY
                                          YEAR:     2017
                                          LATITUDE:   37 17 N
                                          LONGITUDE:  81 12 W

[TEMPERATURE DATA]      [PRECIPITATION DATA]       SYMBOLS USED IN COLUMN 16

AVERAGE MONTHLY: 39.3   TOTAL FOR MONTH:   2.45    1 = FOG OR MIST
DPTR FM NORMAL:   5.3   DPTR FM NORMAL:    0.47    2 = FOG REDUCING VISIBILITY
HIGHEST:    60 ON 16,12 GRTST 24HR  0.63 ON  3- 4      TO 1/4 MILE OR LESS
LOWEST:      1 ON  9                               3 = THUNDER
                        SNOW, ICE PELLETS, HAIL    4 = ICE PELLETS
                        TOTAL MONTH:   3.8 INCHES  5 = HAIL
                        GRTST 24HR   2.6 ON   M    6 = FREEZING RAIN OR DRIZZLE
                        GRTST DEPTH:   4 ON  8, 7  7 = DUSTSTORM OR SANDSTORM:
                                                       VSBY 1/2 MILE OR LESS
                                                   8 = SMOKE OR HAZE
[NO. OF DAYS WITH]      [WEATHER - DAYS WITH]      9 = BLOWING SNOW
                                                   X = TORNADO
MAX 32 OR BELOW:   5    0.01 INCH OR MORE:  14
MAX 90 OR ABOVE:   0    0.10 INCH OR MORE:   9
MIN 32 OR BELOW:   9    0.50 INCH OR MORE:   2
MIN  0 OR BELOW:   0    1.00 INCH OR MORE:   0

[HDD (BASE 65) ]
TOTAL THIS MO.   533    CLEAR  (SCALE 0-3)   1
DPTR FM NORMAL  -118    PTCLDY (SCALE 4-7)   8
TOTAL FM JUL 1  2233    CLOUDY (SCALE 8-10) 12
DPTR FM NORMAL  -183

[CDD (BASE 65) ]
TOTAL THIS MO.     0
DPTR FM NORMAL     0    [PRESSURE DATA]
TOTAL FM JAN 1     0    HIGHEST SLP M ON M
DPTR FM NORMAL     0    LOWEST  SLP 29.61 ON  3

[REMARKS]
DUE TO A POWER OUTAGE CAUSING A MISSING HIGH TEMPERATURE ON NOVEMBER
10...THE SEASONAL HEATING DEGREE DAY TOTAL AND DEPARTURE FROM
NORMAL WILL BE CALCULATED WITHOUT DATA FROM THIS DATE.
