000
CXUS51 KRNK 010948
CF6BLF

PRELIMINARY LOCAL CLIMATOLOGICAL DATA (WS FORM: F-6)

                                          STATION:   BLUEFIELD WV
                                          MONTH:     JUNE
                                          YEAR:      2015
                                          LATITUDE:   37 17 N
                                          LONGITUDE:  81 12 W

  TEMPERATURE IN F:       :PCPN:    SNOW:  WIND      :SUNSHINE: SKY     :PK WND
================================================================================
1   2   3   4   5  6A  6B    7    8   9   10  11  12  13   14  15   16   17  18
                                     12Z  AVG MX 2MIN
DY MAX MIN AVG DEP HDD CDD  WTR  SNW DPTH SPD SPD DIR MIN PSBL S-S WX    SPD DR
================================================================================

 1  79  62  71   5   0   6    M  0.0    0  3.7 14 140   M    M   7 13     22 150
 2  73  61  67   0   0   2 0.07  0.0    0  3.6 10  10   M    M   9 12     14 350
 3  65  58  62  -5   3   0 0.01  0.0    0  4.8 10 140   M    M  10 1      17 150
 4  77  57  67   0   0   2 0.00  0.0    0  4.6 10 120   M    M   7 18     16 140
 5  81  57  69   2   0   4 0.09  0.0    0  4.3 12 300   M    M   4 12     18 300
 6  81  60  71   3   0   6 0.00  0.0    0  6.3 12 280   M    M   2        16 330
 7  80   M   M   M   M   M 0.00  0.0    0  7.9 15 170   M    M   4        23 160
 8  85  63  74   6   0   9 0.43  0.0    0 10.0 23 260   M    M   2 3      31 260
 9  78  64  71   3   0   6    T  0.0    0  8.2 20 270   M    M   5        25 290
10  80  60  70   1   0   5 0.00  0.0    0  2.5  9 310   M    M   1 8      13 290
11  87  65  76   7   0  11 0.00  0.0    0  3.8 12 270   M    M   2        14 260
12  84  67  76   7   0  11 0.04  0.0    0  7.7 22 260   M    M   4        27 270
13  84  68  76   7   0  11 0.13  0.0    0  6.5 20 270   M    M   4 138    27 270
14  87  68  78   8   0  13    T  0.0    0  6.6 14 310   M    M   3        19 300
15  87  69  78   8   0  13 0.00  0.0    0  7.6 17 310   M    M   2        22 320
16  87  70  79   9   0  14 0.10  0.0    0  8.7 20 270   M    M   3 3      32 260
17  87  69  78   8   0  13 0.49  0.0    0  5.0 14 270   M    M   2 3      18 250
18  88  68  78   7   0  13 0.39  0.0    0  7.0 21 240   M    M   3 13     28 360
19  81  66  74   3   0   9 0.09  0.0    0  3.9 12 290   M    M   2 123    16 290
20  84  69  77   6   0  12 0.26  0.0    0 10.7 23 240   M    M   5        30 240
21  87  68  78   7   0  13 0.22  0.0    0  9.7 21 330   M    M   6 3      32 350
22  85  66  76   5   0  11 0.00  0.0    0  6.3 13 250   M    M   3        17 250
23  86  71  79   7   0  14 0.39  0.0    0  8.9 20 220   M    M   2 3      27 250
24  83  67  75   3   0  10 0.00  0.0    0  5.4 13 270   M    M   4 1      16 260
25  85  63  74   2   0   9    T  0.0    0  6.1 15 250   M    M   1        22 240
26  84  66  75   3   0  10 0.27  0.0    0  6.0 22 280   M    M   4 3      30 180
27  77  61  69  -3   0   4 0.15  0.0    0  8.8 21 300   M    M   7 13     32 310
28  74  58  66  -6   0   1 0.00  0.0    0 11.1 22 260   M    M   5        34 290
29  77  56  67  -5   0   2    T  0.0    0  6.8 17 220   M    M   4        23 220
30  80  61  71  -1   0   6 0.10  0.0    0  8.1 17 310   M    M   5 3      25 310
================================================================================
SM 2453 1858         3 240  3.23     0.0 200.6          M      122
================================================================================
AV 81.8 64.1                               6.7 FASTST   M    M   4    MAX(MPH)
                                 MISC ---->  # 23 260               # 34  290
================================================================================
NOTES:
# LAST OF SEVERAL OCCURRENCES

COLUMN 17 PEAK WIND IN M.P.H.

PRELIMINARY LOCAL CLIMATOLOGICAL DATA (WS FORM: F-6) , PAGE 2

                                          STATION:  BLUEFIELD WV
                                          MONTH:    JUNE
                                          YEAR:     2015
                                          LATITUDE:   37 17 N
                                          LONGITUDE:  81 12 W

[TEMPERATURE DATA]      [PRECIPITATION DATA]       SYMBOLS USED IN COLUMN 16

AVERAGE MONTHLY: 72.9   TOTAL FOR MONTH:   3.23    1 = FOG OR MIST
DPTR FM NORMAL:   3.1   DPTR FM NORMAL:   -0.91    2 = FOG REDUCING VISIBILITY
HIGHEST:    88 ON 18    GRTST 24HR  0.49 ON 17-17      TO 1/4 MILE OR LESS
LOWEST:     56 ON 29                               3 = THUNDER
                        SNOW, ICE PELLETS, HAIL    4 = ICE PELLETS
                        TOTAL MONTH:   0.0 INCH    5 = HAIL
                        GRTST 24HR     0.0         6 = FREEZING RAIN OR DRIZZLE
                        GRTST DEPTH:   0           7 = DUSTSTORM OR SANDSTORM:
                                                       VSBY 1/2 MILE OR LESS
                                                   8 = SMOKE OR HAZE
[NO. OF DAYS WITH]      [WEATHER - DAYS WITH]      9 = BLOWING SNOW
                                                   X = TORNADO
MAX 32 OR BELOW:   0    0.01 INCH OR MORE:  16
MAX 90 OR ABOVE:   0    0.10 INCH OR MORE:  11
MIN 32 OR BELOW:   0    0.50 INCH OR MORE:   0
MIN  0 OR BELOW:   0    1.00 INCH OR MORE:   0

[HDD (BASE 65) ]
TOTAL THIS MO.     3    CLEAR  (SCALE 0-3)  13
DPTR FM NORMAL   -19    PTCLDY (SCALE 4-7)  15
TOTAL FM JUL 1  4838    CLOUDY (SCALE 8-10)  2
DPTR FM NORMAL   250

[CDD (BASE 65) ]
TOTAL THIS MO.   240
DPTR FM NORMAL    74    [PRESSURE DATA]
TOTAL FM JAN 1   397    HIGHEST SLP 30.15 ON 22
DPTR FM NORMAL   140    LOWEST  SLP 29.73 ON 27

[REMARKS]
DUE TO A TIPPING BUCKET FAILURE CAUSING MISSING PRECIPITATION ON
JUNE 1...ALL PRECIPITATION TOTALS AND DEPARTURES FROM NORMAL WILL BE
CALCULATED WITHOUT DATA FROM THIS DATE.

ALSO...DUE TO A POWER OUTAGE CAUSING A MISSING LOW TEMPERATURE ON
JUNE 7...ALL TEMPERATURE AND COOLING DEGREE DAY INFORMATION WILL BE
CALCULATED WITHOUT DATA FROM THIS DATE.

#FINAL-06-15#
