000
CXUS55 KPSR 011005
CF6BLH
PRELIMINARY LOCAL CLIMATOLOGICAL DATA (WS FORM: F-6)

                                          STATION:   BLYTHE CA
                                          MONTH:     JUNE
                                          YEAR:      2015
                                          LATITUDE:   33 37 N
                                          LONGITUDE: 114 43 W

  TEMPERATURE IN F:       :PCPN:    SNOW:  WIND      :SUNSHINE: SKY     :PK WND
================================================================================
1   2   3   4   5  6A  6B    7    8   9   10  11  12  13   14  15   16   17  18
                                     12Z  AVG MX 2MIN
DY MAX MIN AVG DEP HDD CDD  WTR  SNW DPTH SPD SPD DIR MIN PSBL S-S WX    SPD DR
================================================================================

 1 104  74  89   5   0  24 0.00  0.0    0 12.2 24 230   M    M   0        41 220
 2 101  66  84  -1   0  19 0.00  0.0    0  8.4 23 230   M    M   0        29 240
 3  99  69  84  -1   0  19 0.00  0.0    0 10.0 25 220   M    M   0        31 230
 4  97  67  82  -3   0  17 0.00  0.0    0  9.9 23 210   M    M   0        27 180
 5  95  64  80  -5   0  15 0.00  0.0    0  9.8 22 210   M    M   0        29 180
 6  95  61  78  -8   0  13 0.00  0.0    0  5.2 14 180   M    M   0        23 150
 7 101  67  84  -2   0  19 0.00  0.0    0  4.3 10 150   M    M   0        15  50
 8 106  69  88   2   0  23 0.00  0.0    0  6.3 17 180   M    M   0        20 240
 9  90  74  82  -5   0  17 0.04  0.0    0 10.5 25 200   M    M   6 1      29 200
10  99  73  86  -1   0  21 0.00  0.0    0  8.9 21 230   M    M   3        28 190
11 101  72  87   0   0  22 0.00  0.0    0  5.9 15 240   M    M   0        19 140
12 106  73  90   3   0  25 0.00  0.0    0  5.8 18 230   M    M   0        22 230
13 106  81  94   6   0  29 0.00  0.0    0 13.9 23 170   M    M   0        28 170
14 110  80  95   7   0  30 0.00  0.0    0 12.2 22 170   M    M   0        26 170
15 113  81  97   9   0  32 0.00  0.0    0  9.7 24 190   M    M   0        28 250
16 113  82  98   9   0  33 0.00  0.0    0 10.1 21 170   M    M   0        25 210
17 116  78  97   8   0  32 0.00  0.0    0  7.7 23 170   M    M   1        27 150
18 119  82 101  12   0  36 0.00  0.0    0  8.3 29 240   M    M   0        34 240
19 113  76  95   5   0  30 0.00  0.0    0  5.7 17 230   M    M   0        21 230
20 112  77  95   5   0  30 0.00  0.0    0 11.5 18 180   M    M   0         M  M
21 110  82  96   6   0  31 0.00  0.0    0 12.2 20 190   M    M   0        24 180
22 113  81  97   7   0  32 0.00  0.0    0 11.8 23 200   M    M   0        27 190
23 114  82  98   7   0  33 0.00  0.0    0 10.5 18 190   M    M   0        25 210
24 115  79  97   6   0  32 0.00  0.0    0  9.6 21 170   M    M   0        29 150
25 108  84  96   5   0  31 0.00  0.0    0 11.0 21 200   M    M   0        26 190
26 112  83  98   6   0  33 0.00  0.0    0 14.5 23 180   M    M   M        27 180
27 111  84  98   6   0  33 0.00  0.0    0  9.8 22 190   M    M   M        28 180
28 110  88  99   7   0  34 0.00  0.0    0  7.2 23 190   M    M   0 3      27 180
29 111  86  99   7   0  34 0.00  0.0    0 10.7 20 220   M    M   0        29 140
30 108  86  97   5   0  32 0.00  0.0    0 15.1 30 220   M    M   0 38     39 210
================================================================================
SM 3208 2301         0 811  0.04     0.0 288.7          M       10
================================================================================
AV106.9 76.7                               9.6 FASTST   M    M   0    MAX(MPH)
                                 MISC ---->  # 30 220               # 41  220
================================================================================
NOTES:
# LAST OF SEVERAL OCCURRENCES

COLUMN 17 PEAK WIND IN M.P.H.

PRELIMINARY LOCAL CLIMATOLOGICAL DATA (WS FORM: F-6) , PAGE 2

                                          STATION:  BLYTHE CA
                                          MONTH:    JUNE
                                          YEAR:     2015
                                          LATITUDE:   33 37 N
                                          LONGITUDE: 114 43 W

[TEMPERATURE DATA]      [PRECIPITATION DATA]       SYMBOLS USED IN COLUMN 16

AVERAGE MONTHLY: 91.8   TOTAL FOR MONTH:   0.04    1 = FOG OR MIST
DPTR FM NORMAL:   3.4   DPTR FM NORMAL:    0.03    2 = FOG REDUCING VISIBILITY
HIGHEST:   119 ON 18    GRTST 24HR  0.04 ON  9- 9      TO 1/4 MILE OR LESS
LOWEST:     61 ON  6                               3 = THUNDER
                        SNOW, ICE PELLETS, HAIL    4 = ICE PELLETS
                        TOTAL MONTH:   0.0 INCH    5 = HAIL
                        GRTST 24HR     0.0         6 = FREEZING RAIN OR DRIZZLE
                        GRTST DEPTH:   0           7 = DUSTSTORM OR SANDSTORM:
                                                       VSBY 1/2 MILE OR LESS
                                                   8 = SMOKE OR HAZE
[NO. OF DAYS WITH]      [WEATHER - DAYS WITH]      9 = BLOWING SNOW
                                                   X = TORNADO
MAX 32 OR BELOW:   0    0.01 INCH OR MORE:   1
MAX 90 OR ABOVE:  30    0.10 INCH OR MORE:   0
MIN 32 OR BELOW:   0    0.50 INCH OR MORE:   0
MIN  0 OR BELOW:   0    1.00 INCH OR MORE:   0

[HDD (BASE 65) ]
TOTAL THIS MO.     0    CLEAR  (SCALE 0-3)  27
DPTR FM NORMAL     0    PTCLDY (SCALE 4-7)   1
TOTAL FM JUL 1   659    CLOUDY (SCALE 8-10)  0
DPTR FM NORMAL  -439

[CDD (BASE 65) ]
TOTAL THIS MO.   811
DPTR FM NORMAL   108    [PRESSURE DATA]
TOTAL FM JAN 1  1667    HIGHEST SLP 29.90 ON 27
DPTR FM NORMAL   196    LOWEST  SLP 29.52 ON 13

[REMARKS]
#FINAL-06-15#
