000
CXUS55 KSEW 290930
CF6BLI
PRELIMINARY LOCAL CLIMATOLOGICAL DATA (WS FORM: F-6)

                                          STATION:   BELLINGHAM WA AIRPORT
                                          MONTH:     APRIL
                                          YEAR:      2016
                                          LATITUDE:   48 47 N
                                          LONGITUDE: 122 32 W

  TEMPERATURE IN F:       :PCPN:    SNOW:  WIND      :SUNSHINE: SKY     :PK WND
================================================================================
1   2   3   4   5  6A  6B    7    8   9   10  11  12  13   14  15   16   17  18
                                     12Z  AVG MX 2MIN
DY MAX MIN AVG DEP HDD CDD  WTR  SNW DPTH SPD SPD DIR MIN PSBL S-S WX    SPD DR
================================================================================

 1  60  47  54   7  11   0 0.00  0.0    0  6.9 13 170   M    M   3 1      17 160
 2  56  47  52   5  13   0    T  0.0    0 10.1 21 160   M    M   4        26 160
 3  68  41  55   8  10   0 0.19  0.0    0  1.8  9  10   M    M   3 1      12 180
 4  57  46  52   5  13   0 0.69  0.0    0  8.1 17 150   M    M   6 1      29 160
 5  54  46  50   3  15   0 0.12  0.0    0  7.8 17 160   M    M   9 1      23 170
 6  65  50  58  11   7   0 0.00  0.0    0  6.4 13 360   M    M   5        19 160
 7  71  49  60  13   5   0 0.00  0.0    0  7.0 16  20   M    M   0        23  20
 8  65  44  55   8  10   0 0.00  0.0    0  3.7 14 160   M    M   0 1      19 170
 9  61  43  52   5  13   0 0.00  0.0    0  3.2 12 160   M    M   1        14 150
10  59  44  52   4  13   0 0.00  0.0    0  7.1 15 160   M    M   6        20 150
11  57  49  53   5  12   0    T  0.0    0  6.9 16 140   M    M  10        20 140
12  56  44  50   2  15   0 0.50  0.0    0  9.9 23 150   M    M   9 1      31 140
13  56  44  50   2  15   0 0.06  0.0    0  5.7 18 130   M    M   6 1      24 140
14  50  44  47  -1  18   0 0.01  0.0    0  5.4 13 140   M    M   8        17 140
15  56  43  50   2  15   0 0.00  0.0    0  6.6 17 150   M    M   7        22 150
16  64  40  52   4  13   0 0.00  0.0    0  1.8  8 270   M    M   4 1      11 270
17  70  41  56   7   9   0 0.00  0.0    0  2.1 12 270   M    M   0 1      15 270
18  83  43  63  14   2   0 0.00  0.0    0  1.9  8 300   M    M   0 1      10 290
19  74  47  61  12   4   0 0.00  0.0    0  2.2 10 280   M    M   0        12 310
20  78  46  62  13   3   0 0.00  0.0    0  5.1 18 170   M    M   0 12     28 180
21  66  54  60  11   5   0 0.02  0.0    0  6.8 17 170   M    M   5        23 170
22  63  50  57   8   8   0 0.01  0.0    0  7.1 16 160   M    M   8        22 170
23  61  51  56   7   9   0 0.61  0.0    0  8.0 15 130   M    M   8 1      21 170
24  55  44  50   0  15   0 0.16  0.0    0  6.3 15 150   M    M   7 1      22 160
25  58  44  51   1  14   0 0.02  0.0    0  3.5 12 290   M    M   4        15 320
26  59  44  52   2  13   0 0.00  0.0    0  4.8 14 160   M    M   0        18 160
27  61  45  53   3  12   0 0.00  0.0    0  3.0 13 300   M    M   6        16 300
28  61  50  56   6   9   0    T  0.0    0  7.1 15 170   M    M   8        20 160
================================================================================
SM 1744 1280       301   0  2.39     0.0 156.3          M      127
================================================================================
AV 62.3 45.7                               5.6 FASTST   M    M   5    MAX(MPH)
                                 MISC ---->  # 23 150               # 31  140
================================================================================
NOTES:
# LAST OF SEVERAL OCCURRENCES

COLUMN 17 PEAK WIND IN M.P.H.

PRELIMINARY LOCAL CLIMATOLOGICAL DATA (WS FORM: F-6) , PAGE 2

                                          STATION:  BELLINGHAM WA AIRPORT
                                          MONTH:    APRIL
                                          YEAR:     2016
                                          LATITUDE:   48 47 N
                                          LONGITUDE: 122 32 W

[TEMPERATURE DATA]      [PRECIPITATION DATA]       SYMBOLS USED IN COLUMN 16

AVERAGE MONTHLY: 54.0   TOTAL FOR MONTH:   2.39    1 = FOG OR MIST
DPTR FM NORMAL:   5.7   DPTR FM NORMAL:   -0.14    2 = FOG REDUCING VISIBILITY
HIGHEST:    83 ON 18    GRTST 24HR  0.69 ON  4- 4      TO 1/4 MILE OR LESS
LOWEST:     40 ON 16                               3 = THUNDER
                        SNOW, ICE PELLETS, HAIL    4 = ICE PELLETS
                        TOTAL MONTH:   0.0 INCH    5 = HAIL
                        GRTST 24HR     0.0         6 = FREEZING RAIN OR DRIZZLE
                        GRTST DEPTH:   0           7 = DUSTSTORM OR SANDSTORM:
                                                       VSBY 1/2 MILE OR LESS
                                                   8 = SMOKE OR HAZE
[NO. OF DAYS WITH]      [WEATHER - DAYS WITH]      9 = BLOWING SNOW
                                                   X = TORNADO
MAX 32 OR BELOW:   0    0.01 INCH OR MORE:  11
MAX 90 OR ABOVE:   0    0.10 INCH OR MORE:   6
MIN 32 OR BELOW:   0    0.50 INCH OR MORE:   3
MIN  0 OR BELOW:   0    1.00 INCH OR MORE:   0

[HDD (BASE 65) ]
TOTAL THIS MO.   301    CLEAR  (SCALE 0-3)  10
DPTR FM NORMAL  -167    PTCLDY (SCALE 4-7)  13
TOTAL FM JUL 1  4053    CLOUDY (SCALE 8-10)  5
DPTR FM NORMAL  -929

[CDD (BASE 65) ]
TOTAL THIS MO.     0
DPTR FM NORMAL     0    [PRESSURE DATA]
TOTAL FM JAN 1     0    HIGHEST SLP M ON M
DPTR FM NORMAL     0    LOWEST  SLP 29.61 ON 22

[REMARKS]
