000
CXUS55 KSEW 290930
CF6BLI
PRELIMINARY LOCAL CLIMATOLOGICAL DATA (WS FORM: F-6)

                                          STATION:   BELLINGHAM WA AIRPORT
                                          MONTH:     MAY
                                          YEAR:      2016
                                          LATITUDE:   48 47 N
                                          LONGITUDE: 122 32 W

  TEMPERATURE IN F:       :PCPN:    SNOW:  WIND      :SUNSHINE: SKY     :PK WND
================================================================================
1   2   3   4   5  6A  6B    7    8   9   10  11  12  13   14  15   16   17  18
                                     12Z  AVG MX 2MIN
DY MAX MIN AVG DEP HDD CDD  WTR  SNW DPTH SPD SPD DIR MIN PSBL S-S WX    SPD DR
================================================================================

 1  72  40  56   5   9   0 0.00  0.0    0  3.1 13  30   M    M   0        16  40
 2  86  45  66  15   0   1    T  0.0    0  3.2 10  30   M    M   1        15 210
 3  69  56  63  12   2   0    T  0.0    0  6.7 13 170   M    M   2        20 160
 4  61  50  56   4   9   0 0.10  0.0    0  4.4 12 300   M    M   9 1      15 310
 5  67  44  56   4   9   0 0.00  0.0    0  2.7 13 300   M    M   3        17 290
 6  75  42  59   7   6   0 0.00  0.0    0  4.3 16 300   M    M   0 1      21 310
 7  74  44  59   7   6   0 0.00  0.0    0  4.8 14 180   M    M   0        21 190
 8  62  47  55   3  10   0 0.02  0.0    0  5.1 13 160   M    M   6        19 270
 9  65  41  53   0  12   0 0.00  0.0    0  2.7 10 270   M    M   1        14 290
10  71  40  56   3   9   0 0.00  0.0    0  3.0 13 280   M    M   0        16 280
11  73  49  61   8   4   0    T  0.0    0  4.6 14  30   M    M   4        19 160
12  71  44  58   5   7   0 0.00  0.0    0  3.7 13 160   M    M   0 1      15 160
13  80  47  64  11   1   0 0.00  0.0    0  4.1 16  20   M    M   1 1      23  20
14  63  50  57   3   8   0    T  0.0    0  9.0 21 170   M    M   3        28 160
15  59  54  57   3   8   0 0.00  0.0    0 11.0 18 160   M    M  10        26 160
16  62  54  58   4   7   0 0.00  0.0    0  8.7 16 160   M    M  10        21 170
17  69  52  61   7   4   0 0.00  0.0    0  6.0 12 160   M    M   3        17 170
18  62  50  56   2   9   0 0.15  0.0    0 10.4 17 160   M    M   9 1      25 170
19  58  45  52  -3  13   0 0.12  0.0    0  5.8 16 160   M    M   7 1      21 160
20  65  46  56   1   9   0 0.01  0.0    0  5.8 14 310   M    M   5        20 290
21  60  50  55   0  10   0 0.01  0.0    0  8.5 17 150   M    M   9        25 140
22  65  54  60   5   5   0 0.00  0.0    0 10.2 17 160   M    M   6        22 150
23  61  53  57   2   8   0 0.01  0.0    0  7.0 14 160   M    M  10 1      19 160
24  65  54  60   5   5   0 0.00  0.0    0  6.4 12 160   M    M  10        16 170
25  66  52  59   3   6   0 0.00  0.0    0 10.1 16 150   M    M   3        23 160
26  59  52  56   0   9   0    T  0.0    0 10.4 17 150   M    M   9        23 160
27  60  49  55  -1  10   0 0.09  0.0    0  8.7 17 150   M    M   8 1      24 160
28  59  49  54  -2  11   0 0.54  0.0    0 11.7 26 150   M    M  10 1      36 150
================================================================================
SM 1859 1353       206   1  1.05     0.0 182.1          M      139
================================================================================
AV 66.4 48.3                               6.5 FASTST   M    M   5    MAX(MPH)
                                 MISC ---->  # 26 150               # 36  150
================================================================================
NOTES:
# LAST OF SEVERAL OCCURRENCES

COLUMN 17 PEAK WIND IN M.P.H.

PRELIMINARY LOCAL CLIMATOLOGICAL DATA (WS FORM: F-6) , PAGE 2

                                          STATION:  BELLINGHAM WA AIRPORT
                                          MONTH:    MAY
                                          YEAR:     2016
                                          LATITUDE:   48 47 N
                                          LONGITUDE: 122 32 W

[TEMPERATURE DATA]      [PRECIPITATION DATA]       SYMBOLS USED IN COLUMN 16

AVERAGE MONTHLY: 57.4   TOTAL FOR MONTH:   1.05    1 = FOG OR MIST
DPTR FM NORMAL:   3.7   DPTR FM NORMAL:   -1.19    2 = FOG REDUCING VISIBILITY
HIGHEST:    86 ON  2    GRTST 24HR  0.54 ON 28-28      TO 1/4 MILE OR LESS
LOWEST:     40 ON 10, 1                            3 = THUNDER
                        SNOW, ICE PELLETS, HAIL    4 = ICE PELLETS
                        TOTAL MONTH:   0.0 INCH    5 = HAIL
                        GRTST 24HR     0.0         6 = FREEZING RAIN OR DRIZZLE
                        GRTST DEPTH:   0           7 = DUSTSTORM OR SANDSTORM:
                                                       VSBY 1/2 MILE OR LESS
                                                   8 = SMOKE OR HAZE
[NO. OF DAYS WITH]      [WEATHER - DAYS WITH]      9 = BLOWING SNOW
                                                   X = TORNADO
MAX 32 OR BELOW:   0    0.01 INCH OR MORE:   9
MAX 90 OR ABOVE:   0    0.10 INCH OR MORE:   4
MIN 32 OR BELOW:   0    0.50 INCH OR MORE:   1
MIN  0 OR BELOW:   0    1.00 INCH OR MORE:   0

[HDD (BASE 65) ]
TOTAL THIS MO.   206    CLEAR  (SCALE 0-3)  11
DPTR FM NORMAL  -112    PTCLDY (SCALE 4-7)   8
TOTAL FM JUL 1  4282    CLOUDY (SCALE 8-10)  9
DPTR FM NORMAL -1048

[CDD (BASE 65) ]
TOTAL THIS MO.     1
DPTR FM NORMAL     1    [PRESSURE DATA]
TOTAL FM JAN 1     1    HIGHEST SLP M ON M
DPTR FM NORMAL     1    LOWEST  SLP 29.78 ON 20

[REMARKS]
