486
CXUS53 KIND 220730
CF6BMG
PRELIMINARY LOCAL CLIMATOLOGICAL DATA (WS FORM: F-6)

                                          STATION:   BLOOMINGTON IN
                                          MONTH:     SEPTEMBER
                                          YEAR:      2017
                                          LATITUDE:   39  7 N
                                          LONGITUDE:  86 37 W

  TEMPERATURE IN F:       :PCPN:    SNOW:  WIND      :SUNSHINE: SKY     :PK WND
================================================================================
1   2   3   4   5  6A  6B    7    8   9   10  11  12  13   14  15   16   17  18
                                     12Z  AVG MX 2MIN
DY MAX MIN AVG DEP HDD CDD  WTR  SNW DPTH SPD SPD DIR MIN PSBL S-S WX    SPD DR
================================================================================

 1  67  55  61 -10   4   0 0.13    M    M 12.8 21  40   M    M   8        30  70
 2  77  50  64  -7   1   0    T    M    M  4.3 13  10   M    M   2        18  20
 3  85  51  68  -2   0   3    T    M    M  2.4  9 350   M    M   3        13 360
 4  90  54  72   2   0   7 0.03    M    M  9.0 24 230   M    M   1 13     34 230
 5  74  50  62  -8   3   0 0.00    M    M  6.3 21 290   M    M   2        26 270
 6  68  45  57 -12   8   0 0.00    M    M  3.9 13 290   M    M   4        20 290
 7  72  43  58 -11   7   0 0.00    M    M  4.2 15 270   M    M   2        21 310
 8  81  45  63  -6   2   0 0.00    M    M  1.7 10 260   M    M   0        13  60
 9  78  47  63  -5   2   0 0.00    M    M  5.6 14  40   M    M   1 1      18  80
10  76  41  59  -9   6   0 0.00    M    M  5.9 16  70   M    M   0        22  90
11  74  43  59  -9   6   0 0.00    M    M  5.6 16  40   M    M   0        22  60
12  72  59  66  -1   0   1 0.01    M    M 10.0 18  80   M    M   6        24  90
13  66  61  64  -3   1   0 0.16    M    M  4.8 10 130   M    M  10 18     14 140
14  76  58  67   1   0   2 0.02    M    M  1.8  8 120   M    M   7 12     11 120
15  85  55  70   4   0   5 0.00    M    M  3.3 10 110   M    M   4 1      15 140
16  88  58  73   7   0   8 0.00    M    M  3.3 14 160   M    M   3 12     21 150
17  90  61  76  11   0  11 0.00    M    M  4.4 14 200   M    M   4 123    19 190
18  83  68  76  11   0  11 0.20    M    M  3.2 17 100   M    M   5 18     21  90
19  84  65  75  11   0  10 0.31    M    M  3.6 10 220   M    M   4 13     15 250
20  91  63  77  13   0  12 0.00    M    M  4.8 14 200   M    M   3 12     20 180
21  92  66  79  16   0  14 0.00    M    M  2.4 12 150   M    M   1 12     17 150
================================================================================
SM 1669 1138        40  84  0.86    M    103.3          M       70
================================================================================
AV 79.5 54.2                               4.9 FASTST   M    M   3    MAX(MPH)
                                 MISC ---->  # 24 230               # 34  230
================================================================================
NOTES:
# LAST OF SEVERAL OCCURRENCES

COLUMN 17 PEAK WIND IN M.P.H.

PRELIMINARY LOCAL CLIMATOLOGICAL DATA (WS FORM: F-6) , PAGE 2

                                          STATION:  BLOOMINGTON IN
                                          MONTH:    SEPTEMBER
                                          YEAR:     2017
                                          LATITUDE:   39  7 N
                                          LONGITUDE:  86 37 W

[TEMPERATURE DATA]      [PRECIPITATION DATA]       SYMBOLS USED IN COLUMN 16

AVERAGE MONTHLY: 66.8   TOTAL FOR MONTH:   0.86    1 = FOG OR MIST
DPTR FM NORMAL:  -0.6   DPTR FM NORMAL:   -1.41    2 = FOG REDUCING VISIBILITY
HIGHEST:    92 ON 21    GRTST 24HR  0.31 ON 19-19      TO 1/4 MILE OR LESS
LOWEST:     41 ON 10                               3 = THUNDER
                        SNOW, ICE PELLETS, HAIL    4 = ICE PELLETS
                        TOTAL MONTH:    M          5 = HAIL
                        GRTST 24HR    M  ON   M    6 = FREEZING RAIN OR DRIZZLE
                        GRTST DEPTH:  M  ON   M    7 = DUSTSTORM OR SANDSTORM:
                                                       VSBY 1/2 MILE OR LESS
                                                   8 = SMOKE OR HAZE
[NO. OF DAYS WITH]      [WEATHER - DAYS WITH]      9 = BLOWING SNOW
                                                   X = TORNADO
MAX 32 OR BELOW:   0    0.01 INCH OR MORE:   7
MAX 90 OR ABOVE:   4    0.10 INCH OR MORE:   4
MIN 32 OR BELOW:   0    0.50 INCH OR MORE:   0
MIN  0 OR BELOW:   0    1.00 INCH OR MORE:   0

[HDD (BASE 65) ]
TOTAL THIS MO.    40    CLEAR  (SCALE 0-3)  10
DPTR FM NORMAL     9    PTCLDY (SCALE 4-7)  10
TOTAL FM JUL 1    43    CLOUDY (SCALE 8-10)  1
DPTR FM NORMAL     5

[CDD (BASE 65) ]
TOTAL THIS MO.    84
DPTR FM NORMAL     2    [PRESSURE DATA]
TOTAL FM JAN 1   972    HIGHEST SLP M ON M
DPTR FM NORMAL    73    LOWEST  SLP 29.71 ON  4

[REMARKS]
