000
CXUS53 KIND 270730
CF6BMG
PRELIMINARY LOCAL CLIMATOLOGICAL DATA (WS FORM: F-6)

                                          STATION:   BLOOMINGTON IN
                                          MONTH:     MAY
                                          YEAR:      2015
                                          LATITUDE:   39  7 N
                                          LONGITUDE:  86 37 W

  TEMPERATURE IN F:       :PCPN:    SNOW:  WIND      :SUNSHINE: SKY     :PK WND
================================================================================
1   2   3   4   5  6A  6B    7    8   9   10  11  12  13   14  15   16   17  18
                                     12Z  AVG MX 2MIN
DY MAX MIN AVG DEP HDD CDD  WTR  SNW DPTH SPD SPD DIR MIN PSBL S-S WX    SPD DR
================================================================================

 1  71  37  54  -4  11   0 0.00    M    M  4.7 13  10   M    M   1        19 360
 2  75  46  61   3   4   0 0.00    M    M  4.4 16 230   M    M   1        20 230
 3  80  49  65   6   0   0 0.00    M    M  5.9 17 190   M    M   2 8      25 200
 4  81  56  69  10   0   4    T    M    M  6.1 16 240   M    M   2 8      22 210
 5  84  59  72  13   0   7 0.00    M    M  6.8 17 230   M    M   2        24 240
 6  85  51  68   8   0   3 0.00    M    M  2.7 13 210   M    M   1 1      17 180
 7  87  56  72  12   0   7 0.00    M    M  2.4 14 180   M    M   1 8      15 230
 8  87  57  72  12   0   7    T    M    M 10.7 20 270   M    M   3        28 220
 9  83  63  73  13   0   8 0.25    M    M  5.5 29 240   M    M   5 13     40 230
10  82  64  73  12   0   8 0.44    M    M  6.6 15 190   M    M   5 13     22 190
11  78  60  69   8   0   4 0.09    M    M  8.6 23 240   M    M   4 13     32 230
12  64  47  56  -5   9   0 0.00    M    M  8.7 20 280   M    M   2        28 240
13  69  44  57  -5   8   0 0.00    M    M  4.6 15  40   M    M   0        17  30
14  69  50  60  -2   5   0    T    M    M  7.8 16 110   M    M   2        22 100
15  82  58  70   8   0   5 0.15    M    M  7.2 14 260   M    M   5 13     19 220
16  72  64  68   6   0   3 0.36    M    M  7.6 14 220   M    M   8 13     17 190
17  79  65  72   9   0   7 0.00    M    M  9.7 17 190   M    M   6 1      25 150
18  77  63  70   7   0   5 0.14    M    M  7.7 20 360   M    M   7 13     22 360
19  66  49  58  -5   7   0 0.00    M    M  6.9 13 360   M    M   0        19 340
20  54  44  49 -15  16   0 0.01    M    M  8.1 14  50   M    M   4        17  50
21  60  48  54 -10  11   0    T    M    M  6.4 15  10   M    M   7 18     19 360
22  74  49  62  -2   3   0 0.00    M    M  6.7 15 240   M    M   0        20 230
23  78  53  66   1   0   1 0.00    M    M  3.2 14 140   M    M   1        17 190
24  84  56  70   5   0   5 0.00    M    M  8.1 18 200   M    M   2        27 200
25  77  66  72   7   0   7 0.10    M    M 11.3 23 200   M    M   7 1      29 200
26  80  65  73   7   0   8 0.01    M    M 10.2 23 220   M    M   5 13     32 230
================================================================================
SM 1978 1419        74  89  1.55    M    178.6          M       83
================================================================================
AV 76.1 54.6                               6.9 FASTST   M    M   3    MAX(MPH)
                                 MISC ---->  # 29 240               # 40  230
================================================================================
NOTES:
# LAST OF SEVERAL OCCURRENCES

COLUMN 17 PEAK WIND IN M.P.H.

PRELIMINARY LOCAL CLIMATOLOGICAL DATA (WS FORM: F-6) , PAGE 2

                                          STATION:  BLOOMINGTON IN
                                          MONTH:    MAY
                                          YEAR:     2015
                                          LATITUDE:   39  7 N
                                          LONGITUDE:  86 37 W

[TEMPERATURE DATA]      [PRECIPITATION DATA]       SYMBOLS USED IN COLUMN 16

AVERAGE MONTHLY: 65.3   TOTAL FOR MONTH:   1.55    1 = FOG OR MIST
DPTR FM NORMAL:   3.6   DPTR FM NORMAL:   -2.85    2 = FOG REDUCING VISIBILITY
HIGHEST:    87 ON  8, 7 GRTST 24HR  0.53 ON 10-11      TO 1/4 MILE OR LESS
LOWEST:     37 ON  1                               3 = THUNDER
                        SNOW, ICE PELLETS, HAIL    4 = ICE PELLETS
                        TOTAL MONTH:    M          5 = HAIL
                        GRTST 24HR    M  ON   M    6 = FREEZING RAIN OR DRIZZLE
                        GRTST DEPTH:  M  ON   M    7 = DUSTSTORM OR SANDSTORM:
                                                       VSBY 1/2 MILE OR LESS
                                                   8 = SMOKE OR HAZE
[NO. OF DAYS WITH]      [WEATHER - DAYS WITH]      9 = BLOWING SNOW
                                                   X = TORNADO
MAX 32 OR BELOW:   0    0.01 INCH OR MORE:   9
MAX 90 OR ABOVE:   0    0.10 INCH OR MORE:   6
MIN 32 OR BELOW:   0    0.50 INCH OR MORE:   0
MIN  0 OR BELOW:   0    1.00 INCH OR MORE:   0

[HDD (BASE 65) ]
TOTAL THIS MO.    74    CLEAR  (SCALE 0-3)  14
DPTR FM NORMAL   -53    PTCLDY (SCALE 4-7)  12
TOTAL FM JUL 1  5685    CLOUDY (SCALE 8-10)  0
DPTR FM NORMAL   444

[CDD (BASE 65) ]
TOTAL THIS MO.    89
DPTR FM NORMAL    42    [PRESSURE DATA]
TOTAL FM JAN 1    95    HIGHEST SLP M ON M
DPTR FM NORMAL    29    LOWEST  SLP 29.86 ON 11

[REMARKS]
