000
CXUS55 KOHX 011010
CF6BNA
PRELIMINARY LOCAL CLIMATOLOGICAL DATA (WS FORM: F-6)

                                          STATION:   NASHVILLE
                                          MONTH:     FEBRUARY
                                          YEAR:      2017
                                          LATITUDE:   36  7 N
                                          LONGITUDE:  86 41 W

  TEMPERATURE IN F:       :PCPN:    SNOW:  WIND      :SUNSHINE: SKY     :PK WND
================================================================================
1   2   3   4   5  6A  6B    7    8   9   10  11  12  13   14  15   16   17  18
                                     12Z  AVG MX 2MIN
DY MAX MIN AVG DEP HDD CDD  WTR  SNW DPTH SPD SPD DIR MIN PSBL S-S WX    SPD DR
================================================================================

 1  61  34  48   9  17   0 0.00  0.0    0  5.8 16  10   M    M   7        28 290
 2  49  36  43   4  22   0    T  0.0    0 11.1 18  30   M    M   8        23 340
 3  44  25  35  -4  30   0 0.00  0.0    0 10.3 20  20   M    M   7        31  20
 4  49  20  35  -4  30   0    T  0.0    0  8.1 16 210   M    M   4        22 200
 5  60  41  51  12  14   0 0.00  0.0    0  7.5 16 200   M    M   6        21 200
 6  62  38  50  10  15   0 0.28  0.0    0  9.0 24 190   M    M   9 1      29 180
 7  64  56  60  20   5   0 0.39  0.0    0 12.9 25 200   M    M   9 13     34 190
 8  69  37  53  13  12   0    T  0.0    0  8.9 26 330   M    M   9 128    34 330
 9  40  28  34  -6  31   0 0.00  0.0    0 11.0 22 340   M    M   7        29 330
10  65  23  44   4  21   0 0.00  0.0    0 10.8 22 200   M    M   5        30 200
11  70  59  65  24   0   0    T  0.0    0 12.5 18 200   0    0   9 18     26 190
12  72  44  58  17   7   0    T  0.0    0 11.6 23 340   M    M   7 1      34 360
13  57  33  45   4  20   0 0.00  0.0    0  4.6 16  50   M    M   3        20 350
14  46  34  40  -1  25   0 0.32  0.0    0  2.6 12  10   M    M  10 1      17 340
15  51  33  42   0  23   0 0.32  0.0    0  8.3 20 330   M    M   5 1      26 320
16  60  27  44   2  21   0 0.00  0.0    0  4.6 13 210   M    M   2        26 160
17  71  38  55  13  10   0 0.00  0.0    0  7.9 20 190   M    M   1        25 220
18  57  49  53  11  12   0 0.06    M    0  5.1 13 160   M    M   9 1      16 200
19  70  45  58  15   7   0 0.00  0.0    0  2.3  8  90   M    M   5 18     10  70
20  77  46  62  19   3   0 0.00  0.0    0  4.5 12 170   M    M   7 18     14 160
21  71  56  64  21   1   0 0.03  0.0    0  8.9 26 160   M    M   8 1      36 180
22  71  55  63  19   2   0 0.02  0.0    0  4.1 15 180   M    M   8 1      25 330
23  75  52  64  20   1   0 0.00  0.0    0  8.1 17 180   M    M   4 1      22 180
24  81  62  72  28   0   7 0.00  0.0    0 14.9 33 190   M    M   6 38     47 230
25  62  34  48   4  17   0 0.00  0.0    0 11.1 21 280   M    M   3        32 280
26  57  27  42  -3  23   0 0.00  0.0    0  4.9 14 120   0    0   4        17 120
27  63  45  54   9  11   0 0.01  0.0    0  9.0 23 190   M    M   7        29 180
28  69  51  60  15   5   0 0.13  0.0    0 15.0 28 180   M    M  10 13     35 190
================================================================================
SM 1743 1128       385   7  1.56     0.0 235.4            0    179
================================================================================
AV 62.3 40.3                               8.4 FASTST    0   0   6    MAX(MPH)
                                 MISC ---->  # 33 190               # 47  230
================================================================================
NOTES:
# LAST OF SEVERAL OCCURRENCES

COLUMN 17 PEAK WIND IN M.P.H.

PRELIMINARY LOCAL CLIMATOLOGICAL DATA (WS FORM: F-6) , PAGE 2

                                          STATION:  NASHVILLE
                                          MONTH:    FEBRUARY
                                          YEAR:     2017
                                          LATITUDE:   36  7 N
                                          LONGITUDE:  86 41 W

[TEMPERATURE DATA]      [PRECIPITATION DATA]       SYMBOLS USED IN COLUMN 16

AVERAGE MONTHLY: 51.3   TOTAL FOR MONTH:   1.56    1 = FOG OR MIST
DPTR FM NORMAL:   9.6   DPTR FM NORMAL:   -2.38    2 = FOG REDUCING VISIBILITY
HIGHEST:    81 ON 24    GRTST 24HR  0.64 ON 14-15      TO 1/4 MILE OR LESS
LOWEST:     20 ON  4                               3 = THUNDER
                        SNOW, ICE PELLETS, HAIL    4 = ICE PELLETS
                        TOTAL MONTH:   0.0 INCH    5 = HAIL
                        GRTST 24HR     0.0         6 = FREEZING RAIN OR DRIZZLE
                        GRTST DEPTH:   0           7 = DUSTSTORM OR SANDSTORM:
                                                       VSBY 1/2 MILE OR LESS
                                                   8 = SMOKE OR HAZE
[NO. OF DAYS WITH]      [WEATHER - DAYS WITH]      9 = BLOWING SNOW
                                                   X = TORNADO
MAX 32 OR BELOW:   0    0.01 INCH OR MORE:   9
MAX 90 OR ABOVE:   0    0.10 INCH OR MORE:   5
MIN 32 OR BELOW:   6    0.50 INCH OR MORE:   0
MIN  0 OR BELOW:   0    1.00 INCH OR MORE:   0

[HDD (BASE 65) ]
TOTAL THIS MO.   385    CLEAR  (SCALE 0-3)   3
DPTR FM NORMAL  -268    PTCLDY (SCALE 4-7)  17
TOTAL FM JUL 1  1968    CLOUDY (SCALE 8-10)  8
DPTR FM NORMAL  -970

[CDD (BASE 65) ]
TOTAL THIS MO.     7
DPTR FM NORMAL     7    [PRESSURE DATA]
TOTAL FM JAN 1     7    HIGHEST SLP 30.53 ON  3
DPTR FM NORMAL     7    LOWEST  SLP 29.60 ON 24

[REMARKS]
#FINAL-02-17#
