000
CXUS55 KBOI 311002
CF6BOI
PRELIMINARY LOCAL CLIMATOLOGICAL DATA (WS FORM: F-6)

                                          STATION:   BOISE ID
                                          MONTH:     AUGUST
                                          YEAR:      2014
                                          LATITUDE:   43 34 N
                                          LONGITUDE: 116 13 W

  TEMPERATURE IN F:       :PCPN:    SNOW:  WIND      :SUNSHINE: SKY     :PK WND
================================================================================
1   2   3   4   5  6A  6B    7    8   9   10  11  12  13   14  15   16   17  18
                                     12Z  AVG MX 2MIN
DY MAX MIN AVG DEP HDD CDD  WTR  SNW DPTH SPD SPD DIR MIN PSBL S-S WX    SPD DR
================================================================================

 1  98  66  82   5   0  17 0.00  0.0    0  5.8 15 250   M    M   0        18 250
 2  99  72  86   9   0  21 0.00  0.0    0  6.2 18 120   M    M   0        23 120
 3  99  70  85   8   0  20    T  0.0    0  5.8 22 120   M    M   0 3      28 120
 4  90  74  82   5   0  17 0.00  0.0    0 13.0 26 150   M    M   0        33 140
 5  88  68  78   1   0  13 0.00  0.0    0 10.0 28 130   M    M   0        38 130
 6  83  69  76  -1   0  11    T  0.0    0 11.3 24 130   M    M   2        31 120
 7  90  66  78   1   0  13 0.00  0.0    0  4.7 16 130   M    M   1        20 140
 8  92  64  78   1   0  13    T  0.0    0  5.0 13 330   M    M   0        22 330
 9  93  65  79   3   0  14 0.00  0.0    0  6.5 16 130   M    M   0        29 140
10  98  67  83   7   0  18 0.00  0.0    0  5.1 12 130   M    M   0        20 300
11 102  72  87  11   0  22 0.00  0.0    0  9.0 25 210   M    M   0        31 200
12  90  68  79   3   0  14    T  0.0    0 11.8 32 250   M    M   1        41 250
13  88  65  77   1   0  12 0.06  0.0    0  7.5 31 120   M    M   3 3      38 120
14  85  63  74  -2   0   9    T  0.0    0  5.3 12 330   M    M   3 3      22 210
15  87  62  75   0   0  10 0.00  0.0    0  4.9 14 330   M    M   0        17 330
16  91  60  76   1   0  11 0.00  0.0    0  5.4 16 340   M    M   0        20 360
17  95  63  79   4   0  14 0.00  0.0    0  6.1 21 300   M    M   0        25 290
18  95  62  79   5   0  14 0.00  0.0    0  5.2 13 300   M    M   0        16 280
19  94  67  81   7   0  16 0.00  0.0    0  7.2 28 310   M    M   0 8      33 290
20  86  65  76   2   0  11    T  0.0    0  4.7 18  60   M    M   0        22  70
21  83  58  71  -3   0   6 0.00  0.0    0  6.0 14 120   M    M   1        17 120
22  81  59  70  -3   0   5 0.00  0.0    0  8.4 23 350   M    M   0        28 350
23  79  51  65  -8   0   0 0.00  0.0    0  7.0 21 320   M    M   1        25 330
24  80  54  67  -6   0   2 0.05  0.0    0  6.2 13 220   M    M   1 3      16 220
25  72  58  65  -7   0   0 0.03  0.0    0  5.8 18 150   M    M   5        22 150
26  82  55  69  -3   0   4 0.00  0.0    0  4.0 12 280   M    M   0        15 260
27  89  61  75   3   0  10 0.00  0.0    0  5.8 12 130   M    M   0        17 330
28  91  61  76   4   0  11 0.00  0.0    0  4.6 14 120   M    M   0        17 360
29  91  61  76   5   0  11 0.01  0.0    0  4.7 20 210   M    M   0        28 220
30  81  56  69  -2   0   4 0.01  0.0    0  8.9 36 320   M    M   1        47 320
================================================================================
SM 2672 1902         0 343  0.16     0.0 201.9          M       19
================================================================================
AV 89.1 63.4                               6.7 FASTST   M    M   1    MAX(MPH)
                                 MISC ---->  # 36 320               # 47  320
================================================================================
NOTES:
# LAST OF SEVERAL OCCURRENCES

COLUMN 17 PEAK WIND IN M.P.H.

PRELIMINARY LOCAL CLIMATOLOGICAL DATA (WS FORM: F-6) , PAGE 2

                                          STATION:  BOISE ID
                                          MONTH:    AUGUST
                                          YEAR:     2014
                                          LATITUDE:   43 34 N
                                          LONGITUDE: 116 13 W

[TEMPERATURE DATA]      [PRECIPITATION DATA]       SYMBOLS USED IN COLUMN 16

AVERAGE MONTHLY: 76.2   TOTAL FOR MONTH:   0.16    1 = FOG OR MIST
DPTR FM NORMAL:   1.5   DPTR FM NORMAL:   -0.07    2 = FOG REDUCING VISIBILITY
HIGHEST:   102 ON 11    GRTST 24HR  0.08 ON 23-24      TO 1/4 MILE OR LESS
LOWEST:     51 ON 23                               3 = THUNDER
                        SNOW, ICE PELLETS, HAIL    4 = ICE PELLETS
                        TOTAL MONTH:   0.0 INCH    5 = HAIL
                        GRTST 24HR     0.0         6 = FREEZING RAIN OR DRIZZLE
                        GRTST DEPTH:   0           7 = DUSTSTORM OR SANDSTORM:
                                                       VSBY 1/2 MILE OR LESS
                                                   8 = SMOKE OR HAZE
[NO. OF DAYS WITH]      [WEATHER - DAYS WITH]      9 = BLOWING SNOW
                                                   X = TORNADO
MAX 32 OR BELOW:   0    0.01 INCH OR MORE:   5
MAX 90 OR ABOVE:  16    0.10 INCH OR MORE:   0
MIN 32 OR BELOW:   0    0.50 INCH OR MORE:   0
MIN  0 OR BELOW:   0    1.00 INCH OR MORE:   0

[HDD (BASE 65) ]
TOTAL THIS MO.     0    CLEAR  (SCALE 0-3)  28
DPTR FM NORMAL    -5    PTCLDY (SCALE 4-7)   2
TOTAL FM JUL 1     0    CLOUDY (SCALE 8-10)  0
DPTR FM NORMAL   -13

[CDD (BASE 65) ]
TOTAL THIS MO.   343
DPTR FM NORMAL    43    [PRESSURE DATA]
TOTAL FM JAN 1   983    HIGHEST SLP M ON M
DPTR FM NORMAL   158    LOWEST  SLP 29.56 ON 19

[REMARKS]
