000
CXUS55 KBOI 271412
CF6BOI
PRELIMINARY LOCAL CLIMATOLOGICAL DATA (WS FORM: F-6)

                                          STATION:   BOISE ID
                                          MONTH:     APRIL
                                          YEAR:      2017
                                          LATITUDE:   43 34 N
                                          LONGITUDE: 116 13 W

  TEMPERATURE IN F:       :PCPN:    SNOW:  WIND      :SUNSHINE: SKY     :PK WND
================================================================================
1   2   3   4   5  6A  6B    7    8   9   10  11  12  13   14  15   16   17  18
                                     12Z  AVG MX 2MIN
DY MAX MIN AVG DEP HDD CDD  WTR  SNW DPTH SPD SPD DIR MIN PSBL S-S WX    SPD DR
================================================================================

 1  61  35  48   0  17   0 0.00  0.0    0  5.6 16 320   M    M   1        21 320
 2  59  39  49   1  16   0 0.00  0.0    0 14.0 30 310   M    M   1        36 320
 3  51  30  41  -7  24   0 0.00  0.0    0 11.1 25 300   M    M   1        30 310
 4  57  28  43  -5  22   0 0.00  0.0    0  7.4 17 140   M    M   2        22 150
 5  72  43  58   9   7   0 0.00  0.0    0 11.0 20 120   M    M   3        25 120
 6  66  52  59  10   6   0 0.01  0.0    0 12.0 24 130   M    M   7        33 130
 7  61  47  54   5  11   0 0.04  0.0    0 13.5 38 220   M    M   4 38     53 230
 8  49  35  42  -7  23   0 0.15  0.1    0 10.3 30 290   M    M   7        43 310
 9  52  29  41  -8  24   0 0.00  0.0    0  5.9 16 120   M    M   1        20 120
10  57  41  49  -1  16   0 0.01  0.0    0  9.9 18 310   M    M   4        22 310
11  57  39  48  -2  17   0    T  0.0    0 13.3 24 110   M    M   6        36 120
12  72  43  58   8   7   0 0.00  0.0    0 13.3 31 300   M    M   1        38 310
13  55  42  49  -1  16   0 0.08  0.0    0  7.6 21 280   M    M   5 1      25 280
14  48  33  41  -9  24   0 0.31    T    0  7.9 21 310   M    M   7 1      27 280
15  57  31  44  -6  21   0 0.00  0.0    0  3.8  9 130   M    M   0        13 140
16  70  40  55   4  10   0    T  0.0    0 10.8 24 250   M    M   2        29 260
17  63  46  55   4  10   0 0.09  0.0    0  6.8 20 300   M    M   5 1      23 250
18  61  44  53   2  12   0 0.51  0.0    0  6.9 18  10   M    M   6 1      24 340
19  65  39  52   1  13   0 0.00  0.0    0  8.6 24 170   M    M   1        31 160
20  56  41  49  -3  16   0 0.12    T    0  8.5 26 300   M    M   6 3      35 310
21  59  34  47  -5  18   0 0.00  0.0    0  7.0 21 310   M    M   0        26 350
22  70  40  55   3  10   0 0.00  0.0    0 15.2 36 150   M    M   1        45 130
23  65  49  57   5   8   0 0.02  0.0    0  6.3 22 250   M    M   5        31 250
24  54  44  49  -4  16   0 0.29  0.0    0  8.4 20 280   M    M   9 1      24 280
25  58  41  50  -3  15   0 0.03  0.0    0 10.5 21 300   M    M   7        25 320
26  54  42  48  -5  17   0 0.35  0.0    0  7.9 17 360   M    M   8 1      22 350
================================================================================
SM 1549 1027       396   0  2.01     0.1 243.5          M      100
================================================================================
AV 59.6 39.5                               9.4 FASTST   M    M   4    MAX(MPH)
                                 MISC ---->  # 38 220               # 53  230
================================================================================
NOTES:
# LAST OF SEVERAL OCCURRENCES

COLUMN 17 PEAK WIND IN M.P.H.

PRELIMINARY LOCAL CLIMATOLOGICAL DATA (WS FORM: F-6) , PAGE 2

                                          STATION:  BOISE ID
                                          MONTH:    APRIL
                                          YEAR:     2017
                                          LATITUDE:   43 34 N
                                          LONGITUDE: 116 13 W

[TEMPERATURE DATA]      [PRECIPITATION DATA]       SYMBOLS USED IN COLUMN 16

AVERAGE MONTHLY: 49.5   TOTAL FOR MONTH:   2.01    1 = FOG OR MIST
DPTR FM NORMAL:  -0.8   DPTR FM NORMAL:    0.95    2 = FOG REDUCING VISIBILITY
HIGHEST:    72 ON 12, 5 GRTST 24HR  0.51 ON 18-18      TO 1/4 MILE OR LESS
LOWEST:     28 ON  4                               3 = THUNDER
                        SNOW, ICE PELLETS, HAIL    4 = ICE PELLETS
                        TOTAL MONTH:   0.1 INCH    5 = HAIL
                        GRTST 24HR   0.1 ON   M    6 = FREEZING RAIN OR DRIZZLE
                        GRTST DEPTH:   0           7 = DUSTSTORM OR SANDSTORM:
                                                       VSBY 1/2 MILE OR LESS
                                                   8 = SMOKE OR HAZE
[NO. OF DAYS WITH]      [WEATHER - DAYS WITH]      9 = BLOWING SNOW
                                                   X = TORNADO
MAX 32 OR BELOW:   0    0.01 INCH OR MORE:  13
MAX 90 OR ABOVE:   0    0.10 INCH OR MORE:   6
MIN 32 OR BELOW:   4    0.50 INCH OR MORE:   1
MIN  0 OR BELOW:   0    1.00 INCH OR MORE:   0

[HDD (BASE 65) ]
TOTAL THIS MO.   396    CLEAR  (SCALE 0-3)  12
DPTR FM NORMAL    12    PTCLDY (SCALE 4-7)  13
TOTAL FM JUL 1  5175    CLOUDY (SCALE 8-10)  1
DPTR FM NORMAL    -4

[CDD (BASE 65) ]
TOTAL THIS MO.     0
DPTR FM NORMAL     0    [PRESSURE DATA]
TOTAL FM JAN 1     0    HIGHEST SLP M ON M
DPTR FM NORMAL     0    LOWEST  SLP 29.47 ON  7

[REMARKS]
