000
CXUS54 KMAF 251100
CF6BPG
PRELIMINARY LOCAL CLIMATOLOGICAL DATA (WS FORM: F-6)

                                          STATION:   Big Spring McMahon-Wrinkle Fi
                                          MONTH:     NOVEMBER
                                          YEAR:      2014
                                          LATITUDE:   32 12 N
                                          LONGITUDE: 101 31 W

  TEMPERATURE IN F:       :PCPN:    SNOW:  WIND      :SUNSHINE: SKY     :PK WND
================================================================================
1   2   3   4   5  6A  6B    7    8   9   10  11  12  13   14  15   16   17  18
                                     12Z  AVG MX 2MIN
DY MAX MIN AVG DEP HDD CDD  WTR  SNW DPTH SPD SPD DIR MIN PSBL S-S WX    SPD DR
================================================================================

 1  74  45  60   M   5   0 0.00  0.0    0 13.4 22 160   M    M   0        28 150
 2  74  57  66   M   0   1 0.00  0.0    0 19.3 24 150   M    M   2        33 160
 3  76  64  70   M   0   5 0.00  0.0    0 19.1 24 170   M    M   8        32 160
 4  66  46  56   M   9   0 1.06    M    0 14.7 29 360   M    M  10        33 360
 5  56  46  51   M  14   0 0.07    M    0  4.0 12  30   M    M   8         M  M
 6  67  45  56   M   9   0 0.00  0.0    0  3.8  8  70   M    M   0         M  M
 7  66  43  55   M  10   0 0.00  0.0    0  9.1 20 180   M    M   0        28 180
 8  66  45  56   M   9   0 0.00  0.0    0  8.1 25  10   M    M   0        32  10
 9  75  43  59   M   6   0 0.00  0.0    0 11.3 22 210   M    M   0        27 200
10  82  51  67   M   0   2 0.00  0.0    0 13.3 23 220   M    M   0        29 220
11  64  35  50   M  15   0 0.00  0.0    0 13.7 28  10   M    M   0        38  10
12  38  26  32   M  33   0 0.00  0.0    0 14.9 20 360   M    M   7        27  20
13  33  25  29   M  36   0 0.00  0.0    0  9.0 16 360   M    M  10        21  10
14  51  26  39   M  26   0 0.00  0.0    0  8.2 14 150   M    M   2        21 150
15  70  36  53   M  12   0 0.00  0.0    0 11.5 16 190   M    M   0        21 170
16  50  23  37   M  28   0 0.00  0.0    0 13.3 20  10   M    M   7        28  10
17  45  21  33   M  32   0 0.00  0.0    0  5.2 10  70   M    M   0        18  20
18  54  24  39   M  26   0 0.00  0.0    0  9.3 16 170   M    M   0        21 170
19  67  30  49   M  16   0 0.00  0.0    0  9.4 13 260   M    M   0        17 260
20  74  43  59   M   6   0 0.00  0.0    0  9.5 15 190   M    M   0        17 200
21  74  46  60   M   5   0 0.00  0.0    0  8.8 14 150   M    M   4         M  M
22  65  54  60   M   5   0 0.19  0.0    0  5.2 13 150   M    M   6 3       M  M
23  74  42  58   M   7   0 0.00  0.0    0 14.9 31 290   M    M   3        40 280
24  56  33  45   M  20   0 0.00  0.0    0  3.7  8 110   M    M   0         M  M
================================================================================
SM 1517  949       329   8  1.32     0.0 252.7          M       67
================================================================================
AV 63.2 39.5                              10.5 FASTST   M    M   3    MAX(MPH)
                                 MISC ---->    31   M                 40    M
================================================================================
NOTES:
# LAST OF SEVERAL OCCURRENCES

COLUMN 17 PEAK WIND IN M.P.H.

PRELIMINARY LOCAL CLIMATOLOGICAL DATA (WS FORM: F-6) , PAGE 2

                                          STATION:  Big Spring McMahon-Wrinkle Fi
                                          MONTH:    NOVEMBER
                                          YEAR:     2014
                                          LATITUDE:   32 12 N
                                          LONGITUDE: 101 31 W

[TEMPERATURE DATA]      [PRECIPITATION DATA]       SYMBOLS USED IN COLUMN 16

AVERAGE MONTHLY: 51.4   TOTAL FOR MONTH:   1.32    1 = FOG OR MIST
DPTR FM NORMAL:     M   DPTR FM NORMAL:       M    2 = FOG REDUCING VISIBILITY
HIGHEST:    82 ON 10    GRTST 24HR  1.06 ON  4- 4      TO 1/4 MILE OR LESS
LOWEST:     21 ON 17                               3 = THUNDER
                        SNOW, ICE PELLETS, HAIL    4 = ICE PELLETS
                        TOTAL MONTH:   0.0 INCH    5 = HAIL
                        GRTST 24HR     0.0         6 = FREEZING RAIN OR DRIZZLE
                        GRTST DEPTH:   0           7 = DUSTSTORM OR SANDSTORM:
                                                       VSBY 1/2 MILE OR LESS
                                                   8 = SMOKE OR HAZE
[NO. OF DAYS WITH]      [WEATHER - DAYS WITH]      9 = BLOWING SNOW
                                                   X = TORNADO
MAX 32 OR BELOW:   0    0.01 INCH OR MORE:   3
MAX 90 OR ABOVE:   0    0.10 INCH OR MORE:   2
MIN 32 OR BELOW:   7    0.50 INCH OR MORE:   1
MIN  0 OR BELOW:   0    1.00 INCH OR MORE:   1

[HDD (BASE 65) ]
TOTAL THIS MO.   329    CLEAR  (SCALE 0-3)  16
DPTR FM NORMAL     M    PTCLDY (SCALE 4-7)   6
TOTAL FM JUL 1   356    CLOUDY (SCALE 8-10)  2
DPTR FM NORMAL     M

[CDD (BASE 65) ]
TOTAL THIS MO.     8
DPTR FM NORMAL     M    [PRESSURE DATA]
TOTAL FM JAN 1  2851    HIGHEST SLP M ON M
DPTR FM NORMAL     M    LOWEST  SLP M ON M

[REMARKS]
