000
CXUS55 KRIW 230945
CF6BPI
PRELIMINARY LOCAL CLIMATOLOGICAL DATA (WS FORM: F-6)

                                          STATION:   BIG PINEY  WY
                                          MONTH:     JULY
                                          YEAR:      2016
                                          LATITUDE:   42 34 N
                                          LONGITUDE: 110  6 W

  TEMPERATURE IN F:       :PCPN:    SNOW:  WIND      :SUNSHINE: SKY     :PK WND
================================================================================
1   2   3   4   5  6A  6B    7    8   9   10  11  12  13   14  15   16   17  18
                                     12Z  AVG MX 2MIN
DY MAX MIN AVG DEP HDD CDD  WTR  SNW DPTH SPD SPD DIR MIN PSBL S-S WX    SPD DR
================================================================================

 1  76  46  61   1   4   0 0.03  0.0    0  6.6 32  40   M    M   3 3      42  40
 2  82  44  63   3   2   0 0.00  0.0    0  6.2 18 320   M    M   0        23 310
 3  82  40  61   1   4   0 0.09  0.0    0  8.9 38 290   M    M   2 3      52 300
 4  83  45  64   4   1   0 0.00  0.0    0 11.4 32 320   M    M   1 3      42 330
 5  80  46  63   3   2   0 0.00  0.0    0  9.4 28 280   M    M   2        34 280
 6  77  45  61   0   4   0 0.00  0.0    0 12.2 30 290   M    M   3        40 290
 7  76  34  55  -6  10   0 0.00  0.0    0  6.6 21 260   M    M   0        28 260
 8  85  37  61   0   4   0    T  0.0    0  6.7 21 290   M    M   0        28 310
 9  86  38  62   1   3   0 0.00  0.0    0  6.6 24 280   M    M   0        29 280
10  79  43  61  -1   4   0    T  0.0    0 14.1 32 300   M    M   2        39 310
11  65  33  49 -13  16   0 0.00  0.0    0  9.9 22 330   M    M   1        32  20
12  76  29  53  -9  12   0 0.00  0.0    0  8.5 24 280   M    M   0        31 290
13  77  33  55  -7  10   0 0.00  0.0    0  7.8 20 320   M    M   0        26 320
14  83  31  57  -5   8   0 0.00  0.0    0  8.2 22 310   M    M   0        28 320
15  86  35  61  -1   4   0 0.00  0.0    0  8.5 26 280   M    M   0        32 290
16  83  41  62   0   3   0 0.00  0.0    0  8.7 29 250   M    M   0        42 240
17  84  39  62  -1   3   0    T    M    0  6.3 31 250   M    M   0 3      47 240
18  87  37  62  -1   3   0 0.00  0.0    0  9.1 26 210   M    M   0        35 200
19  87  45  66   3   0   1 0.00  0.0    0  7.0 18 260   M    M   1        22 270
20  88  47  68   5   0   3 0.00  0.0    0  9.8 24 280   M    M   1        29 280
21  92  41  67   4   0   2    T  0.0    0  6.9 17 270   M    M   0        24 260
22  90  48  69   6   0   4    T  0.0    0  6.7 24 210   M    M   0 3      31 200
================================================================================
SM 1804  877        97  10  0.12     0.0 186.1          M       16
================================================================================
AV 82.0 39.9                               8.5 FASTST   M    M   1    MAX(MPH)
                                 MISC ---->  # 38 290               # 52  300
================================================================================
NOTES:
# LAST OF SEVERAL OCCURRENCES

COLUMN 17 PEAK WIND IN M.P.H.

PRELIMINARY LOCAL CLIMATOLOGICAL DATA (WS FORM: F-6) , PAGE 2

                                          STATION:  BIG PINEY  WY
                                          MONTH:    JULY
                                          YEAR:     2016
                                          LATITUDE:   42 34 N
                                          LONGITUDE: 110  6 W

[TEMPERATURE DATA]      [PRECIPITATION DATA]       SYMBOLS USED IN COLUMN 16

AVERAGE MONTHLY: 60.9   TOTAL FOR MONTH:   0.12    1 = FOG OR MIST
DPTR FM NORMAL:  -0.7   DPTR FM NORMAL:   -0.34    2 = FOG REDUCING VISIBILITY
HIGHEST:    92 ON 21    GRTST 24HR  0.22 ON 30- 1      TO 1/4 MILE OR LESS
LOWEST:     29 ON 12                               3 = THUNDER
                        SNOW, ICE PELLETS, HAIL    4 = ICE PELLETS
                        TOTAL MONTH:   0.0 INCH    5 = HAIL
                        GRTST 24HR     0.0         6 = FREEZING RAIN OR DRIZZLE
                        GRTST DEPTH:   0           7 = DUSTSTORM OR SANDSTORM:
                                                       VSBY 1/2 MILE OR LESS
                                                   8 = SMOKE OR HAZE
[NO. OF DAYS WITH]      [WEATHER - DAYS WITH]      9 = BLOWING SNOW
                                                   X = TORNADO
MAX 32 OR BELOW:   0    0.01 INCH OR MORE:   2
MAX 90 OR ABOVE:   2    0.10 INCH OR MORE:   0
MIN 32 OR BELOW:   2    0.50 INCH OR MORE:   0
MIN  0 OR BELOW:   0    1.00 INCH OR MORE:   0

[HDD (BASE 65) ]
TOTAL THIS MO.    97    CLEAR  (SCALE 0-3)  21
DPTR FM NORMAL     9    PTCLDY (SCALE 4-7)   1
TOTAL FM JUL 1    97    CLOUDY (SCALE 8-10)  0
DPTR FM NORMAL     9

[CDD (BASE 65) ]
TOTAL THIS MO.    10
DPTR FM NORMAL    -4    [PRESSURE DATA]
TOTAL FM JAN 1    11    HIGHEST SLP M ON M
DPTR FM NORMAL    -5    LOWEST  SLP 29.59 ON 10

[REMARKS]
