000
CXUS54 KLZK 281130
CF6BPK
PRELIMINARY LOCAL CLIMATOLOGICAL DATA (WS FORM: F-6)

                                          STATION:   Mountain Home Airport
                                          MONTH:     AUGUST
                                          YEAR:      2016
                                          LATITUDE:   36 22 N
                                          LONGITUDE:  92 28 W

  TEMPERATURE IN F:       :PCPN:    SNOW:  WIND      :SUNSHINE: SKY     :PK WND
================================================================================
1   2   3   4   5  6A  6B    7    8   9   10  11  12  13   14  15   16   17  18
                                     12Z  AVG MX 2MIN
DY MAX MIN AVG DEP HDD CDD  WTR  SNW DPTH SPD SPD DIR MIN PSBL S-S WX    SPD DR
================================================================================

 1  90  72  81   1   0  16 0.00  0.0    0  2.4  8 200   M    M   1 13     11 100
 2  93  72  83   3   0  18 0.00  0.0    0  2.2  8 220   M    M   0 1      11 330
 3  91  73  82   2   0  17    T  0.0    0  3.1  9 220   M    M   1 3      14  70
 4  94  72  83   3   0  18 0.00  0.0    0  2.3  9 220   M    M   0 3      13 250
 5  91  71  81   1   0  16 3.80  0.0    0  1.6 22 320   M    M   2 138    36 320
 6  85  71  78  -2   0  13 0.15  0.0    0  2.0  7 350   M    M   5 13     11  20
 7  84  70  77  -3   0  12 1.37  0.0    0  2.4  8 150   M    M   5 13     11 140
 8  82  70  76  -4   0  11    T  0.0    0  1.9  8 180   M    M   7 12     12 200
 9  89  71  80   0   0  15 0.00  0.0    0  1.7  7 220   M    M   2 1      13 190
10  91  74  83   3   0  18 0.00  0.0    0  1.8  8 130   M    M   1 1      12 160
11  93  75  84   4   0  19 0.00  0.0    0  2.2  6 160   M    M   0 1       M  M
12  93  73  83   3   0  18 0.35  0.0    0  3.6 13 340   M    M   3 13     24 340
13  80  69  75  -4   0  10 0.21  0.0    0  2.9 13 100   M    M   9 1      20  90
14  71  66  69 -10   0   4 1.13  0.0    0  6.3 15  80   M    M  10 1      28  70
15  73  67  70  -9   0   5 0.53  0.0    0  0.7 10 160   M    M   9 1      12 150
16  84  66  75  -4   0  10 0.00  0.0    0  1.6  8 170   M    M   4 12     11 180
17  84  67  76  -3   0  11 0.00  0.0    0  1.8  8 220   M    M   3 12     10 230
18  79  68  74  -5   0   9    T  0.0    0  3.4 13 200   M    M   5 1      17 190
19  85  70  78  -1   0  13 0.47  0.0    0  3.6  9 230   M    M   7 13     14 220
20  80  69  75  -4   0  10 0.07  0.0    0  3.0  9 350   M    M   7 1      14 340
21  81  59  70  -9   0   5 0.00  0.0    0  2.2  8  70   M    M   1        14 320
22  81  58  70  -9   0   5 0.00  0.0    0  3.6 12 200   M    M   2        17 180
23  86  69  78   0   0  13    T  0.0    0  5.0 13 200   M    M   4        18 200
24  90  71  81   3   0  16 0.00  0.0    0  5.6 13 210   M    M   0        20 220
25  91  67  79   1   0  14 0.00  0.0    0  1.7  9 240   M    M   1        12 260
26  86  72  79   1   0  14    T  0.0    0  1.6  8 100   M    M   3 3      12 130
27  87  70  79   1   0  14 0.12  0.0    0  1.3  9 250   M    M   3 13     13 260
================================================================================
SM 2314 1872         0 344  8.20     0.0  71.5          M       95
================================================================================
AV 85.7 69.3                               2.6 FASTST   M    M   4    MAX(MPH)
                                 MISC ---->  # 22 320               # 36  320
================================================================================
NOTES:
# LAST OF SEVERAL OCCURRENCES

COLUMN 17 PEAK WIND IN M.P.H.

PRELIMINARY LOCAL CLIMATOLOGICAL DATA (WS FORM: F-6) , PAGE 2

                                          STATION:  Mountain Home Airport
                                          MONTH:    AUGUST
                                          YEAR:     2016
                                          LATITUDE:   36 22 N
                                          LONGITUDE:  92 28 W

[TEMPERATURE DATA]      [PRECIPITATION DATA]       SYMBOLS USED IN COLUMN 16

AVERAGE MONTHLY: 77.5   TOTAL FOR MONTH:   8.20    1 = FOG OR MIST
DPTR FM NORMAL:  -1.7   DPTR FM NORMAL:    5.52    2 = FOG REDUCING VISIBILITY
HIGHEST:    94 ON  4    GRTST 24HR  3.80 ON  5- 5      TO 1/4 MILE OR LESS
LOWEST:     58 ON 22                               3 = THUNDER
                        SNOW, ICE PELLETS, HAIL    4 = ICE PELLETS
                        TOTAL MONTH:   0.0 INCH    5 = HAIL
                        GRTST 24HR     0.0         6 = FREEZING RAIN OR DRIZZLE
                        GRTST DEPTH:   0           7 = DUSTSTORM OR SANDSTORM:
                                                       VSBY 1/2 MILE OR LESS
                                                   8 = SMOKE OR HAZE
[NO. OF DAYS WITH]      [WEATHER - DAYS WITH]      9 = BLOWING SNOW
                                                   X = TORNADO
MAX 32 OR BELOW:   0    0.01 INCH OR MORE:  10
MAX 90 OR ABOVE:  10    0.10 INCH OR MORE:   9
MIN 32 OR BELOW:   0    0.50 INCH OR MORE:   4
MIN  0 OR BELOW:   0    1.00 INCH OR MORE:   3

[HDD (BASE 65) ]
TOTAL THIS MO.     0    CLEAR  (SCALE 0-3)  15
DPTR FM NORMAL     0    PTCLDY (SCALE 4-7)   9
TOTAL FM JUL 1     0    CLOUDY (SCALE 8-10)  3
DPTR FM NORMAL     0

[CDD (BASE 65) ]
TOTAL THIS MO.   344
DPTR FM NORMAL   -40    [PRESSURE DATA]
TOTAL FM JAN 1  1296    HIGHEST SLP M ON M
DPTR FM NORMAL    18    LOWEST  SLP 29.76 ON 12

[REMARKS]
