191
CXUS54 KLCH 291210
CF6BPT
PRELIMINARY LOCAL CLIMATOLOGICAL DATA (WS FORM: F-6)

                                          STATION:   BEAUMONT PORT ARTHUR
                                          MONTH:     APRIL
                                          YEAR:      2016
                                          LATITUDE:   29 57 N
                                          LONGITUDE:  94  1 W

  TEMPERATURE IN F:       :PCPN:    SNOW:  WIND      :SUNSHINE: SKY     :PK WND
================================================================================
1   2   3   4   5  6A  6B    7    8   9   10  11  12  13   14  15   16   17  18
                                     12Z  AVG MX 2MIN
DY MAX MIN AVG DEP HDD CDD  WTR  SNW DPTH SPD SPD DIR MIN PSBL S-S WX    SPD DR
================================================================================

 1  72  54  63  -2   2   0 0.13  0.0    0 14.7 29  30   M    M   9 123    37  30
 2  75  47  61  -5   4   0 0.00  0.0    0 10.0 21 330   M    M   0        29 330
 3  75  45  60  -6   5   0 0.00  0.0    0  4.9 14 160   M    M   0        19 270
 4  82  48  65  -1   0   0 0.00  0.0    0  4.0 16 230   M    M   0        20 200
 5  84  49  67   1   0   2 0.00  0.0    0  4.7 13 180   M    M   2 12     18 200
 6  80  56  68   2   0   3 0.00  0.0    0  8.7 18 260   M    M   2        26 230
 7  85  46  66  -1   0   1 0.00  0.0    0  3.9 17 200   M    M   0        22 200
 8  83  53  68   1   0   3 0.00  0.0    0  7.8 21  40   M    M   0        26  50
 9  78  53  66  -1   0   1 0.01  0.0    0  9.0 21 120   M    M   1        24 130
10  80  61  71   4   0   6    T  0.0    0 14.8 25 130   M    M   6        32 140
11  79  70  75   8   0  10 0.01  0.0    0 11.4 24 160   M    M   9 1      31 160
12  82  66  74   6   0   9 0.02  0.0    0  8.7 17  40   M    M   8 123    22  60
13  78  64  71   3   0   6 1.17  0.0    0  8.4 31  60   M    M   7 13     38  70
14  83  63  73   5   0   8 0.00  0.0    0  7.4 17 350   M    M   8 12     22 350
15  81  63  72   4   0   7 0.00  0.0    0  7.7 17 120   M    M   7 1      23 120
16  81  69  75   6   0  10 0.08  0.0    0 16.9 24  90   M    M  10 1      32  80
17  78  70  74   5   0   9 0.01  0.0    0 20.5 29 110   M    M  10 1      38 120
18  73  65  69   0   0   4 4.67  0.0    0 13.5 32 110   M    M   9 123    39 110
19  79  70  75   6   0  10 0.10  0.0    0 10.1 21 120   M    M  10 1      25 130
20  80  67  74   4   0   9 0.26  0.0    0  7.4 18 190   M    M   8 13     24 200
21  77  61  69  -1   0   4 0.85  0.0    0  4.3 26 220   M    M   7 13     36 220
22  85  59  72   2   0   7 0.00  0.0    0  6.4 16 340   M    M   1 1      22 360
23  84  55  70   0   0   5 0.00  0.0    0  4.3 12  70   M    M   2        16 110
24  79  59  69  -1   0   4 0.02  0.0    0  7.3 20 150   M    M   4 1      24 150
25  83  70  77   6   0  12 0.02  0.0    0 12.3 20 160   M    M   7 1      31 330
26  85  73  79   8   0  14 0.00  0.0    0 13.4 23 150   M    M   9        30 150
27  83  64  74   3   0   9 0.95  0.0    0 10.6 41 260   M    M   2 13     53 260
28  87  66  77   5   0  12 0.00  0.0    0  9.8 22 140   M    M   7 128    28 140
================================================================================
SM 2251 1686        11 165  8.30     0.0 262.9          M      145
================================================================================
AV 80.4 60.2                               9.4 FASTST   M    M   5    MAX(MPH)
                                 MISC ---->  # 41 260               # 53  260
================================================================================
NOTES:
# LAST OF SEVERAL OCCURRENCES

COLUMN 17 PEAK WIND IN M.P.H.

PRELIMINARY LOCAL CLIMATOLOGICAL DATA (WS FORM: F-6) , PAGE 2

                                          STATION:  BEAUMONT PORT ARTHUR
                                          MONTH:    APRIL
                                          YEAR:     2016
                                          LATITUDE:   29 57 N
                                          LONGITUDE:  94  1 W

[TEMPERATURE DATA]      [PRECIPITATION DATA]       SYMBOLS USED IN COLUMN 16

AVERAGE MONTHLY: 70.3   TOTAL FOR MONTH:   8.30    1 = FOG OR MIST
DPTR FM NORMAL:   2.0   DPTR FM NORMAL:    5.35    2 = FOG REDUCING VISIBILITY
HIGHEST:    87 ON 28    GRTST 24HR  4.67 ON 18-18      TO 1/4 MILE OR LESS
LOWEST:     45 ON  3                               3 = THUNDER
                        SNOW, ICE PELLETS, HAIL    4 = ICE PELLETS
                        TOTAL MONTH:   0.0 INCH    5 = HAIL
                        GRTST 24HR     0.0         6 = FREEZING RAIN OR DRIZZLE
                        GRTST DEPTH:   0           7 = DUSTSTORM OR SANDSTORM:
                                                       VSBY 1/2 MILE OR LESS
                                                   8 = SMOKE OR HAZE
[NO. OF DAYS WITH]      [WEATHER - DAYS WITH]      9 = BLOWING SNOW
                                                   X = TORNADO
MAX 32 OR BELOW:   0    0.01 INCH OR MORE:  14
MAX 90 OR ABOVE:   0    0.10 INCH OR MORE:   7
MIN 32 OR BELOW:   0    0.50 INCH OR MORE:   4
MIN  0 OR BELOW:   0    1.00 INCH OR MORE:   2

[HDD (BASE 65) ]
TOTAL THIS MO.    11    CLEAR  (SCALE 0-3)  11
DPTR FM NORMAL   -28    PTCLDY (SCALE 4-7)   8
TOTAL FM JUL 1   889    CLOUDY (SCALE 8-10)  9
DPTR FM NORMAL  -511

[CDD (BASE 65) ]
TOTAL THIS MO.   165
DPTR FM NORMAL    34    [PRESSURE DATA]
TOTAL FM JAN 1   328    HIGHEST SLP M ON M
DPTR FM NORMAL   116    LOWEST  SLP 29.67 ON 27

[REMARKS]
