000
CXUS54 KBRO 250900
CF6BRO
PRELIMINARY LOCAL CLIMATOLOGICAL DATA (WS FORM: F-6)

                                          STATION:   BROWNSVILLE
                                          MONTH:     MARCH
                                          YEAR:      2017
                                          LATITUDE:   25 53 N
                                          LONGITUDE:  97 26 W

  TEMPERATURE IN F:       :PCPN:    SNOW:  WIND      :SUNSHINE: SKY     :PK WND
================================================================================
1   2   3   4   5  6A  6B    7    8   9   10  11  12  13   14  15   16   17  18
                                     12Z  AVG MX 2MIN
DY MAX MIN AVG DEP HDD CDD  WTR  SNW DPTH SPD SPD DIR MIN PSBL S-S WX    SPD DR
================================================================================

 1  89  71  80  14   0  15 0.01  0.0    0 10.8 21 170   M    M   6        28  20
 2  71  66  69   2   0   4 0.00  0.0    0 13.6 21  30   M    M  10        29  30
 3  75  64  70   3   0   5    T  0.0    0 10.6 18  50   M    M  10        25  50
 4  79  65  72   5   0   7 1.71  0.0    0 11.8 25 120   M    M   9 13     33 130
 5  83  66  75   8   0  10 0.02  0.0    0  9.6 22 160   M    M   6        26 170
 6  82  70  76   9   0  11 0.00  0.0    0 16.0 30 150   M    M   6        36 150
 7  85  72  79  11   0  14 0.00  0.0    0 12.3 28 150   M    M   8        28 150
 8  83  71  77   9   0  12 0.05  0.0    M  8.7 17 120   M    M   4 13     21 130
 9  81  71  76   8   0  11 0.01  0.0    0  8.7 23 150   M    M   6 3      30 170
10  81  68  75   7   0  10 0.02  0.0    0  8.5 18 120   M    M   6        24 120
11  86  68  77   9   0  12    T  0.0    0  6.1 16  90   M    M   6        20  90
12  72  62  67  -1   0   2 0.02  0.0    0 10.6 24  20   M    M   8 1      34 360
13  67  58  63  -6   2   0    T  0.0    0  6.8 16  20   M    M   9 1      21  20
14  77  54  66  -3   0   1 0.00  0.0    0  6.9 15  30   M    M   2        20  80
15  79  60  70   1   0   5 0.00  0.0    0 11.0 22 130   M    M   7        26 140
16  82  63  73   4   0   8 0.00  0.0    0 14.8 28 160   M    M   4        34 150
17  82  67  75   6   0  10 0.00  0.0    0 15.4 28 160   M    M   3        35 150
18  83  65  74   4   0   9 0.00  0.0    0 10.9 23 140   M    M   5        28 160
19  85  65  75   5   0  10 0.00  0.0    0 10.8 23 160   M    M   4 1      28 160
20  84  64  74   4   0   9 0.00  0.0    0 13.0 25 170   M    M   1        31 170
21  84  62  73   3   0   8 0.00  0.0    0 13.6 26 150   M    M   2        35 140
22  84  66  75   5   0  10 0.00  0.0    0 12.5 24 140   M    M   2        30 140
23  84  65  75   4   0  10 0.00  0.0    0 16.5 30 160   M    M   1        38 170
24  86  73  80   9   0  15 0.00  0.0    0 20.3 36 160   M    M   5        42 160
================================================================================
SM 1944 1576         2 208  1.84     0.0 279.7          M      130
================================================================================
AV 81.0 65.7                              11.7 FASTST   M    M   5    MAX(MPH)
                                 MISC ---->    36   M                 42    M
================================================================================
NOTES:
# LAST OF SEVERAL OCCURRENCES

COLUMN 17 PEAK WIND IN M.P.H.

PRELIMINARY LOCAL CLIMATOLOGICAL DATA (WS FORM: F-6) , PAGE 2

                                          STATION:  BROWNSVILLE
                                          MONTH:    MARCH
                                          YEAR:     2017
                                          LATITUDE:   25 53 N
                                          LONGITUDE:  97 26 W

[TEMPERATURE DATA]      [PRECIPITATION DATA]       SYMBOLS USED IN COLUMN 16

AVERAGE MONTHLY: 73.3   TOTAL FOR MONTH:   1.84    1 = FOG OR MIST
DPTR FM NORMAL:   4.7   DPTR FM NORMAL:    0.93    2 = FOG REDUCING VISIBILITY
HIGHEST:    89 ON  1    GRTST 24HR  1.71 ON  4- 4      TO 1/4 MILE OR LESS
LOWEST:     54 ON 14                               3 = THUNDER
                        SNOW, ICE PELLETS, HAIL    4 = ICE PELLETS
                        TOTAL MONTH:   0.0 INCH    5 = HAIL
                        GRTST 24HR     0.0         6 = FREEZING RAIN OR DRIZZLE
                        GRTST DEPTH:   0           7 = DUSTSTORM OR SANDSTORM:
                                                       VSBY 1/2 MILE OR LESS
                                                   8 = SMOKE OR HAZE
[NO. OF DAYS WITH]      [WEATHER - DAYS WITH]      9 = BLOWING SNOW
                                                   X = TORNADO
MAX 32 OR BELOW:   0    0.01 INCH OR MORE:   7
MAX 90 OR ABOVE:   0    0.10 INCH OR MORE:   1
MIN 32 OR BELOW:   0    0.50 INCH OR MORE:   1
MIN  0 OR BELOW:   0    1.00 INCH OR MORE:   1

[HDD (BASE 65) ]
TOTAL THIS MO.     2    CLEAR  (SCALE 0-3)   5
DPTR FM NORMAL   -35    PTCLDY (SCALE 4-7)  15
TOTAL FM JUL 1   201    CLOUDY (SCALE 8-10)  4
DPTR FM NORMAL  -339

[CDD (BASE 65) ]
TOTAL THIS MO.   208
DPTR FM NORMAL    84    [PRESSURE DATA]
TOTAL FM JAN 1   595    HIGHEST SLP 30.28 ON 14
DPTR FM NORMAL   330    LOWEST  SLP 29.85 ON M

[REMARKS]
