000
CXUS54 KBRO 200900
CF6BRO
PRELIMINARY LOCAL CLIMATOLOGICAL DATA (WS FORM: F-6)

                                          STATION:   BROWNSVILLE
                                          MONTH:     FEBRUARY
                                          YEAR:      2018
                                          LATITUDE:   25 53 N
                                          LONGITUDE:  97 26 W

  TEMPERATURE IN F:       :PCPN:    SNOW:  WIND      :SUNSHINE: SKY     :PK WND
================================================================================
1   2   3   4   5  6A  6B    7    8   9   10  11  12  13   14  15   16   17  18
                                     12Z  AVG MX 2MIN
DY MAX MIN AVG DEP HDD CDD  WTR  SNW DPTH SPD SPD DIR MIN PSBL S-S WX    SPD DR
================================================================================

 1  83  60  72  10   0   7 0.00  0.0    0 11.9 29 170   M    M   0 1      35 170
 2  68  58  63   1   2   0 0.02  0.0    0  9.3 20 350   M    M  10 12     26 350
 3  75  57  66   3   0   1 0.00  0.0    0  6.8 17 150   M    M   7 1      19 150
 4  90  65  78  15   0  13 0.00  0.0    0 11.2 20 180   M    M   2 1      25 180
 5  82  68  75  12   0  10    T  0.0    0  7.7 17 160   M    M   9 1      21 160
 6  83  71  77  14   0  12 0.00  0.0    0 17.8 29 150   M    M   8        36 150
 7  79  46  63   0   2   0 1.14  0.0    0 12.5 23 340   M    M  10 13     32  10
 8  57  46  52 -11  13   0 0.07  0.0    0 10.7 17 330   M    M  10 13     22 320
 9  66  53  60  -3   5   0 0.09  0.0    0  4.8 13 320   M    M  10 1      15 320
10  81  62  72   8   0   7 0.00  0.0    0 12.4 31 180   M    M   7 1      36 170
11  79  43  61  -3   4   0    T  0.0    0 14.3 25 350   M    M  10 1      34 350
12  52  43  48 -16  17   0 0.00  0.0    0 10.5 16 340   M    M  10 18     23 350
13  59  51  55  -9  10   0 0.02  0.0    0  8.7 14 320   M    M  10 1      18 320
14  80  56  68   4   0   3    T  0.0    0  6.0 14 140   M    M   9 18     18 140
15  84  70  77  13   0  12 0.00  0.0    0 17.6 31 160   M    M   6 1      38 160
16  86  70  78  14   0  13 0.00  0.0    0 16.0 25 170   M    M   7 1      30 160
17  85  71  78  14   0  13 0.00  0.0    0 15.7 29 180   M    M   4 1      36 190
18  85  72  79  14   0  14 0.00  0.0    0 17.7 31 160   M    M   6 1      39 160
19  85  71  78  13   0  13 0.00  0.0    0 22.1 36 170   M    M   9        44 170
================================================================================
SM 1459 1133        53 118  1.34     0.0 233.7          M      144
================================================================================
AV 76.8 59.6                              12.3 FASTST   M    M   8    MAX(MPH)
                                 MISC ---->  # 36 170               # 44  170
================================================================================
NOTES:
# LAST OF SEVERAL OCCURRENCES

COLUMN 17 PEAK WIND IN M.P.H.

PRELIMINARY LOCAL CLIMATOLOGICAL DATA (WS FORM: F-6) , PAGE 2

                                          STATION:  BROWNSVILLE
                                          MONTH:    FEBRUARY
                                          YEAR:     2018
                                          LATITUDE:   25 53 N
                                          LONGITUDE:  97 26 W

[TEMPERATURE DATA]      [PRECIPITATION DATA]       SYMBOLS USED IN COLUMN 16

AVERAGE MONTHLY: 68.2   TOTAL FOR MONTH:   1.34    1 = FOG OR MIST
DPTR FM NORMAL:   4.7   DPTR FM NORMAL:    0.53    2 = FOG REDUCING VISIBILITY
HIGHEST:    90 ON  4    GRTST 24HR  1.14 ON  7- 7      TO 1/4 MILE OR LESS
LOWEST:     43 ON 12,11                            3 = THUNDER
                        SNOW, ICE PELLETS, HAIL    4 = ICE PELLETS
                        TOTAL MONTH:   0.0 INCH    5 = HAIL
                        GRTST 24HR     0.0         6 = FREEZING RAIN OR DRIZZLE
                        GRTST DEPTH:   0           7 = DUSTSTORM OR SANDSTORM:
                                                       VSBY 1/2 MILE OR LESS
                                                   8 = SMOKE OR HAZE
[NO. OF DAYS WITH]      [WEATHER - DAYS WITH]      9 = BLOWING SNOW
                                                   X = TORNADO
MAX 32 OR BELOW:   0    0.01 INCH OR MORE:   5
MAX 90 OR ABOVE:   1    0.10 INCH OR MORE:   1
MIN 32 OR BELOW:   0    0.50 INCH OR MORE:   1
MIN  0 OR BELOW:   0    1.00 INCH OR MORE:   1

[HDD (BASE 65) ]
TOTAL THIS MO.    53    CLEAR  (SCALE 0-3)   2
DPTR FM NORMAL   -27    PTCLDY (SCALE 4-7)   7
TOTAL FM JUL 1   481    CLOUDY (SCALE 8-10) 10
DPTR FM NORMAL     2

[CDD (BASE 65) ]
TOTAL THIS MO.   118
DPTR FM NORMAL    66    [PRESSURE DATA]
TOTAL FM JAN 1   161    HIGHEST SLP 30.35 ON  2
DPTR FM NORMAL    50    LOWEST  SLP 29.77 ON 10

[REMARKS]
