000
CXAK56 PAFG 251241
CF6BRW
PRELIMINARY LOCAL CLIMATOLOGICAL DATA (WS FORM: F-6)

                                          STATION:   BARROW AK
                                          MONTH:     SEPTEMBER
                                          YEAR:      2017
                                          LATITUDE:   71 17 N
                                          LONGITUDE: 156 47 W

  TEMPERATURE IN F:       :PCPN:    SNOW:  WIND      :SUNSHINE: SKY     :PK WND
================================================================================
1   2   3   4   5  6A  6B    7    8   9   10  11  12  13   14  15   16   17  18
                                     12Z  AVG MX 2MIN
DY MAX MIN AVG DEP HDD CDD  WTR  SNW DPTH SPD SPD DIR MIN PSBL S-S WX    SPD DR
================================================================================

 1  40  34  37   0  28   0 0.02    T    0 15.0 21  70   M    M  10 1      25  70
 2  41  36  39   3  26   0 0.00  0.0    0 11.6 16  80   M    M  10 1      20  90
 3  47  36  42   6  23   0 0.05  0.0    0  8.4 17 220   M    M   6 12     21 210
 4  43  35  39   3  26   0 0.01  0.0    0 12.5 20  90   M    M   9 12     24  80
 5  43  32  38   2  27   0    T  0.0    0 11.5 17 120   M    M   9 12     20 100
 6  39  35  37   2  28   0    T    T    0 20.3 31  60   M    M  10 12     37  60
 7  38  36  37   2  28   0 0.08    T    0 28.5 38  60   M    M  10 1      45  70
 8  36  32  34  -1  31   0    T    M    0 19.3 28  70   M    M  10 1      33  60
 9  38  32  35   0  30   0    T    T    0  8.3 13  40   M    M  10        16  30
10  38  34  36   2  29   0    T    T    0 10.8 17 110   M    M  10 1      22 110
11  38  28  33  -1  32   0 0.02    T    0  9.7 16 110   M    M   8 12     19 110
12  45  27  36   2  29   0 0.04  0.0    0 14.5 25 110   M    M   8 1      30 110
13  39  34  37   4  28   0 0.14  0.0    0  6.2 14 230   M    M   9 1      17 210
14  40  34  37   4  28   0 0.02  0.0    0  5.0 10  90   M    M  10 1      14  90
15  39  35  37   4  28   0 0.09  0.0    0  8.1 15  50   M    M  10 1      18  50
16  37  34  36   4  29   0 0.02  0.0    0 11.5 18 100   M    M  10 12     21 100
17  36  34  35   3  30   0 0.01  0.0    0  9.5 16  90   M    M  10 12     19  90
18  39  35  37   5  28   0    T  0.0    0  8.6 18 350   M    M  10 12     22 330
19  36  30  33   2  32   0    T    T    0 10.8 21 340   M    M  10 1      26 350
20  39  26  33   2  32   0 0.00  0.0    0  6.0  9 200   M    M   4        11 210
21  38  26  32   2  33   0    T    T    0 11.5 21 100   M    M  10 1      26 100
22  35  31  33   3  32   0    T    M    0 16.1 23  60   M    M   9 1      27  60
23  36  31  34   4  31   0    T    T    0 13.9 20  70   M    M  10 16     23  80
24  34  28  31   2  34   0 0.02  0.2    0  5.2 13  90   M    M  10 16     16  90
================================================================================
SM  934  775       702   0  0.52     0.2 282.8          M      222
================================================================================
AV 38.9 32.3                              11.8 FASTST   M    M   9    MAX(MPH)
                                 MISC ---->  # 38  60               # 45   70
================================================================================
NOTES:
# LAST OF SEVERAL OCCURRENCES

COLUMN 17 PEAK WIND IN M.P.H.

PRELIMINARY LOCAL CLIMATOLOGICAL DATA (WS FORM: F-6) , PAGE 2

                                          STATION:  BARROW AK
                                          MONTH:    SEPTEMBER
                                          YEAR:     2017
                                          LATITUDE:   71 17 N
                                          LONGITUDE: 156 47 W

[TEMPERATURE DATA]      [PRECIPITATION DATA]       SYMBOLS USED IN COLUMN 16

AVERAGE MONTHLY: 35.6   TOTAL FOR MONTH:   0.52    1 = FOG OR MIST
DPTR FM NORMAL:   2.3   DPTR FM NORMAL:   -0.09    2 = FOG REDUCING VISIBILITY
HIGHEST:    47 ON  3    GRTST 24HR  0.14 ON 13-13      TO 1/4 MILE OR LESS
LOWEST:     26 ON 21,20                            3 = THUNDER
                        SNOW, ICE PELLETS, HAIL    4 = ICE PELLETS
                        TOTAL MONTH:   0.2 INCH    5 = HAIL
                        GRTST 24HR   0.2 ON 24-24  6 = FREEZING RAIN OR DRIZZLE
                        GRTST DEPTH:   0           7 = DUSTSTORM OR SANDSTORM:
                                                       VSBY 1/2 MILE OR LESS
                                                   8 = SMOKE OR HAZE
[NO. OF DAYS WITH]      [WEATHER - DAYS WITH]      9 = BLOWING SNOW
                                                   X = TORNADO
MAX 32 OR BELOW:   0    0.01 INCH OR MORE:  12
MAX 90 OR ABOVE:   0    0.10 INCH OR MORE:   1
MIN 32 OR BELOW:  11    0.50 INCH OR MORE:   0
MIN  0 OR BELOW:   0    1.00 INCH OR MORE:   0

[HDD (BASE 65) ]
TOTAL THIS MO.   702    CLEAR  (SCALE 0-3)   0
DPTR FM NORMAL   -59    PTCLDY (SCALE 4-7)   3
TOTAL FM JUL 1  2045    CLOUDY (SCALE 8-10) 21
DPTR FM NORMAL  -271

[CDD (BASE 65) ]
TOTAL THIS MO.     0
DPTR FM NORMAL     0    [PRESSURE DATA]
TOTAL FM JAN 1     0    HIGHEST SLP M ON M
DPTR FM NORMAL     0    LOWEST  SLP 29.33 ON 12

[REMARKS]
