000
CXAK56 PAFG 251447
CF6BRW
PRELIMINARY LOCAL CLIMATOLOGICAL DATA (WS FORM: F-6)

                                          STATION:   BARROW AK
                                          MONTH:     MARCH
                                          YEAR:      2017
                                          LATITUDE:   71 17 N
                                          LONGITUDE: 156 47 W

  TEMPERATURE IN F:       :PCPN:    SNOW:  WIND      :SUNSHINE: SKY     :PK WND
================================================================================
1   2   3   4   5  6A  6B    7    8   9   10  11  12  13   14  15   16   17  18
                                     12Z  AVG MX 2MIN
DY MAX MIN AVG DEP HDD CDD  WTR  SNW DPTH SPD SPD DIR MIN PSBL S-S WX    SPD DR
================================================================================

 1  -1 -21 -11   3  76   0 0.02  0.2    8 16.1 24 280   M    M   6 18     29 300
 2  -3 -11  -7   7  72   0    T    T    8 23.3 30 270   M    M   5 189    35 270
 3   0  -6  -3  11  68   0    T    T    8 21.7 28 270   M    M   4 189    34 260
 4   0 -18  -9   5  74   0    T    T    8  8.2 20 300   M    M   7 189    24 300
 5  -9 -24 -16  -2  81   0 0.00  0.0    8  9.3 17 280   M    M   4 18     19 280
 6  -9 -15 -12   2  77   0 0.00  0.0    8 11.8 15 280   M    M   4 18     19 280
 7  -7 -17 -12   2  77   0 0.01  0.1    8  8.9 12 240   M    M   5 18     14 230
 8   9 -23  -7   7  72   0 0.01  0.1    8 11.5 18 190   M    M   4 18     23 180
 9  18   8  13  27  52   0 0.08  0.8    9 17.3 30 240   M    M  10 189    36 230
10  26  18  22  36  43   0 0.01  0.2    9 15.5 23 260   M    M  10 168    28 250
11  26   6  16  30  49   0 0.00  0.0    9 12.2 24 280   M    M   3 1      29 270
12   8 -12  -2  12  67   0 0.03  0.3    9  8.3 12 240   M    M   4 18     15 280
13  -6 -17 -11   3  76   0 0.00  0.0    9 10.9 16 260   M    M   0        21 270
14  -4 -12  -8   6  73   0 0.00  0.0    9 10.8 15 240   M    M   4 8      17 230
15  -7 -23 -15  -1  80   0 0.08  0.0    9  6.9 14 310   M    M   4 18     17 320
16 -17 -29 -23 -10  88   0 0.00  0.0    9  6.6 10 200   M    M   1 18     11 200
17 -18 -33 -25 -12  90   0 0.00  0.0    9  5.6  9 150   M    M   0 18      9 150
18 -19 -30 -24 -11  89   0 0.00  0.0    9  6.7 10 150   M    M   0 18     12 150
19 -15 -34 -24 -11  89   0 0.00  0.0    9  6.6 10 220   M    M   2        11 220
20   8 -19  -5   7  70   0 0.02  0.2    9 14.0 20 250   M    M   6 89     24 270
21   6 -11  -2  10  67   0 0.03  0.3    9 12.6 20 270   M    M   3 8      23 270
22  10 -12  -1  11  66   0    T    T    9 12.4 17 210   M    M   5 18     20 200
23  10  -9   1  13  64   0 0.01  0.2    9 11.3 16 260   M    M   6 18     20 260
24  10  -5   3  14  62   0    T    T    9 15.1 22 230   M    M   6 89     27 300
================================================================================
SM   16 -349      1722   0  0.30     2.4 283.6          M      103
================================================================================
AV  0.7-14.5                              11.8 FASTST   M    M   4    MAX(MPH)
                                 MISC ---->  # 30 270               # 36  230
================================================================================
NOTES:
# LAST OF SEVERAL OCCURRENCES

COLUMN 17 PEAK WIND IN M.P.H.

PRELIMINARY LOCAL CLIMATOLOGICAL DATA (WS FORM: F-6) , PAGE 2

                                          STATION:  BARROW AK
                                          MONTH:    MARCH
                                          YEAR:     2017
                                          LATITUDE:   71 17 N
                                          LONGITUDE: 156 47 W

[TEMPERATURE DATA]      [PRECIPITATION DATA]       SYMBOLS USED IN COLUMN 16

AVERAGE MONTHLY: -6.9   TOTAL FOR MONTH:   0.30    1 = FOG OR MIST
DPTR FM NORMAL:   6.4   DPTR FM NORMAL:    0.23    2 = FOG REDUCING VISIBILITY
HIGHEST:    26 ON 11,10 GRTST 24HR  0.08 ON 15-15      TO 1/4 MILE OR LESS
LOWEST:    -34 ON 19                               3 = THUNDER
                        SNOW, ICE PELLETS, HAIL    4 = ICE PELLETS
                        TOTAL MONTH:   2.4 INCHES  5 = HAIL
                        GRTST 24HR   0.8 ON   M    6 = FREEZING RAIN OR DRIZZLE
                        GRTST DEPTH:   9 ON 24,23  7 = DUSTSTORM OR SANDSTORM:
                                                       VSBY 1/2 MILE OR LESS
                                                   8 = SMOKE OR HAZE
[NO. OF DAYS WITH]      [WEATHER - DAYS WITH]      9 = BLOWING SNOW
                                                   X = TORNADO
MAX 32 OR BELOW:  24    0.01 INCH OR MORE:  10
MAX 90 OR ABOVE:   0    0.10 INCH OR MORE:   0
MIN 32 OR BELOW:  24    0.50 INCH OR MORE:   0
MIN  0 OR BELOW:  21    1.00 INCH OR MORE:   0

[HDD (BASE 65) ]
TOTAL THIS MO.  1722    CLEAR  (SCALE 0-3)   7
DPTR FM NORMAL  -160    PTCLDY (SCALE 4-7)  15
TOTAL FM JUL 1 12684    CLOUDY (SCALE 8-10)  2
DPTR FM NORMAL -2055

[CDD (BASE 65) ]
TOTAL THIS MO.     0
DPTR FM NORMAL     0    [PRESSURE DATA]
TOTAL FM JAN 1     0    HIGHEST SLP M ON M
DPTR FM NORMAL     0    LOWEST  SLP 29.86 ON 23

[REMARKS]
