000
CXUS51 KBTV 180700
CF6BTV
PRELIMINARY LOCAL CLIMATOLOGICAL DATA (WS FORM: F-6)
STATION: BURLINGTON VT
MONTH: APRIL
YEAR: 2024
LATITUDE: 44 28 N
LONGITUDE: 73 9 W
TEMPERATURE IN F: :PCPN: SNOW: WIND :SUNSHINE: SKY :PK WND
================================================================================
1 2 3 4 5 6A 6B 7 8 9 10 11 12 13 14 15 16 17 18
12Z AVG MX 2MIN
DY MAX MIN AVG DEP HDD CDD WTR SNW DPTH SPD SPD DIR MIN PSBL S-S WX SPD DR
================================================================================
1 59 31 45 6 20 0 0.00 0.0 0 7.4 21 10 M M 5 27 210
2 57 29 43 4 22 0 0.00 0.0 0 6.2 16 140 M M 5 24 140
3 48 35 42 2 23 0 0.27 T T 11.9 26 160 M M 9 14 43 150
4 37 32 35 -5 30 0 0.77 10.0 4 10.3 22 120 M M 10 1 34 110
5 39 33 36 -4 29 0 0.01 T 7 10.4 18 340 M M 10 1 24 340
6 43 35 39 -2 26 0 T T 2 11.8 21 340 M M 10 27 10
7 53 31 42 1 23 0 0.00 0.0 T 8.0 21 330 M M 1 28 320
8 65 30 48 6 17 0 0.00 0.0 0 2.9 10 340 M M 4 15 20
9 71 36 54 12 11 0 0.00 0.0 0 2.6 8 320 M M 2 11 270
10 62 47 55 12 10 0 0.14 0.0 0 10.2 21 190 M M 7 32 160
11 58 47 53 10 12 0 0.10 0.0 0 11.4 18 120 M M 8 1 27 140
12 76 52 64 20 1 0 0.81 0.0 0 15.4 33 190 M M 9 1 51 150
13 53 39 46 2 19 0 0.06 0.0 0 12.6 24 190 M M 10 37 210
14 56 36 46 1 19 0 T M M 6.4 21 200 M M 7 30 190
15 58 40 49 4 16 0 0.01 0.0 0 3.5 12 330 M M 8 1 16 310
16 60 37 49 3 16 0 0.00 0.0 0 7.9 22 360 M M 4 36 350
17 53 33 43 -3 22 0 0.00 0.0 0 5.8 14 330 M M 6 19 330
================================================================================
SM 948 623 316 0 2.17 10.0 144.7 M 115
================================================================================
AV 55.8 36.6 8.5 FASTST M M 7 MAX(MPH)
MISC ----> 33 190 51 150
================================================================================
NOTES:
# LAST OF SEVERAL OCCURRENCES
COLUMN 17 PEAK WIND IN M.P.H.
PRELIMINARY LOCAL CLIMATOLOGICAL DATA (WS FORM: F-6) , PAGE 2
STATION: BURLINGTON VT
MONTH: APRIL
YEAR: 2024
LATITUDE: 44 28 N
LONGITUDE: 73 9 W
[TEMPERATURE DATA] [PRECIPITATION DATA] SYMBOLS USED IN COLUMN 16
AVERAGE MONTHLY: 46.2 TOTAL FOR MONTH: 2.17 1 = FOG OR MIST
DPTR FM NORMAL: 3.9 DPTR FM NORMAL: 0.51 2 = FOG REDUCING VISIBILITY
HIGHEST: 76 ON 12 GRTST 24HR 0.93 ON 3- 4 TO 1/4 MILE OR LESS
LOWEST: 29 ON 2 3 = THUNDER
SNOW, ICE PELLETS, HAIL 4 = ICE PELLETS
TOTAL MONTH: 10.0 INCHES 5 = HAIL
GRTST 24HR 10.0 ON 4- 4 6 = FREEZING RAIN OR DRIZZLE
GRTST DEPTH: 7 ON 5 7 = DUSTSTORM OR SANDSTORM:
VSBY 1/2 MILE OR LESS
8 = SMOKE OR HAZE
[NO. OF DAYS WITH] [WEATHER - DAYS WITH] 9 = BLOWING SNOW
X = TORNADO
MAX 32 OR BELOW: 0 0.01 INCH OR MORE: 8
MAX 90 OR ABOVE: 0 0.10 INCH OR MORE: 5
MIN 32 OR BELOW: 5 0.50 INCH OR MORE: 2
MIN 0 OR BELOW: 0 1.00 INCH OR MORE: 0
[HDD (BASE 65) ]
TOTAL THIS MO. 316 CLEAR (SCALE 0-3) 2
DPTR FM NORMAL -70 PTCLDY (SCALE 4-7) 8
TOTAL FM JUL 1 5470 CLOUDY (SCALE 8-10) 7
DPTR FM NORMAL -1007
[CDD (BASE 65) ]
TOTAL THIS MO. 0
DPTR FM NORMAL 0 [PRESSURE DATA]
TOTAL FM JAN 1 0 HIGHEST SLP M ON M
DPTR FM NORMAL 0 LOWEST SLP 29.09 ON 12
[REMARKS]