000
CXUS51 KBUF 281205
CF6BUF
PRELIMINARY LOCAL CLIMATOLOGICAL DATA (WS FORM: F-6)

                                          STATION:   BUFFALO NY
                                          MONTH:     DECEMBER
                                          YEAR:      2014
                                          LATITUDE:   42 55 N
                                          LONGITUDE:  78 44 W

  TEMPERATURE IN F:       :PCPN:    SNOW:  WIND      :SUNSHINE: SKY     :PK WND
================================================================================
1   2   3   4   5  6A  6B    7    8   9   10  11  12  13   14  15   16   17  18
                                     12Z  AVG MX 2MIN
DY MAX MIN AVG DEP HDD CDD  WTR  SNW DPTH SPD SPD DIR MIN PSBL S-S WX    SPD DR
================================================================================

 1  51  25  38   3  27   0    T    T    0 11.9 20 320   M    M   9 1      26 320
 2  36  19  28  -7  37   0 0.04  0.1    0  8.2 18 110   M    M   7 1      24 100
 3  39  32  36   2  29   0 0.14    T    0 18.3 29 270   M    M   8 15     38 240
 4  34  25  30  -4  35   0 0.00  0.0    0  8.8 22 270   M    M   4        29 260
 5  41  24  33  -1  32   0    T  0.0    0  5.3 12 180   M    M   8 1      14 160
 6  39  30  35   2  30   0 0.16  0.0    0  8.1 17 350   M    M   8 18     23 350
 7  32  24  28  -5  37   0 0.00  0.0    0  9.1 16  50   M    M   4        21 100
 8  40  23  32   0  33   0 0.00  0.0    0  9.4 18 170   M    M  10        23 180
 9  45  34  40   8  25   0 0.01    T    0  7.6 14  20   M    M   9 1      18  30
10  35  25  30  -2  35   0 0.10  1.3    T 12.9 22 350   M    M  10 1      27 340
11  27  24  26  -5  39   0 0.45  8.0    6  8.7 18 300   M    M  10 168    27 270
12  35  27  31   0  34   0    T    T    6  9.1 16 280   M    M   9 16     21 270
13  37  31  34   3  31   0    T  0.0    5 15.0 28 240   M    M  10 1      37 250
14  38  35  37   7  28   0    T  0.0    2  8.3 15 270   M    M  10 1      19 300
15  40  34  37   7  28   0    T  0.0    0  5.5 12 140   M    M  10 12     13 140
16  46  30  38   8  27   0 0.29  0.0    0  9.1 23 220   M    M   9 1      29 250
17  42  30  36   6  29   0 0.34  0.5    0 19.5 28 260   M    M  10 18     37 260
18  32  27  30   1  35   0    T    T    T 12.2 23 260   M    M   9 168    29 250
19  29  25  27  -2  38   0    T    T    T  9.1 15 280   M    M   9 8      19 280
20  32  24  28  -1  37   0 0.00  0.0    T  4.0 12 220   M    M   7        13 220
21  33  27  30   2  35   0 0.00  0.0    0  3.6 12 100   M    M   9        13 110
22  40  27  34   6  31   0 0.00  0.0    0  6.3 12 150   M    M   7        14 150
23  50  34  42  14  23   0    T  0.0    0  6.9 13 170   M    M   9        16 160
24  57  42  50  22  15   0 0.30  0.0    0 12.6 39 240   M    M   9 13     51 240
25  43  38  41  13  24   0    T  0.0    0 24.7 44 240   M    M  10        57 240
26  46  36  41  14  24   0 0.00  0.0    0 12.4 25 250   M    M   6        34 240
27  54  36  45  18  20   0    T  0.0    0 11.7 24 240   M    M   8        33 250
================================================================================
SM 1073  788       818   0  1.83     9.9 278.3          M      228
================================================================================
AV 39.7 29.2                              10.3 FASTST   M    M   8    MAX(MPH)
                                 MISC ---->  # 44 240               # 57  240
================================================================================
NOTES:
# LAST OF SEVERAL OCCURRENCES

COLUMN 17 PEAK WIND IN M.P.H.

PRELIMINARY LOCAL CLIMATOLOGICAL DATA (WS FORM: F-6) , PAGE 2

                                          STATION:  BUFFALO NY
                                          MONTH:    DECEMBER
                                          YEAR:     2014
                                          LATITUDE:   42 55 N
                                          LONGITUDE:  78 44 W

[TEMPERATURE DATA]      [PRECIPITATION DATA]       SYMBOLS USED IN COLUMN 16

AVERAGE MONTHLY: 34.5   TOTAL FOR MONTH:   1.83    1 = FOG OR MIST
DPTR FM NORMAL:   3.8   DPTR FM NORMAL:   -1.56    2 = FOG REDUCING VISIBILITY
HIGHEST:    57 ON 24    GRTST 24HR  0.57 ON 10-11      TO 1/4 MILE OR LESS
LOWEST:     19 ON  2                               3 = THUNDER
                        SNOW, ICE PELLETS, HAIL    4 = ICE PELLETS
                        TOTAL MONTH:   9.9 INCHES  5 = HAIL
                        GRTST 24HR   8.0 ON 11-11  6 = FREEZING RAIN OR DRIZZLE
                        GRTST DEPTH:   6 ON 12,11  7 = DUSTSTORM OR SANDSTORM:
                                                       VSBY 1/2 MILE OR LESS
                                                   8 = SMOKE OR HAZE
[NO. OF DAYS WITH]      [WEATHER - DAYS WITH]      9 = BLOWING SNOW
                                                   X = TORNADO
MAX 32 OR BELOW:   5    0.01 INCH OR MORE:   9
MAX 90 OR ABOVE:   0    0.10 INCH OR MORE:   7
MIN 32 OR BELOW:  19    0.50 INCH OR MORE:   0
MIN  0 OR BELOW:   0    1.00 INCH OR MORE:   0

[HDD (BASE 65) ]
TOTAL THIS MO.   818    CLEAR  (SCALE 0-3)   0
DPTR FM NORMAL  -111    PTCLDY (SCALE 4-7)   9
TOTAL FM JUL 1  2116    CLOUDY (SCALE 8-10) 18
DPTR FM NORMAL  -146

[CDD (BASE 65) ]
TOTAL THIS MO.     0
DPTR FM NORMAL     0    [PRESSURE DATA]
TOTAL FM JAN 1   516    HIGHEST SLP M ON M
DPTR FM NORMAL   -28    LOWEST  SLP 29.21 ON 24

[REMARKS]
