000
CXUS55 KLOX 301655
CF6BUR
PRELIMINARY LOCAL CLIMATOLOGICAL DATA (WS FORM: F-6)

                                          STATION:   BOB HOPE AIRPORT (BURBANK) CA
                                          MONTH:     JANUARY
                                          YEAR:      2015
                                          LATITUDE:   34 12 N
                                          LONGITUDE: 118 22 W

  TEMPERATURE IN F:       :PCPN:    SNOW:  WIND      :SUNSHINE: SKY     :PK WND
================================================================================
1   2   3   4   5  6A  6B    7    8   9   10  11  12  13   14  15   16   17  18
                                     12Z  AVG MX 2MIN
DY MAX MIN AVG DEP HDD CDD  WTR  SNW DPTH SPD SPD DIR MIN PSBL S-S WX    SPD DR
================================================================================

 1  57  31  44 -10  21   0 0.00  0.0    0  0.7  9 200   M    M   0        12 210
 2  59  33  46  -8  19   0 0.00  0.0    0  1.9  9 210   M    M   0        12 210
 3  62  36  49  -5  16   0 0.00  0.0    0  1.2  9 190   M    M   0        10 200
 4  70  37  54   0  11   0 0.00  0.0    0  1.0  7 250   M    M   0         8 320
 5  80  44  62   8   3   0 0.00  0.0    0  2.0  8 340   M    M   0        12 110
 6  83  47  65  11   0   0 0.00  0.0    0  2.6 12 330   M    M   0        14 330
 7  85  48  67  12   0   2 0.00  0.0    0  2.8  9 120   M    M   0        16 110
 8  73  50  62   7   3   0 0.00  0.0    0  2.2  9 160   M    M   0        15 120
 9  72  52  62   7   3   0 0.00  0.0    0  3.3 12 180   M    M   0 8      16 160
10  59  49  54  -1  11   0 0.41    M    0  1.6  9 260   M    M   6 18     10 260
11  61  52  57   2   8   0 0.27  0.0    0  2.1 10 140   M    M   8 18     15 340
12  65  47  56   1   9   0 0.00    M    M  3.1  9 140   M    M   2 128    12 260
13  72  49  61   6   4   0 0.00  0.0    0  2.8 13 100   M    M   2 18     18  90
14  71  44  58   3   7   0 0.00  0.0    0  2.9 12 170   M    M   0        14 160
15  72  44  58   3   7   0 0.00  0.0    0  2.3 12 270   M    M   0        14 270
16  76  44  60   5   5   0 0.00  0.0    0  2.0  9 180   M    M   0        13 330
17  79  49  64   9   1   0 0.00  0.0    0  1.4  7 310   M    M   0        16 330
18  75  50  63   8   2   0 0.00  0.0    0  1.5  7 180   M    M   0         M  M
19  73  46  60   5   5   0 0.00  0.0    0  1.6  9 180   M    M   0 8      12 130
20  63  48  56   1   9   0 0.00  0.0    0  1.8 15  90   M    M   2 128    12 120
21  76  50  63   8   2   0 0.00  0.0    0  3.7 17  30   M    M   3 18     22  40
22  73  46  60   5   5   0 0.00  0.0    0  3.2 10 250   M    M   0        13 250
23  73  44  59   4   6   0 0.00  0.0    0  3.0 15 110   M    M   0        20 120
24  81  57  69  14   0   4 0.00  0.0    0 13.8 46  20   M    M   0        60  20
25  79  49  64   9   1   0 0.00  0.0    0  3.0 12 180   M    M   0        17 120
26  75  54  65  10   0   0 0.19  0.0    0  4.7 17 180   M    M   6 1      21 170
27  70  54  62   7   3   0 0.01  0.0    0  2.7 10 220   M    M   4 1      16 200
28  72  53  63   8   2   0 0.00  0.0    0  2.9  9 280   M    M   0        13 280
29  73  57  65  10   0   0    T  0.0    0  2.6  9 330   M    M   2        14 130
================================================================================
SM 2079 1364       163   6  0.88     0.0  80.4          M       35
================================================================================
AV 71.7 47.0                               2.8 FASTST   M    M   1    MAX(MPH)
                                 MISC ---->  # 46  20               # 60   20
================================================================================
NOTES:
# LAST OF SEVERAL OCCURRENCES

COLUMN 17 PEAK WIND IN M.P.H.

PRELIMINARY LOCAL CLIMATOLOGICAL DATA (WS FORM: F-6) , PAGE 2

                                          STATION:  BOB HOPE AIRPORT (BURBANK) CA
                                          MONTH:    JANUARY
                                          YEAR:     2015
                                          LATITUDE:   34 12 N
                                          LONGITUDE: 118 22 W

[TEMPERATURE DATA]      [PRECIPITATION DATA]       SYMBOLS USED IN COLUMN 16

AVERAGE MONTHLY: 59.4   TOTAL FOR MONTH:   0.88    1 = FOG OR MIST
DPTR FM NORMAL:   4.6   DPTR FM NORMAL:   -2.39    2 = FOG REDUCING VISIBILITY
HIGHEST:    85 ON  7    GRTST 24HR  0.68 ON 10-11      TO 1/4 MILE OR LESS
LOWEST:     31 ON  1                               3 = THUNDER
                        SNOW, ICE PELLETS, HAIL    4 = ICE PELLETS
                        TOTAL MONTH:   0.0 INCH    5 = HAIL
                        GRTST 24HR     0.0         6 = FREEZING RAIN OR DRIZZLE
                        GRTST DEPTH:   0           7 = DUSTSTORM OR SANDSTORM:
                                                       VSBY 1/2 MILE OR LESS
                                                   8 = SMOKE OR HAZE
[NO. OF DAYS WITH]      [WEATHER - DAYS WITH]      9 = BLOWING SNOW
                                                   X = TORNADO
MAX 32 OR BELOW:   0    0.01 INCH OR MORE:   4
MAX 90 OR ABOVE:   0    0.10 INCH OR MORE:   3
MIN 32 OR BELOW:   1    0.50 INCH OR MORE:   0
MIN  0 OR BELOW:   0    1.00 INCH OR MORE:   0

[HDD (BASE 65) ]
TOTAL THIS MO.   163    CLEAR  (SCALE 0-3)  25
DPTR FM NORMAL  -133    PTCLDY (SCALE 4-7)   4
TOTAL FM JUL 1   461    CLOUDY (SCALE 8-10)  0
DPTR FM NORMAL  -402

[CDD (BASE 65) ]
TOTAL THIS MO.     6
DPTR FM NORMAL     6    [PRESSURE DATA]
TOTAL FM JAN 1     6    HIGHEST SLP M ON M
DPTR FM NORMAL     6    LOWEST  SLP 29.92 ON M

[REMARKS]
