000
CXUS54 KLZK 201130
CF6BVX
PRELIMINARY LOCAL CLIMATOLOGICAL DATA (WS FORM: F-6)

                                          STATION:   Batesville Regional Airport
                                          MONTH:     JANUARY
                                          YEAR:      2017
                                          LATITUDE:   35 43 N
                                          LONGITUDE:  91 39 W

  TEMPERATURE IN F:       :PCPN:    SNOW:  WIND      :SUNSHINE: SKY     :PK WND
================================================================================
1   2   3   4   5  6A  6B    7    8   9   10  11  12  13   14  15   16   17  18
                                     12Z  AVG MX 2MIN
DY MAX MIN AVG DEP HDD CDD  WTR  SNW DPTH SPD SPD DIR MIN PSBL S-S WX    SPD DR
================================================================================

 1  45  41  43   6  22   0 0.00  0.0    0  5.1  8  80   M    M  10         M  M
 2  52  43  48  11  17   0 0.99    M    0  3.0 13 100   M    M  10 3       M  M
 3  55  37  46   9  19   0 0.00  0.0    0  5.9 10 300   M    M  10        20 300
 4  39  25  32  -5  33   0 0.00  0.0    0  5.5 12 290   M    M   0        20 330
 5  32  23  28  -9  37   0 0.00  0.0    0  4.3  8 340   M    M   9         M  M
 6  23  16  20 -16  45   0 0.00  0.0    0  5.9 10 230   M    M   6        20 230
 7  28   9  19 -17  46   0 0.00  0.0    0  3.6  7 270   M    M   0         M  M
 8  30  12  21 -15  44   0 0.00  0.0    0  3.8 10 150   M    M   2        18 150
 9  45  25  35  -1  30   0 0.00  0.0    0  8.1 14 170   M    M   5        22 160
10  70  46  58  22   7   0 0.00  0.0    0 11.4 21 200   M    M   6        36 200
11  72  46  59  23   6   0 0.01    M    0  9.0 17 200   M    M   7        30 190
12  75  45  60  24   5   0 0.00  0.0    0  9.4 14 190   M    M   9        21 200
13  45  36  41   5  24   0 0.01    M    0  5.3  9  50   M    M  10         M  M
14  45  37  41   4  24   0 0.20  0.0    0  1.6  5  40   M    M  10 12      M  M
15  43  37  40   3  25   0 0.02  0.0    0  4.7  7  60   M    M  10 12      M  M
16  63  43  53  16  12   0 0.10  0.0    0  4.4 10 180   M    M  10 12     22 180
17  57  41  49  12  16   0 0.00  0.0    0  5.5 10 230   M    M   3         M  M
18  46  39  43   6  22   0 0.01    M    0  2.5  8 100   M    M   9         M  M
19  52  45  49  12  16   0 0.33    M    0  1.9  9 200   M    M  10         M  M
================================================================================
SM  917  646       450   0  1.67     0.0 100.9          M      136
================================================================================
AV 48.3 34.0                               5.3 FASTST   M    M   7    MAX(MPH)
                                 MISC ---->    21   M                 36    M
================================================================================
NOTES:
# LAST OF SEVERAL OCCURRENCES

COLUMN 17 PEAK WIND IN M.P.H.

PRELIMINARY LOCAL CLIMATOLOGICAL DATA (WS FORM: F-6) , PAGE 2

                                          STATION:  Batesville Regional Airport
                                          MONTH:    JANUARY
                                          YEAR:     2017
                                          LATITUDE:   35 43 N
                                          LONGITUDE:  91 39 W

[TEMPERATURE DATA]      [PRECIPITATION DATA]       SYMBOLS USED IN COLUMN 16

AVERAGE MONTHLY: 41.1   TOTAL FOR MONTH:   1.67    1 = FOG OR MIST
DPTR FM NORMAL:   4.6   DPTR FM NORMAL:   -0.55    2 = FOG REDUCING VISIBILITY
HIGHEST:    75 ON 12    GRTST 24HR  0.99 ON  2- 2      TO 1/4 MILE OR LESS
LOWEST:      9 ON  7                               3 = THUNDER
                        SNOW, ICE PELLETS, HAIL    4 = ICE PELLETS
                        TOTAL MONTH:   0.0 INCH    5 = HAIL
                        GRTST 24HR     0.0         6 = FREEZING RAIN OR DRIZZLE
                        GRTST DEPTH:   0           7 = DUSTSTORM OR SANDSTORM:
                                                       VSBY 1/2 MILE OR LESS
                                                   8 = SMOKE OR HAZE
[NO. OF DAYS WITH]      [WEATHER - DAYS WITH]      9 = BLOWING SNOW
                                                   X = TORNADO
MAX 32 OR BELOW:   4    0.01 INCH OR MORE:   8
MAX 90 OR ABOVE:   0    0.10 INCH OR MORE:   4
MIN 32 OR BELOW:   6    0.50 INCH OR MORE:   1
MIN  0 OR BELOW:   0    1.00 INCH OR MORE:   0

[HDD (BASE 65) ]
TOTAL THIS MO.   450    CLEAR  (SCALE 0-3)   4
DPTR FM NORMAL   -84    PTCLDY (SCALE 4-7)   4
TOTAL FM JUL 1  1551    CLOUDY (SCALE 8-10) 11
DPTR FM NORMAL  -485

[CDD (BASE 65) ]
TOTAL THIS MO.     0
DPTR FM NORMAL     0    [PRESSURE DATA]
TOTAL FM JAN 1     0    HIGHEST SLP M ON M
DPTR FM NORMAL     0    LOWEST  SLP M ON M

[REMARKS]
