000
CXUS54 KLZK 281430
CF6BVX
PRELIMINARY LOCAL CLIMATOLOGICAL DATA (WS FORM: F-6)

                                          STATION:   Batesville Regional Airport
                                          MONTH:     FEBRUARY
                                          YEAR:      2015
                                          LATITUDE:   35 43 N
                                          LONGITUDE:  91 39 W

  TEMPERATURE IN F:       :PCPN:    SNOW:  WIND      :SUNSHINE: SKY     :PK WND
================================================================================
1   2   3   4   5  6A  6B    7    8   9   10  11  12  13   14  15   16   17  18
                                     12Z  AVG MX 2MIN
DY MAX MIN AVG DEP HDD CDD  WTR  SNW DPTH SPD SPD DIR MIN PSBL S-S WX    SPD DR
================================================================================

 1  52  28  40   2  25   0 0.39    M    0  9.0 17 280   M    M  10        31 280
 2  36  25  31  -7  34   0 0.00  0.0    0  6.7 15 290   M    M   5        24 290
 3  52  25  39   1  26   0 0.00  0.0    0  6.3 13 180   M    M   0         M  M
 4  52  30  41   3  24   0 0.00  0.0    0  5.6 12 320   M    M   7        23 340
 5  37  21  29 -10  36   0 0.00  0.0    0  4.8  9 340   M    M   1        17 350
 6  54  21  38  -1  27   0 0.00  0.0    0  6.7 14 190   M    M   1        25 190
 7  66  39  53  14  12   0 0.00  0.0    0  9.8 16 190   M    M   0        23 190
 8  66  52  59  20   6   0 0.00  0.0    0 10.4 14 210   M    M   2        27 210
 9  55  37  46   6  19   0 0.00  0.0    0  5.8  9  10   M    M   6         M  M
10  46  30  38  -2  27   0 0.00  0.0    0  5.7 10  80   M    M   3         M  M
11  61  28  45   5  20   0 0.00  0.0    0  4.3 12 330   M    M   0        22 330
12  39  27  33  -7  32   0 0.00  0.0    0  7.7 13 330   M    M   1        23 330
13  45  25  35  -5  30   0 0.00  0.0    0  6.0  9 200   M    M   3         M  M
14  72  28  50   9  15   0 0.00  0.0    0  7.5 16 260   M    M   0        24  20
15  30  19  25 -16  40   0 0.00  0.0    0 12.2 17  60   M    M   5        22  60
16  27  19  23 -18  42   0 0.00  0.0    0  6.5  9 340   M    M   7        17 340
17  41  16  29 -13  36   0 0.34    M    0  5.1 10 230   M    M   2        18 230
18  36  19  28 -14  37   0 0.00  0.0    0  9.1 13 290   M    M   1        23 280
19  27  10  19 -23  46   0 0.00  0.0    0  3.7  8 130   M    M   5         M  M
20  32  19  26 -16  39   0 0.38    M    0  7.6 10 110   M    M  10         M  M
21  41  32  37  -6  28   0 2.18    M    0  2.1  7 300   M    M   9 3       M  M
22  37  30  34  -9  31   0 0.00  0.0    0  6.0 12  20   M    M   9        17  20
23  30  21  26 -17  39   0 0.00  0.0    0  6.9 12 360   M    M   9        17 360
24  43  21  32 -12  33   0 0.00  0.0    0  4.0  8 250   M    M   5         M  M
25  41  25  33 -11  32   0 0.00  0.0    0  2.0  7 140   M    M   0         M  M
26  34  21  28 -16  37   0 0.00  0.0    0  6.9 14 280   M    M   5        25 280
27  28  16  22 -22  43   0 0.00  0.0    0  6.7 12  10   M    M   4        17  10
================================================================================
SM 1180  684       816   0  3.29     0.0 175.1          M      110
================================================================================
AV 43.7 25.3                               6.5 FASTST   M    M   4    MAX(MPH)
                                 MISC ---->    17   M                 31    M
================================================================================
NOTES:
# LAST OF SEVERAL OCCURRENCES

COLUMN 17 PEAK WIND IN M.P.H.

PRELIMINARY LOCAL CLIMATOLOGICAL DATA (WS FORM: F-6) , PAGE 2

                                          STATION:  Batesville Regional Airport
                                          MONTH:    FEBRUARY
                                          YEAR:     2015
                                          LATITUDE:   35 43 N
                                          LONGITUDE:  91 39 W

[TEMPERATURE DATA]      [PRECIPITATION DATA]       SYMBOLS USED IN COLUMN 16

AVERAGE MONTHLY: 34.5   TOTAL FOR MONTH:   3.29    1 = FOG OR MIST
DPTR FM NORMAL:  -6.4   DPTR FM NORMAL:    0.10    2 = FOG REDUCING VISIBILITY
HIGHEST:    72 ON 14    GRTST 24HR  2.18 ON 21-21      TO 1/4 MILE OR LESS
LOWEST:     10 ON 19                               3 = THUNDER
                        SNOW, ICE PELLETS, HAIL    4 = ICE PELLETS
                        TOTAL MONTH:   0.0 INCH    5 = HAIL
                        GRTST 24HR     0.0         6 = FREEZING RAIN OR DRIZZLE
                        GRTST DEPTH:   0           7 = DUSTSTORM OR SANDSTORM:
                                                       VSBY 1/2 MILE OR LESS
                                                   8 = SMOKE OR HAZE
[NO. OF DAYS WITH]      [WEATHER - DAYS WITH]      9 = BLOWING SNOW
                                                   X = TORNADO
MAX 32 OR BELOW:   6    0.01 INCH OR MORE:   4
MAX 90 OR ABOVE:   0    0.10 INCH OR MORE:   4
MIN 32 OR BELOW:  24    0.50 INCH OR MORE:   1
MIN  0 OR BELOW:   0    1.00 INCH OR MORE:   1

[HDD (BASE 65) ]
TOTAL THIS MO.   816    CLEAR  (SCALE 0-3)  12
DPTR FM NORMAL   163    PTCLDY (SCALE 4-7)  10
TOTAL FM JUL 1  3022    CLOUDY (SCALE 8-10)  5
DPTR FM NORMAL    -6

[CDD (BASE 65) ]
TOTAL THIS MO.     0
DPTR FM NORMAL     0    [PRESSURE DATA]
TOTAL FM JAN 1     0    HIGHEST SLP M ON M
DPTR FM NORMAL     0    LOWEST  SLP M ON M

[REMARKS]
