000
CXUS55 KPIH 011200
CF6BYI

PRELIMINARY LOCAL CLIMATOLOGICAL DATA (WS FORM: F-6)

                                          STATION:   BURLEY ID
                                          MONTH:     SEPTEMBER
                                          YEAR:      2016
                                          LATITUDE:   42 32 N
                                          LONGITUDE: 113 46 W

  TEMPERATURE IN F:       :PCPN:    SNOW:  WIND      :SUNSHINE: SKY     :PK WND
================================================================================
1   2   3   4   5  6A  6B    7    8   9   10  11  12  13   14  15   16   17  18
                                     12Z  AVG MX 2MIN
DY MAX MIN AVG DEP HDD CDD  WTR  SNW DPTH SPD SPD DIR MIN PSBL S-S WX    SPD DR
================================================================================

 1  88  58  73   9   0   8    T    M    M  6.2 15 170   M    M   1 3      27 180
 2  72  54  63  -1   2   0 0.00    M    M  9.9 20 290   M    M   0        24 290
 3  67  50  59  -4   6   0 0.00    M    M  4.3 12 250   M    M   0        13 250
 4  58  45  52 -11  13   0 0.89    M    M  6.7 21 270   M    M   7 13     29 280
 5  64  41  53  -9  12   0 0.00    M    M  7.4 15 260   M    M   0        19 260
 6  71  37  54  -8  11   0 0.00    M    M  4.2 12 320   M    M   1        17 280
 7  69  48  59  -3   6   0 0.00    M    M 10.1 18 250   M    M   0        25 270
 8  71  47  59  -2   6   0 0.00    M    M 11.4 12 272   M    M   0        29 260
 9  69  42  56  -5   9   0 0.00    M    M  4.0 14 260   M    M   0        20 260
10  76  35  56  -5   9   0 0.00    M    M  3.1 10 260   M    M   0        13 270
11  78  39  59  -1   6   0 0.00    M    M  6.4 21 290   M    M   0        28 290
12  61  46  54  -6  11   0 0.00    M    M  7.3 17  10   M    M   4        24 360
13  69  44  57  -3   8   0 0.10    M    M  9.8 38 260   M    M   2 1      50 260
14  60  44  52  -7  13   0 0.29    M    M  8.1 18 270   M    M   7 1      24 260
15  66  38  52  -7  13   0 0.00    M    M  3.2  8 240   M    M   1        11 210
16  73  39  56  -2   9   0 0.00    M    M  2.9 12 210   M    M   0 18     13 210
17  77  41  59   1   6   0 0.00    M    M  5.0 13 200   M    M   0        15 200
18  79  51  65   7   0   0 0.00    M    M  7.6 16 260   M    M   3        22 280
19  79  50  65   8   0   0 0.00    M    M  4.4 10 300   M    M   1        15 290
20  83  49  66   9   0   1 0.00    M    M  3.5  9  60   M    M   0        11  60
21  73  52  63   7   2   0 0.28    M    M  6.6 21 100   M    M   6 1      27 310
22  57  48  53  -3  12   0 1.08    M    M  8.1 17 230   M    M   9 1      24 210
23  51  44  48  -8  17   0 0.67    M    M 12.9 21 270   M    M   9 1      27 280
24  60  44  52  -3  13   0 0.00    M    M 13.1 24 280   M    M   2        33 270
25  65  35  50  -5  15   0 0.00    M    M  4.2  9 270   M    M   0        13 300
26  77  37  57   2   8   0 0.00    M    M  3.5 12  50   M    M   0 18     15  40
27  79  39  59   5   6   0 0.00    M    M  3.6 12  50   M    M   0 1      13  70
28  82  43  63   9   2   0 0.00    M    M  6.0 14  50   M    M   0        18 210
29  80  52  66  12   0   1 0.00    M    M  7.0 21 200   M    M   1        26 190
30  79  50  65  12   0   0    T    M    M  5.3 15 260   M    M   1        21 260
================================================================================
SM 2133 1342       215  10  3.31    M    195.8          M       55
================================================================================
AV 71.1 44.7                               6.5 FASTST   M    M   2    MAX(MPH)
                                 MISC ---->  # 38 260               # 50  260
================================================================================
NOTES:
# LAST OF SEVERAL OCCURRENCES
PRECIPITATION SUSPECT DURING FREEZING/FROZEN EVENTS

COLUMN 17 PEAK WIND IN M.P.H.

PRELIMINARY LOCAL CLIMATOLOGICAL DATA (WS FORM: F-6) , PAGE 2

                                          STATION:  BURLEY ID
                                          MONTH:    SEPTEMBER
                                          YEAR:     2016
                                          LATITUDE:   42 32 N
                                          LONGITUDE: 113 46 W

[TEMPERATURE DATA]      [PRECIPITATION DATA]       SYMBOLS USED IN COLUMN 16

AVERAGE MONTHLY: 57.9   TOTAL FOR MONTH:   3.31    1 = FOG OR MIST
DPTR FM NORMAL:  -0.7   DPTR FM NORMAL:    2.76    2 = FOG REDUCING VISIBILITY
HIGHEST:    88 ON  1    GRTST 24HR  1.35 ON 21-22      TO 1/4 MILE OR LESS
LOWEST:     35 ON 25,10                            3 = THUNDER
                        SNOW, ICE PELLETS, HAIL    4 = ICE PELLETS
                        TOTAL MONTH:    M          5 = HAIL
                        GRTST 24HR    M  ON   M    6 = FREEZING RAIN OR DRIZZLE
                        GRTST DEPTH:  M  ON   M    7 = DUSTSTORM OR SANDSTORM:
                                                       VSBY 1/2 MILE OR LESS
                                                   8 = SMOKE OR HAZE
[NO. OF DAYS WITH]      [WEATHER - DAYS WITH]      9 = BLOWING SNOW
                                                   X = TORNADO
MAX 32 OR BELOW:   0    0.01 INCH OR MORE:   6
MAX 90 OR ABOVE:   0    0.10 INCH OR MORE:   6
MIN 32 OR BELOW:   0    0.50 INCH OR MORE:   3
MIN  0 OR BELOW:   0    1.00 INCH OR MORE:   1

[HDD (BASE 65) ]
TOTAL THIS MO.   215    CLEAR  (SCALE 0-3)  23
DPTR FM NORMAL     2    PTCLDY (SCALE 4-7)   5
TOTAL FM JUL 1   271    CLOUDY (SCALE 8-10)  2
DPTR FM NORMAL     1

[CDD (BASE 65) ]
TOTAL THIS MO.    10
DPTR FM NORMAL   -11    [PRESSURE DATA]
TOTAL FM JAN 1   353    HIGHEST SLP 30.47 ON 25
DPTR FM NORMAL   -12    LOWEST  SLP 29.68 ON 22

[REMARKS]
