000
CXUS55 KGJT 161000
CF6CAG
PRELIMINARY LOCAL CLIMATOLOGICAL DATA (WS FORM: F-6)

                                          STATION:   CRAIG CO
                                          MONTH:     AUGUST
                                          YEAR:      2017
                                          LATITUDE:   40 30 N
                                          LONGITUDE: 107 32 W

  TEMPERATURE IN F:       :PCPN:    SNOW:  WIND      :SUNSHINE: SKY     :PK WND
================================================================================
1   2   3   4   5  6A  6B    7    8   9   10  11  12  13   14  15   16   17  18
                                     12Z  AVG MX 2MIN
DY MAX MIN AVG DEP HDD CDD  WTR  SNW DPTH SPD SPD DIR MIN PSBL S-S WX    SPD DR
================================================================================

 1  91  50  71   3   0   6 0.00    M    M  5.2 15  70   M    M   0        18  90
 2  93  48  71   3   0   6 0.00    M    M  5.4 21 280   M    M   1        25 290
 3  91  49  70   2   0   5 0.00    M    M  5.8 23 270   M    M   0        34 300
 4  93  46  70   3   0   5 0.00    M    M  5.7 31 240   M    M   1 3      43 240
 5  89  49  69   2   0   4 0.05    M    M  6.9 24 260   M    M   2 3      33 230
 6  87  46  67   0   0   2 0.00    M    M  5.5 21 310   M    M   1        29 290
 7  79  53  66  -1   0   1 0.00    M    M  7.6 22 120   M    M   4        29 100
 8  82  47  65  -2   0   0 0.01    M    M  4.7 24 350   M    M   4 3      30 340
 9  83  42  63  -4   2   0 0.17    M    M  4.7 30 310   M    M   2 13     42 310
10  83  49  66   0   0   1    T    M    M  5.6 18 280   M    M   2        24 310
11  89  43  66   0   0   1 0.00    M    M  8.5 23 310   M    M   0        31 320
12  86  46  66   0   0   1    T    M    M  7.5 23 210   M    M   2        32 210
13  88  46  67   1   0   2 0.11    M    M  4.3 24 200   M    M   2 3      32 240
14  86  45  66   0   0   1 0.09    M    M  7.7 36 170   M    M   2 3      43 170
15  76  45  61  -5   4   0 0.06    M    M  6.9 29 260   M    M   3 3      35 270
================================================================================
SM 1296  704         6  35  0.49    M     92.0          M       26
================================================================================
AV 86.4 46.9                               6.1 FASTST   M    M   2    MAX(MPH)
                                 MISC ---->  # 36 170               # 43  240
================================================================================
NOTES:
# LAST OF SEVERAL OCCURRENCES

COLUMN 17 PEAK WIND IN M.P.H.

PRELIMINARY LOCAL CLIMATOLOGICAL DATA (WS FORM: F-6) , PAGE 2

                                          STATION:  CRAIG CO
                                          MONTH:    AUGUST
                                          YEAR:     2017
                                          LATITUDE:   40 30 N
                                          LONGITUDE: 107 32 W

[TEMPERATURE DATA]      [PRECIPITATION DATA]       SYMBOLS USED IN COLUMN 16

AVERAGE MONTHLY: 66.7   TOTAL FOR MONTH:   0.49    1 = FOG OR MIST
DPTR FM NORMAL:  -0.1   DPTR FM NORMAL:   -0.13    2 = FOG REDUCING VISIBILITY
HIGHEST:    93 ON  4, 2 GRTST 24HR  0.17 ON  9- 9      TO 1/4 MILE OR LESS
LOWEST:     42 ON  9                               3 = THUNDER
                        SNOW, ICE PELLETS, HAIL    4 = ICE PELLETS
                        TOTAL MONTH:    M          5 = HAIL
                        GRTST 24HR    M  ON   M    6 = FREEZING RAIN OR DRIZZLE
                        GRTST DEPTH:  M  ON   M    7 = DUSTSTORM OR SANDSTORM:
                                                       VSBY 1/2 MILE OR LESS
                                                   8 = SMOKE OR HAZE
[NO. OF DAYS WITH]      [WEATHER - DAYS WITH]      9 = BLOWING SNOW
                                                   X = TORNADO
MAX 32 OR BELOW:   0    0.01 INCH OR MORE:   6
MAX 90 OR ABOVE:   4    0.10 INCH OR MORE:   2
MIN 32 OR BELOW:   0    0.50 INCH OR MORE:   0
MIN  0 OR BELOW:   0    1.00 INCH OR MORE:   0

[HDD (BASE 65) ]
TOTAL THIS MO.     6    CLEAR  (SCALE 0-3)  13
DPTR FM NORMAL    -7    PTCLDY (SCALE 4-7)   2
TOTAL FM JUL 1     9    CLOUDY (SCALE 8-10)  0
DPTR FM NORMAL   -29

[CDD (BASE 65) ]
TOTAL THIS MO.    35
DPTR FM NORMAL    -4    [PRESSURE DATA]
TOTAL FM JAN 1   253    HIGHEST SLP M ON M
DPTR FM NORMAL   125    LOWEST  SLP 29.69 ON M

[REMARKS]
