000
CXUS55 KGJT 011000
CF6CAG
PRELIMINARY LOCAL CLIMATOLOGICAL DATA (WS FORM: F-6)

                                          STATION:   CRAIG CO
                                          MONTH:     AUGUST
                                          YEAR:      2015
                                          LATITUDE:   40 30 N
                                          LONGITUDE: 107 32 W

  TEMPERATURE IN F:       :PCPN:    SNOW:  WIND      :SUNSHINE: SKY     :PK WND
================================================================================
1   2   3   4   5  6A  6B    7    8   9   10  11  12  13   14  15   16   17  18
                                     12Z  AVG MX 2MIN
DY MAX MIN AVG DEP HDD CDD  WTR  SNW DPTH SPD SPD DIR MIN PSBL S-S WX    SPD DR
================================================================================

 1  93  40  67  -1   0   2 0.00    M    M  3.8 17 240   M    M   0        20 240
 2  91  46  69   1   0   4 0.18    M    M  7.3 37 160   M    M   2 3      47 120
 3  82  54  68   0   0   3 0.10    M    M  4.7 25 180   M    M   7 3      35 220
 4  86  45  66  -1   0   1 0.00    M    M  6.9 24 280   M    M   M 12     36 290
 5  93  45  69   2   0   4 0.00    M    M  8.5 29 230   M    M   M        35 220
 6  87  46  67   0   0   2 0.00    M    M  6.5 21 250   M    M   0        27 270
 7  78  46  62  -5   3   0 0.00    M    M  5.5 25 190   M    M   3        32 200
 8  82  49  66  -1   0   1    T    M    M  6.7 30 250   M    M   5        41 240
 9  85  45  65  -2   0   0    T    M    M  4.2 21 290   M    M   1        28 290
10  90  37  64  -2   1   0 0.00    M    M  3.0 13 300   M    M   0        16 270
11  85  50  68   2   0   3 0.05    M    M  5.5 30 100   M    M   6        39 100
12  83  55  69   3   0   4 0.01    M    M  6.8 22 250   M    M   5 3      28 260
13  90  50  70   4   0   5 0.00    M    M  3.7 12 270   M    M   2        16 260
14  93  50  72   6   0   7 0.10    M    M  5.8 30 160   M    M   1 3      37 140
15  93  50  72   6   0   7 0.06    M    M  5.8 22 310   M    M   2 38     29 190
16  91  56  74   9   0   9 0.11    M    M  7.6 23 150   M    M   2 3      29 180
17  91  45  68   3   0   3 0.00    M    M  7.5 24 270   M    M   1 1      32 280
18  80  40  60  -5   5   0 0.00    M    M  7.2 24 290   M    M   2        36 280
19  76  38  57  -7   8   0 0.00    M    M  4.3 15 260   M    M   0        20 280
20  84  35  60  -4   5   0 0.00    M    M  5.0 23 290   M    M   0 8      31 310
21  92  35  64   0   1   0 0.00    M    M  8.8 29 260   M    M   0 18     36 250
22  88  46  67   3   0   2 0.00    M    M  6.7 22 280   M    M   0        32 290
23  87  37  62  -2   3   0 0.00    M    M  2.8 15 290   M    M   0        20 290
24  92  40  66   3   0   1 0.00    M    M  3.4 16 330   M    M   0        22 330
25  95  41  68   5   0   3 0.00    M    M  2.9 12 340   M    M   0        16 350
26  86  49  68   5   0   3 0.16    M    M  4.5 30 210   M    M   3 13     38 200
27  80  52  66   4   0   1 0.57    M    M  6.1 23 360   M    M   7 13     30 360
28  83  44  64   2   1   0 0.00    M    M  2.6 10  80   M    M   0 1      14  80
29  89  41  65   3   0   0 0.00    M    M  3.7 16 230   M    M   0        23 170
30  89  43  66   5   0   1 0.04    M    M  7.9 33 160   M    M   3 3      42 160
31  80  50  65   4   0   0 0.07    M    M  6.6 21  10   M    M   5 3      26  20
================================================================================
SM 2694 1400        27  66  1.45    M    172.3          M       57
================================================================================
AV 86.9 45.2                               5.6 FASTST   M    M   2    MAX(MPH)
                                 MISC ---->  # 37 160               # 47  120
================================================================================
NOTES:
# LAST OF SEVERAL OCCURRENCES

COLUMN 17 PEAK WIND IN M.P.H.

PRELIMINARY LOCAL CLIMATOLOGICAL DATA (WS FORM: F-6) , PAGE 2

                                          STATION:  CRAIG CO
                                          MONTH:    AUGUST
                                          YEAR:     2015
                                          LATITUDE:   40 30 N
                                          LONGITUDE: 107 32 W

[TEMPERATURE DATA]      [PRECIPITATION DATA]       SYMBOLS USED IN COLUMN 16

AVERAGE MONTHLY: 66.0   TOTAL FOR MONTH:   1.45    1 = FOG OR MIST
DPTR FM NORMAL:   1.0   DPTR FM NORMAL:    0.06    2 = FOG REDUCING VISIBILITY
HIGHEST:    95 ON 25    GRTST 24HR  0.69 ON 26-27      TO 1/4 MILE OR LESS
LOWEST:     35 ON 21,20                            3 = THUNDER
                        SNOW, ICE PELLETS, HAIL    4 = ICE PELLETS
                        TOTAL MONTH:    M          5 = HAIL
                        GRTST 24HR    M  ON   M    6 = FREEZING RAIN OR DRIZZLE
                        GRTST DEPTH:  M  ON   M    7 = DUSTSTORM OR SANDSTORM:
                                                       VSBY 1/2 MILE OR LESS
                                                   8 = SMOKE OR HAZE
[NO. OF DAYS WITH]      [WEATHER - DAYS WITH]      9 = BLOWING SNOW
                                                   X = TORNADO
MAX 32 OR BELOW:   0    0.01 INCH OR MORE:  11
MAX 90 OR ABOVE:  12    0.10 INCH OR MORE:   6
MIN 32 OR BELOW:   0    0.50 INCH OR MORE:   1
MIN  0 OR BELOW:   0    1.00 INCH OR MORE:   0

[HDD (BASE 65) ]
TOTAL THIS MO.    27    CLEAR  (SCALE 0-3)  21
DPTR FM NORMAL   -25    PTCLDY (SCALE 4-7)   8
TOTAL FM JUL 1    52    CLOUDY (SCALE 8-10)  0
DPTR FM NORMAL   -25

[CDD (BASE 65) ]
TOTAL THIS MO.    66
DPTR FM NORMAL    15    [PRESSURE DATA]
TOTAL FM JAN 1   183    HIGHEST SLP 30.27 ON 12
DPTR FM NORMAL    43    LOWEST  SLP 29.72 ON 22

[REMARKS]
#FINAL-08-15#
