000
CXUS51 KCLE 260800
CF6CAK
PRELIMINARY LOCAL CLIMATOLOGICAL DATA (WS FORM: F-6)

                                          STATION:   AKRON CANTON OH
                                          MONTH:     MAY
                                          YEAR:      2017
                                          LATITUDE:   40 55 N
                                          LONGITUDE:  81 26 W

  TEMPERATURE IN F:       :PCPN:    SNOW:  WIND      :SUNSHINE: SKY     :PK WND
================================================================================
1   2   3   4   5  6A  6B    7    8   9   10  11  12  13   14  15   16   17  18
                                     12Z  AVG MX 2MIN
DY MAX MIN AVG DEP HDD CDD  WTR  SNW DPTH SPD SPD DIR MIN PSBL S-S WX    SPD DR
================================================================================

 1  75  52  64  10   1   0 1.04  0.0    0 17.1 29 250   M    M   9 138    40 250
 2  53  46  50  -5  15   0 0.02  0.0    0 17.1 33 250   M    M   9 8      43 260
 3  59  42  51  -4  14   0    T  0.0    0  8.0 17 340   M    M   8        22 340
 4  59  47  53  -2  12   0 0.38  0.0    0 10.5 18 160   M    M  10 13     24 150
 5  56  44  50  -6  15   0 0.98  0.0    0 11.8 22 350   M    M  10 1      30 340
 6  50  43  47  -9  18   0 0.23  0.0    0 13.2 22 330   M    M  10 1      30 320
 7  56  39  48  -8  17   0    T  0.0    0 10.5 23 310   M    M   5        30 310
 8  56  34  45 -12  20   0 0.00  0.0    0  6.6 20 290   M    M   3        25 280
 9  66  36  51  -6  14   0 0.00  0.0    0  5.2 14  20   M    M   3        16  20
10  72  45  59   2   6   0 0.00  0.0    0  4.0 12  70   M    M   8        15  70
11  68  49  59   2   6   0 0.49  0.0    0  9.6 17  10   M    M  10 18     22  70
12  60  50  55  -3  10   0 0.01  0.0    0  6.3 12  50   M    M  10 18     14  50
13  71  43  57  -1   8   0 0.08  0.0    0  6.8 17 350   M    M   3 18     24 350
14  70  47  59   1   6   0 0.00  0.0    0  9.4 21 340   M    M   5        26 330
15  72  39  56  -3   9   0 0.00  0.0    0  4.7 13 350   M    M   1        16 360
16  84  51  68   9   0   3 0.00  0.0    0 10.5 20 200   M    M   4        26 200
17  87  65  76  17   0  11 0.00  0.0    0 12.7 25 220   M    M   5        33 240
18  84  68  76  17   0  11 0.08  0.0    0 15.6 26 230   M    M   8 3      34 240
19  72  52  62   2   3   0 0.43  0.0    0  8.4 18 330   M    M   8 138    24 330
20  73  52  63   3   2   0    T  0.0    0  8.0 15 130   M    M   9 18     24 200
21  71  60  66   6   0   1 1.98  0.0    0 11.0 23 200   M    M   9 1      28 200
22  67  53  60  -1   5   0 0.07  0.0    0  9.0 20 260   M    M   7 1      26 300
23  74  50  62   1   3   0 0.00  0.0    0  7.0 18 120   M    M   5        23 130
24  65  59  62   1   3   0 0.20  0.0    0 10.8 18 110   M    M  10 18     26 120
25  62  57  60  -2   5   0 0.56  0.0    0  7.2 14 210   M    M  10 1      19 110
================================================================================
SM 1682 1223       192  26  6.55     0.0 241.0          M      179
================================================================================
AV 67.3 48.9                               9.6 FASTST   M    M   7    MAX(MPH)
                                 MISC ---->  # 33 250               # 43  260
================================================================================
NOTES:
# LAST OF SEVERAL OCCURRENCES

COLUMN 17 PEAK WIND IN M.P.H.

PRELIMINARY LOCAL CLIMATOLOGICAL DATA (WS FORM: F-6) , PAGE 2

                                          STATION:  AKRON CANTON OH
                                          MONTH:    MAY
                                          YEAR:     2017
                                          LATITUDE:   40 55 N
                                          LONGITUDE:  81 26 W

[TEMPERATURE DATA]      [PRECIPITATION DATA]       SYMBOLS USED IN COLUMN 16

AVERAGE MONTHLY: 58.1   TOTAL FOR MONTH:   6.55    1 = FOG OR MIST
DPTR FM NORMAL:   0.1   DPTR FM NORMAL:    3.13    2 = FOG REDUCING VISIBILITY
HIGHEST:    87 ON 17    GRTST 24HR  1.98 ON 21-21      TO 1/4 MILE OR LESS
LOWEST:     34 ON  8                               3 = THUNDER
                        SNOW, ICE PELLETS, HAIL    4 = ICE PELLETS
                        TOTAL MONTH:   0.0 INCH    5 = HAIL
                        GRTST 24HR     0.0         6 = FREEZING RAIN OR DRIZZLE
                        GRTST DEPTH:   0           7 = DUSTSTORM OR SANDSTORM:
                                                       VSBY 1/2 MILE OR LESS
                                                   8 = SMOKE OR HAZE
[NO. OF DAYS WITH]      [WEATHER - DAYS WITH]      9 = BLOWING SNOW
                                                   X = TORNADO
MAX 32 OR BELOW:   0    0.01 INCH OR MORE:  14
MAX 90 OR ABOVE:   0    0.10 INCH OR MORE:   9
MIN 32 OR BELOW:   0    0.50 INCH OR MORE:   4
MIN  0 OR BELOW:   0    1.00 INCH OR MORE:   2

[HDD (BASE 65) ]
TOTAL THIS MO.   192    CLEAR  (SCALE 0-3)   4
DPTR FM NORMAL    -7    PTCLDY (SCALE 4-7)  10
TOTAL FM JUL 1  4870    CLOUDY (SCALE 8-10) 11
DPTR FM NORMAL -1205

[CDD (BASE 65) ]
TOTAL THIS MO.    26
DPTR FM NORMAL     3    [PRESSURE DATA]
TOTAL FM JAN 1    50    HIGHEST SLP M ON M
DPTR FM NORMAL    21    LOWEST  SLP 29.39 ON  5

[REMARKS]
