000
CXUS55 KABQ 281000
CF6CAO
PRELIMINARY LOCAL CLIMATOLOGICAL DATA (WS FORM: F-6)

                                          STATION:   CLAYTON  NM
                                          MONTH:     MAY
                                          YEAR:      2017
                                          LATITUDE:   36 27 N
                                          LONGITUDE: 103  9 W

  TEMPERATURE IN F:       :PCPN:    SNOW:  WIND      :SUNSHINE: SKY     :PK WND
================================================================================
1   2   3   4   5  6A  6B    7    8   9   10  11  12  13   14  15   16   17  18
                                     12Z  AVG MX 2MIN
DY MAX MIN AVG DEP HDD CDD  WTR  SNW DPTH SPD SPD DIR MIN PSBL S-S WX    SPD DR
================================================================================

 1  66  29  48  -9  17   0 0.00  0.0    0  9.4 18 160   M    M   1        22  80
 2  67  40  54  -3  11   0    T  0.0    0 14.0 28  10   M    M   2 3      33  10
 3  60  35  48 -10  17   0    T  0.0    0 14.0 36  20   M    M   7 1      43  10
 4  71  32  52  -6  13   0 0.00  0.0    0  7.5 17  10   M    M   0        22  20
 5  77  43  60   2   5   0 0.00  0.0    0  9.6 18 210   M    M   0        24 200
 6  82  40  61   3   4   0 0.00  0.0    0 11.5 25 160   M    M   0        32 150
 7  83  51  67   8   0   2    T  0.0    0 16.7 36 170   M    M   0 3      46 170
 8  78  48  63   4   2   0    T  0.0    0 15.0 37 200   M    M   3        45 200
 9  72  45  59   0   6   0 0.61  0.0    0 12.1 49 280   M    M   7 13     59 290
10  68  44  56  -4   9   0 0.24  0.0    0 10.8 24 250   M    M   4 13     31 250
11  60  40  50 -10  15   0 0.03  0.0    0 16.9 30 360   M    M   6        37 360
12  70  39  55  -5  10   0 0.00  0.0    0  7.8 16 140   M    M   0        19 140
13  81  45  63   2   2   0 0.00  0.0    0 17.6 31 200   M    M   0        39 200
14  85  52  69   8   0   4 0.00  0.0    0 11.6 25 210   M    M   0        37 230
15  82  51  67   6   0   2 0.00  0.0    0 14.8 33 200   M    M   0        42 200
16  79  46  63   1   2   0 0.02  0.0    0 15.3 37 200   M    M   1        45 210
17  74  44  59  -3   6   0 0.37  0.0    0 15.4 38 300   M    M   2 1      47 310
18  72  44  58  -4   7   0 0.00  0.0    0 15.4 30 200   M    M   1        39 220
19  59  39  49 -13  16   0 0.19  0.0    0 16.2 28 310   M    M   7 1      34 310
20  64  35  50 -13  15   0 0.00  0.0    0  9.1 22 340   M    M   1        31 340
21  74  38  56  -7   9   0 0.59  0.0    0 14.1 29 360   M    M   6 13     34 360
22  67  42  55  -8  10   0 0.02  0.0    0 11.1 28 350   M    M   6 13     38 360
23  61  41  51 -13  14   0    T  0.0    0 14.3 29 360   M    M   5        36  10
24  81  40  61  -3   4   0 0.00  0.0    0 11.8 24 250   M    M   0        32 240
25  86  51  69   5   0   4 0.00  0.0    0 15.1 29 250   M    M   0        39 240
26  79  50  65   1   0   0 0.00  0.0    0 11.0 23 180   M    M   0        27 160
27  73  49  61  -4   4   0 0.00  0.0    0 18.4 37 350   M    M   2 3      46 340
================================================================================
SM 1971 1153       198  12  2.07     0.0 356.5          M       61
================================================================================
AV 73.0 42.7                              13.2 FASTST   M    M   2    MAX(MPH)
                                 MISC ---->  # 49 280               # 59  290
================================================================================
NOTES:
# LAST OF SEVERAL OCCURRENCES

COLUMN 17 PEAK WIND IN M.P.H.

PRELIMINARY LOCAL CLIMATOLOGICAL DATA (WS FORM: F-6) , PAGE 2

                                          STATION:  CLAYTON  NM
                                          MONTH:    MAY
                                          YEAR:     2017
                                          LATITUDE:   36 27 N
                                          LONGITUDE: 103  9 W

[TEMPERATURE DATA]      [PRECIPITATION DATA]       SYMBOLS USED IN COLUMN 16

AVERAGE MONTHLY: 57.9   TOTAL FOR MONTH:   2.07    1 = FOG OR MIST
DPTR FM NORMAL:  -3.0   DPTR FM NORMAL:    0.45    2 = FOG REDUCING VISIBILITY
HIGHEST:    86 ON 25    GRTST 24HR  0.61 ON  9- 9      TO 1/4 MILE OR LESS
LOWEST:     29 ON  1                               3 = THUNDER
                        SNOW, ICE PELLETS, HAIL    4 = ICE PELLETS
                        TOTAL MONTH:   0.0 INCH    5 = HAIL
                        GRTST 24HR     0.0         6 = FREEZING RAIN OR DRIZZLE
                        GRTST DEPTH:   0           7 = DUSTSTORM OR SANDSTORM:
                                                       VSBY 1/2 MILE OR LESS
                                                   8 = SMOKE OR HAZE
[NO. OF DAYS WITH]      [WEATHER - DAYS WITH]      9 = BLOWING SNOW
                                                   X = TORNADO
MAX 32 OR BELOW:   0    0.01 INCH OR MORE:   8
MAX 90 OR ABOVE:   0    0.10 INCH OR MORE:   5
MIN 32 OR BELOW:   2    0.50 INCH OR MORE:   2
MIN  0 OR BELOW:   0    1.00 INCH OR MORE:   0

[HDD (BASE 65) ]
TOTAL THIS MO.   198    CLEAR  (SCALE 0-3)  19
DPTR FM NORMAL    53    PTCLDY (SCALE 4-7)   8
TOTAL FM JUL 1  3997    CLOUDY (SCALE 8-10)  0
DPTR FM NORMAL  -854

[CDD (BASE 65) ]
TOTAL THIS MO.    12
DPTR FM NORMAL   -23    [PRESSURE DATA]
TOTAL FM JAN 1    32    HIGHEST SLP M ON M
DPTR FM NORMAL    -9    LOWEST  SLP 29.48 ON 25

[REMARKS]
