000
CXUS51 KCAR 010600
CF6CAR
PRELIMINARY LOCAL CLIMATOLOGICAL DATA (WS FORM: F-6)

                                          STATION:   CARIBOU ME
                                          MONTH:     JUNE
                                          YEAR:      2015
                                          LATITUDE:   46 52 N
                                          LONGITUDE:  68  1 W

  TEMPERATURE IN F:       :PCPN:    SNOW:  WIND      :SUNSHINE: SKY     :PK WND
================================================================================
1   2   3   4   5  6A  6B    7    8   9   10  11  12  13   14  15   16   17  18
                                     12Z  AVG MX 2MIN
DY MAX MIN AVG DEP HDD CDD  WTR  SNW DPTH SPD SPD DIR MIN PSBL S-S WX    SPD DR
================================================================================

 1  62  45  54  -3  11   0 0.00  0.0    0  4.9 13 110   M    M   1        15 110
 2  48  40  44 -13  21   0 0.40  0.0    0  4.8 14 120   M    M   8 1      18 110
 3  55  39  47 -10  18   0 0.02  0.0    0  4.7 12  10   M    M  10 1      15  20
 4  66  47  57  -1   8   0 0.00  0.0    0  5.8 13 160   M    M   5        16 160
 5  69  47  58   0   7   0 0.06  0.0    0  7.3 16 150   M    M   5 1      21 170
 6  64  43  54  -4  11   0 0.05  0.0    0 10.9 21 330   M    M   3 1      29 360
 7  68  38  53  -5  12   0 0.00  0.0    0  4.0 10 170   M    M   0        15 170
 8  55  50  53  -6  12   0 0.74  0.0    0 10.4 20 170   M    M   6 1      28 160
 9  62  55  59   0   6   0 1.04  0.0    0  5.4 12 170   M    M   9 12     15 160
10  70  57  64   5   1   0 0.11  0.0    0  6.1 14 250   M    M   8 12     19 270
11  76  57  67   7   0   2 0.21  0.0    0  9.0 24 260   M    M   5 138    34 260
12  76  58  67   7   0   2    T  0.0    0  7.0 17 310   M    M   4        26 310
13  76  55  66   6   0   1 0.02  0.0    0  9.3 21 320   M    M   4 12     32 300
14  70  49  60   0   5   0 0.00  0.0    0  8.9 16 350   M    M   0        24  10
15  76  42  59  -2   6   0 0.00  0.0    0  8.1 18 210   M    M   1        29 220
16  62  53  58  -3   7   0 0.40  0.0    0  7.6 13 180   M    M   9 1      24 350
17  72  47  60  -1   5   0 0.00  0.0    0  7.3 17 320   M    M   0        23 330
18  77  51  64   2   1   0 0.03  0.0    0  7.7 18 180   M    M   0 3      27 200
19  66  46  56  -6   9   0 0.28  0.0    0  8.8 17 330   M    M   4 13     26 350
20  71  40  56  -6   9   0 0.00  0.0    0  3.0  8 250   M    M   0         M  M
21  58  53  56  -6   9   0 0.15  0.0    0  7.1 20 170   M    M   7 1      26 160
22  67  51  59  -3   6   0    T  0.0    0  4.9 14 360   M    M   8 1      17 360
23  60  50  55  -8  10   0 0.30  0.0    0 11.1 23 150   M    M   8 12     33 140
24  74  55  65   2   0   0 0.00  0.0    0  9.3 18 300   M    M   4        29 310
25  67  47  57  -6   8   0 0.00  0.0    0  8.8 21 360   M    M   4        29 360
26  69  42  56  -7   9   0    T  0.0    0  3.5 17  10   M    M   3        22  10
27  74  46  60  -4   5   0 0.00  0.0    0  3.9 10 180   M    M   3 12     15 190
28  63  51  57  -7   8   0 0.25  0.0    0  6.3 15  90   M    M   4 1      21  80
29  63  51  57  -7   8   0 0.19  0.0    0  5.2 15 250   M    M  10 18     19 240
30  76  55  66   2   0   1    T  0.0    0  2.5  8 250   M    M   5 1      12 250
================================================================================
SM 2012 1460       212   6  4.25     0.0 203.6          M      138
================================================================================
AV 67.1 48.7                               6.8 FASTST   M    M   5    MAX(MPH)
                                 MISC ---->  # 24 260               # 34  260
================================================================================
NOTES:
# LAST OF SEVERAL OCCURRENCES

COLUMN 17 PEAK WIND IN M.P.H.

PRELIMINARY LOCAL CLIMATOLOGICAL DATA (WS FORM: F-6) , PAGE 2

                                          STATION:  CARIBOU ME
                                          MONTH:    JUNE
                                          YEAR:     2015
                                          LATITUDE:   46 52 N
                                          LONGITUDE:  68  1 W

[TEMPERATURE DATA]      [PRECIPITATION DATA]       SYMBOLS USED IN COLUMN 16

AVERAGE MONTHLY: 57.9   TOTAL FOR MONTH:   4.25    1 = FOG OR MIST
DPTR FM NORMAL:  -2.8   DPTR FM NORMAL:    0.77    2 = FOG REDUCING VISIBILITY
HIGHEST:    77 ON 18    GRTST 24HR  1.35 ON  8- 9      TO 1/4 MILE OR LESS
LOWEST:     38 ON  7                               3 = THUNDER
                        SNOW, ICE PELLETS, HAIL    4 = ICE PELLETS
                        TOTAL MONTH:   0.0 INCH    5 = HAIL
                        GRTST 24HR     0.0         6 = FREEZING RAIN OR DRIZZLE
                        GRTST DEPTH:   0           7 = DUSTSTORM OR SANDSTORM:
                                                       VSBY 1/2 MILE OR LESS
                                                   8 = SMOKE OR HAZE
[NO. OF DAYS WITH]      [WEATHER - DAYS WITH]      9 = BLOWING SNOW
                                                   X = TORNADO
MAX 32 OR BELOW:   0    0.01 INCH OR MORE:  16
MAX 90 OR ABOVE:   0    0.10 INCH OR MORE:  11
MIN 32 OR BELOW:   0    0.50 INCH OR MORE:   2
MIN  0 OR BELOW:   0    1.00 INCH OR MORE:   1

[HDD (BASE 65) ]
TOTAL THIS MO.   212    CLEAR  (SCALE 0-3)   9
DPTR FM NORMAL    47    PTCLDY (SCALE 4-7)  15
TOTAL FM JUL 1  9502    CLOUDY (SCALE 8-10)  6
DPTR FM NORMAL   148

[CDD (BASE 65) ]
TOTAL THIS MO.     6
DPTR FM NORMAL   -28    [PRESSURE DATA]
TOTAL FM JAN 1    27    HIGHEST SLP 30.42 ON  1
DPTR FM NORMAL   -12    LOWEST  SLP 29.57 ON 10

[REMARKS]
#FINAL-06-15#
