000
CXUS51 KCAR 300600
CF6CAR
PRELIMINARY LOCAL CLIMATOLOGICAL DATA (WS FORM: F-6)

                                          STATION:   CARIBOU ME
                                          MONTH:     AUGUST
                                          YEAR:      2014
                                          LATITUDE:   46 52 N
                                          LONGITUDE:  68  1 W

  TEMPERATURE IN F:       :PCPN:    SNOW:  WIND      :SUNSHINE: SKY     :PK WND
================================================================================
1   2   3   4   5  6A  6B    7    8   9   10  11  12  13   14  15   16   17  18
                                     12Z  AVG MX 2MIN
DY MAX MIN AVG DEP HDD CDD  WTR  SNW DPTH SPD SPD DIR MIN PSBL S-S WX    SPD DR
================================================================================

 1  78  54  66   0   0   1 0.13  0.0    0  6.0 15 260   M    M   4 12     24 280
 2  81  58  70   4   0   5 0.01  0.0    0  4.5 15 170   M    M   3 1      20 200
 3  82  61  72   6   0   7 0.00  0.0    0  3.2  8 160   M    M   3 1      14 190
 4  79  61  70   5   0   5 0.08  0.0    0  3.9 12  50   M    M   5 13     16  40
 5  82  59  71   6   0   6 0.11  0.0    0  2.1 22 250   M    M   5 128    28 250
 6  76  54  65   0   0   0 0.00  0.0    0  4.5 10 310   M    M   4        15 320
 7  79  49  64  -1   1   0 0.00  0.0    0  5.2 18 360   M    M   2        23 360
 8  75  52  64  -1   1   0 0.06  0.0    0  6.6 18 360   M    M   3 1      23 360
 9  79  56  68   3   0   3    T  0.0    0  7.3 17 360   M    M   3        24  10
10  83  52  68   3   0   3 0.00  0.0    0  2.2 12 110   M    M   2        14 100
11  80  56  68   3   0   3 0.00  0.0    0  4.3 10 160   M    M   0        14 150
12  81  54  68   4   0   3 0.00  0.0    0  4.9 15 160   M    M   0        18 160
13  75  58  67   3   0   2    T  0.0    0  6.8 20 160   M    M   4        27 170
14  66  57  62  -2   3   0 0.58  0.0    0 10.7 22 160   M    M   9 1      32 140
15  71  50  61  -3   4   0 0.00  0.0    0  4.2 12 250   M    M   6 12     16 260
16  67  58  63  -1   2   0 0.67  0.0    0  4.9 15 260   M    M  10 1      20 250
17  63  53  58  -6   7   0 0.04  0.0    0  2.4  9 220   M    M   9 12     11 210
18  73  53  63  -1   2   0    T  0.0    0  6.9 17 330   M    M   7 12     24 330
19  77  54  66   3   0   1 0.00  0.0    0  6.8 14 320   M    M   3        19 320
20  81  52  67   4   0   2 0.00  0.0    0  3.9 13 360   M    M   2        15  10
21  75  56  66   3   0   1 0.00  0.0    0  4.7  9  70   M    M   3 1      13  20
22  73  55  64   1   1   0 0.00  0.0    0  1.8  8 350   M    M   9        10 350
23  77  54  66   4   0   1 0.00  0.0    0  2.6 13  30   M    M   5 18     17  30
24  88  57  73  11   0   8    T  0.0    0  4.4 15  10   M    M   4        20  10
25  88  57  73  11   0   8 0.00  0.0    0  2.4  9 240   M    M   1        12 240
26  84  59  72  10   0   7 0.00  0.0    0  7.2 21 250   M    M   0        27 250
27  81  61  71   9   0   6    T  0.0    0  7.0 16 360   M    M   7        22 250
28  70  52  61   0   4   0    T  0.0    0  9.9 21 330   M    M   8 18     27 330
29  73  44  59  -2   6   0 0.00  0.0    0  4.8 15 360   M    M   0        20  10
================================================================================
SM 2237 1596        31  72  1.68     0.0 146.1          M      121
================================================================================
AV 77.1 55.0                               5.0 FASTST   M    M   4    MAX(MPH)
                                 MISC ---->  # 22 250               # 32  140
================================================================================
NOTES:
# LAST OF SEVERAL OCCURRENCES

COLUMN 17 PEAK WIND IN M.P.H.

PRELIMINARY LOCAL CLIMATOLOGICAL DATA (WS FORM: F-6) , PAGE 2

                                          STATION:  CARIBOU ME
                                          MONTH:    AUGUST
                                          YEAR:     2014
                                          LATITUDE:   46 52 N
                                          LONGITUDE:  68  1 W

[TEMPERATURE DATA]      [PRECIPITATION DATA]       SYMBOLS USED IN COLUMN 16

AVERAGE MONTHLY: 66.1   TOTAL FOR MONTH:   1.68    1 = FOG OR MIST
DPTR FM NORMAL:   2.3   DPTR FM NORMAL:   -1.86    2 = FOG REDUCING VISIBILITY
HIGHEST:    88 ON 25,24 GRTST 24HR  0.70 ON 16-17      TO 1/4 MILE OR LESS
LOWEST:     44 ON 29                               3 = THUNDER
                        SNOW, ICE PELLETS, HAIL    4 = ICE PELLETS
                        TOTAL MONTH:   0.0 INCH    5 = HAIL
                        GRTST 24HR     0.0         6 = FREEZING RAIN OR DRIZZLE
                        GRTST DEPTH:   0           7 = DUSTSTORM OR SANDSTORM:
                                                       VSBY 1/2 MILE OR LESS
                                                   8 = SMOKE OR HAZE
[NO. OF DAYS WITH]      [WEATHER - DAYS WITH]      9 = BLOWING SNOW
                                                   X = TORNADO
MAX 32 OR BELOW:   0    0.01 INCH OR MORE:   8
MAX 90 OR ABOVE:   0    0.10 INCH OR MORE:   4
MIN 32 OR BELOW:   0    0.50 INCH OR MORE:   2
MIN  0 OR BELOW:   0    1.00 INCH OR MORE:   0

[HDD (BASE 65) ]
TOTAL THIS MO.    31    CLEAR  (SCALE 0-3)  12
DPTR FM NORMAL   -54    PTCLDY (SCALE 4-7)  12
TOTAL FM JUL 1    55    CLOUDY (SCALE 8-10)  5
DPTR FM NORMAL   -88

[CDD (BASE 65) ]
TOTAL THIS MO.    72
DPTR FM NORMAL    23    [PRESSURE DATA]
TOTAL FM JAN 1   241    HIGHEST SLP M ON M
DPTR FM NORMAL    76    LOWEST  SLP 29.69 ON 18

[REMARKS]
