000
CXUS53 KARX 220930
CF6CCY
PRELIMINARY LOCAL CLIMATOLOGICAL DATA (WS FORM: F-6)

                                          STATION:   CHARLES_CITY IA
                                          MONTH:     JANUARY
                                          YEAR:      2018
                                          LATITUDE:   43  4 N
                                          LONGITUDE:  92 37 W

  TEMPERATURE IN F:       :PCPN:    SNOW:  WIND      :SUNSHINE: SKY     :PK WND
================================================================================
1   2   3   4   5  6A  6B    7    8   9   10  11  12  13   14  15   16   17  18
                                     12Z  AVG MX 2MIN
DY MAX MIN AVG DEP HDD CDD  WTR  SNW DPTH SPD SPD DIR MIN PSBL S-S WX    SPD DR
================================================================================

 1   M   M   M   M   M   M 0.00  0.0    2   M   M   M   M    M   M         M  M
 2   M   M   M   M   M   M    M    M    2   M   M   M   M    M   M         M  M
 3   M   M   M   M   M   M 0.00  0.0    2   M   M   M   M    M   M         M  M
 4   7  -9  -1 -18  66   0 0.00  0.0    2  5.6  8 350   M    M   9         M  M
 5   7 -13  -3 -20  68   0 0.00  0.0    2  6.3  8  20   M    M   2         M  M
 6  10 -13  -1 -18  66   0 0.00  0.0    2 10.3 17 160   M    M   3        25 150
 7  34  12  23   6  42   0 0.00  0.0    2 12.3 20 170   M    M   7        25 170
 8  37  18  28  11  37   0 0.00  0.0    M  7.7 17 310   M    M   3 1      25 320
 9  36  25  31  14  34   0 0.00  0.0    M 12.1 18 140   M    M   6 1      28 140
10  37  32  35  18  30   0 0.00  0.0    M 13.6 21 170   M    M  10 12     27 190
11  37   1  19   2  46   0    M    M    M 17.5 30 310   M    M  10 1      35 310
12   5  -6   0 -17  65   0 0.00  0.0    M 15.6 22 330   M    M   3        29 330
13   3  -9  -3 -19  68   0 0.00  0.0    M  6.4 12 330   M    M   0         M  M
14  21  -9   6 -10  59   0    M    M    M 10.7 18 180   M    M   9 1      23 160
15  14  -6   4 -12  61   0    M    M    M 19.3 23 320   M    M  10 18     31 310
16   7  -4   2 -14  63   0    M    M    M 11.9 22 330   M    M   8 8      23 330
17  25  -6  10  -7  55   0 0.00  0.0    M 11.7 18 240   M    M   0        29 240
18  34  18  26   9  39   0 0.00  0.0    M 10.7 15 240   M    M   0        20 210
19  43  21  32  15  33   0 0.00  0.0    0 11.3 21 190   M    M   1        16 210
20  50  27  39  22  26   0 0.00  0.0    0  3.6  8 230   M    M   1 1       M  M
21  37  27  32  15  33   0 0.01  0.0    0  8.9 20  50   M    M   8 12     25  50
================================================================================
SM  444  106       891   0  0.01     0.0 195.5          M       90
================================================================================
AV 24.7  5.9                              10.9 FASTST   M    M   5    MAX(MPH)
                                 MISC ---->  # 30 310               # 35  310
================================================================================
NOTES:
# LAST OF SEVERAL OCCURRENCES

COLUMN 17 PEAK WIND IN M.P.H.

PRELIMINARY LOCAL CLIMATOLOGICAL DATA (WS FORM: F-6) , PAGE 2

                                          STATION:  CHARLES_CITY IA
                                          MONTH:    JANUARY
                                          YEAR:     2018
                                          LATITUDE:   43  4 N
                                          LONGITUDE:  92 37 W

[TEMPERATURE DATA]      [PRECIPITATION DATA]       SYMBOLS USED IN COLUMN 16

AVERAGE MONTHLY: 15.3   TOTAL FOR MONTH:   0.01    1 = FOG OR MIST
DPTR FM NORMAL:  -1.5   DPTR FM NORMAL:   -0.57    2 = FOG REDUCING VISIBILITY
HIGHEST:    50 ON 20    GRTST 24HR  0.01 ON 21-21      TO 1/4 MILE OR LESS
LOWEST:    -13 ON  6, 5                            3 = THUNDER
                        SNOW, ICE PELLETS, HAIL    4 = ICE PELLETS
                        TOTAL MONTH:   0.0 INCH    5 = HAIL
                        GRTST 24HR     0.0         6 = FREEZING RAIN OR DRIZZLE
                        GRTST DEPTH:   2 ON  7, 6  7 = DUSTSTORM OR SANDSTORM:
                                                       VSBY 1/2 MILE OR LESS
                                                   8 = SMOKE OR HAZE
[NO. OF DAYS WITH]      [WEATHER - DAYS WITH]      9 = BLOWING SNOW
                                                   X = TORNADO
MAX 32 OR BELOW:   9    0.01 INCH OR MORE:   1
MAX 90 OR ABOVE:   0    0.10 INCH OR MORE:   0
MIN 32 OR BELOW:  18    0.50 INCH OR MORE:   0
MIN  0 OR BELOW:   9    1.00 INCH OR MORE:   0

[HDD (BASE 65) ]
TOTAL THIS MO.   891    CLEAR  (SCALE 0-3)   8
DPTR FM NORMAL  -117    PTCLDY (SCALE 4-7)   4
TOTAL FM JUL 1  3289    CLOUDY (SCALE 8-10)  6
DPTR FM NORMAL  -659

[CDD (BASE 65) ]
TOTAL THIS MO.     0
DPTR FM NORMAL     0    [PRESSURE DATA]
TOTAL FM JAN 1     0    HIGHEST SLP M ON M
DPTR FM NORMAL     0    LOWEST  SLP M ON M

[REMARKS]
