000
CXUS53 KARX 010930
CF6CCY
PRELIMINARY LOCAL CLIMATOLOGICAL DATA (WS FORM: F-6)

                                          STATION:   CHARLES_CITY IA
                                          MONTH:     APRIL
                                          YEAR:      2016
                                          LATITUDE:   43  4 N
                                          LONGITUDE:  92 37 W

  TEMPERATURE IN F:       :PCPN:    SNOW:  WIND      :SUNSHINE: SKY     :PK WND
================================================================================
1   2   3   4   5  6A  6B    7    8   9   10  11  12  13   14  15   16   17  18
                                     12Z  AVG MX 2MIN
DY MAX MIN AVG DEP HDD CDD  WTR  SNW DPTH SPD SPD DIR MIN PSBL S-S WX    SPD DR
================================================================================

 1  43  30  37  -5  28   0 0.15    T    0 15.0 28 310   M    M   6        40 310
 2  39  28  34  -8  31   0    T    T    0 22.3 39 320   M    M   4        51 310
 3  77  28  53  10  12   0 0.00  0.0    0 18.6 31 250   M    M   2        39 240
 4  43  28  36  -7  29   0 0.00  0.0    0 10.7 20 350   M    M   2        23 330
 5  39  28  34 -10  31   0 0.05    T    0 15.9 33 130   M    M   6        43 130
 6  52  36  44   0  21   0 0.02  0.0    0 14.6 27 310   M    M   9 1      33 320
 7  45  34  40  -5  25   0 0.00  0.0    0 12.5 18 310   M    M  10        28 300
 8  39  23  31 -14  34   0    T    T    0 20.3 31 340   M    M   7        40 320
 9  45  18  32 -14  33   0 0.00  0.0    0 12.3 21 160   M    M   1        28 160
10  63  37  50   4  15   0 0.00  0.0    0 15.0 21 320   M    M   5        28 150
11  46  28  37  -9  28   0 0.00  0.0    0 18.3 30 300   M    M   0        40 300
12  55  23  39  -8  26   0 0.00  0.0    0  8.7 21 170   M    M   2        22 160
13  70  43  57  10   8   0 0.00  0.0    0 16.4 24 190   M    M   4        30 170
14  70  45  58  10   7   0 0.00  0.0    0 14.4 21 170   M    M   1        32 160
15  77  46  62  14   3   0 0.00  0.0    0 15.8 25 170   M    M   1        30 150
16  81  52  67  18   0   2 0.00  0.0    0 13.4 22 170   M    M   1        32 170
17  79  54  67  18   0   2 0.00  0.0    0 11.7 20 170   M    M   4        25 170
18  79  54  67  18   0   2 0.05  0.0    0 10.7 18 180   M    M   5        24 180
19  59  52  56   6   9   0 0.24  0.0    0 12.0 18  90   M    M  10 1      22 110
20  61  46  54   4  11   0 0.32  0.0    0 10.5 17 150   M    M   6 1      24 150
21  68  45  57   6   8   0 0.00  0.0    0  7.9 16 340   M    M   4 1      23 340
22  63  46  55   4  10   0 0.00  0.0    0  8.9 18 350   M    M   5        20 350
23  68  41  55   3  10   0 0.00  0.0    0 11.3 20 170   M    M   5 1      28 160
24  77  54  66  14   0   1 0.00  0.0    0 15.1 24 160   M    M   4        29 160
25  73  55  64  12   1   0 0.00  0.0    0 14.9 24 240   M    M   4        30 240
26  59  45  52  -1  13   0 0.00  0.0    0 13.6 22  60   M    M  10 1      27  70
27  46  41  44  -9  21   0 0.55  0.0    0 21.0 28  70   M    M   8        39  90
28  45  39  42 -11  23   0 0.02  0.0    0 11.3 17  80   M    M  10 1      25  90
29  48  39  44 -10  21   0 0.00  0.0    0  8.3 16  50   M    M   9        23  50
30  46  43  45  -9  20   0 0.64  0.0    0 17.8 28  70   M    M   9 1      38  60
================================================================================
SM 1755 1181       478   7  2.04    T    419.2          M      154
================================================================================
AV 58.5 39.4                              14.0 FASTST   M    M   5    MAX(MPH)
                                 MISC ---->    39   M                 51    M
================================================================================
NOTES:
# LAST OF SEVERAL OCCURRENCES

COLUMN 17 PEAK WIND IN M.P.H.

PRELIMINARY LOCAL CLIMATOLOGICAL DATA (WS FORM: F-6) , PAGE 2

                                          STATION:  CHARLES_CITY IA
                                          MONTH:    APRIL
                                          YEAR:     2016
                                          LATITUDE:   43  4 N
                                          LONGITUDE:  92 37 W

[TEMPERATURE DATA]      [PRECIPITATION DATA]       SYMBOLS USED IN COLUMN 16

AVERAGE MONTHLY: 48.9   TOTAL FOR MONTH:   2.04    1 = FOG OR MIST
DPTR FM NORMAL:   0.7   DPTR FM NORMAL:   -1.49    2 = FOG REDUCING VISIBILITY
HIGHEST:    81 ON 16    GRTST 24HR  0.64 ON 30-30      TO 1/4 MILE OR LESS
LOWEST:     18 ON  9                               3 = THUNDER
                        SNOW, ICE PELLETS, HAIL    4 = ICE PELLETS
                        TOTAL MONTH:    T          5 = HAIL
                        GRTST 24HR    T  ON  8- 8  6 = FREEZING RAIN OR DRIZZLE
                        GRTST DEPTH:   0           7 = DUSTSTORM OR SANDSTORM:
                                                       VSBY 1/2 MILE OR LESS
                                                   8 = SMOKE OR HAZE
[NO. OF DAYS WITH]      [WEATHER - DAYS WITH]      9 = BLOWING SNOW
                                                   X = TORNADO
MAX 32 OR BELOW:   0    0.01 INCH OR MORE:   9
MAX 90 OR ABOVE:   0    0.10 INCH OR MORE:   5
MIN 32 OR BELOW:   9    0.50 INCH OR MORE:   2
MIN  0 OR BELOW:   0    1.00 INCH OR MORE:   0

[HDD (BASE 65) ]
TOTAL THIS MO.   478    CLEAR  (SCALE 0-3)   8
DPTR FM NORMAL   -32    PTCLDY (SCALE 4-7)  14
TOTAL FM JUL 1  5915    CLOUDY (SCALE 8-10)  8
DPTR FM NORMAL -1184

[CDD (BASE 65) ]
TOTAL THIS MO.     7
DPTR FM NORMAL     1    [PRESSURE DATA]
TOTAL FM JAN 1     7    HIGHEST SLP M ON M
DPTR FM NORMAL     1    LOWEST  SLP M ON M

[REMARKS]
#FINAL-04-16#
