000
CXUS53 KARX 011605
CF6CCY
PRELIMINARY LOCAL CLIMATOLOGICAL DATA (WS FORM: F-6)

                                          STATION:   CHARLES_CITY IA
                                          MONTH:     SEPTEMBER
                                          YEAR:      2014
                                          LATITUDE:   43  4 N
                                          LONGITUDE:  92 37 W

  TEMPERATURE IN F:       :PCPN:    SNOW:  WIND      :SUNSHINE: SKY     :PK WND
================================================================================
1   2   3   4   5  6A  6B    7    8   9   10  11  12  13   14  15   16   17  18
                                     12Z  AVG MX 2MIN
DY MAX MIN AVG DEP HDD CDD  WTR  SNW DPTH SPD SPD DIR MIN PSBL S-S WX    SPD DR
================================================================================

 1  75  59  67   0   0   2 0.40  0.0    0  8.1 15 300   M    M   5 1      33 150
 2  77  57  67   0   0   2 0.05  0.0    0  6.4 15 250   M    M   2 1      15 360
 3  82  57  70   3   0   5 0.00  0.0    0 10.2 16 170   M    M   1        25 180
 4  88  70  79  13   0  14 0.00  0.0    0 11.1 20 160   M    M   6        28 200
 5  73  50  62  -4   3   0 0.24  0.0    0  8.9 13 320   M    M   5        21 340
 6  73  46  60  -6   5   0 0.00  0.0    0  5.6 12 270   M    M   0 1      16 300
 7  75  50  63  -3   2   0 0.00  0.0    0  5.3 12 220   M    M   1        17 220
 8  70  54  62  -3   3   0 0.01  0.0    0  8.2 18 160   M    M   3 3      29 130
 9  73  64  69   4   0   4 0.01  0.0    0  9.7 13 160   M    M   9        21 140
10  68  48  58  -6   7   0 0.16  0.0    0 13.4 23 340   M    M  10 1      30 340
11  59  43  51 -13  14   0 0.00  0.0    0  9.1 15 350   M    M   8        22 350
12  50  37  44 -20  21   0 0.21  0.0    0  4.3 10 360   M    M   7 1      17 360
13  59  34  47 -16  18   0 0.00  0.0    0  3.7 13 190   M    M   0 1      16 180
14  68  43  56  -7   9   0 0.00  0.0    0  7.1 14 230   M    M   6        20 220
15  61  41  51 -11  14   0 0.28  0.0    0  7.2 13  30   M    M   7        17  20
16  66  37  52 -10  13   0 0.00  0.0    0  4.2  9 200   M    M   0 1      16 220
17  72  46  59  -3   6   0 0.00  0.0    0  4.0  7 100   M    M   2         M  M
18  73  48  61   0   4   0 0.00  0.0    0  6.8 12 150   M    M   0 1      16 140
19  77  52  65   4   0   0 0.00  0.0    0 14.0 24 180   M    M   2        36 180
20  79  55  67   7   0   2 0.62  0.0    0 11.4 27 330   M    M   4        45 330
21  64  46  55  -5  10   0 0.00  0.0    0 12.1 18 330   M    M   4        29 330
22  72  43  58  -1   7   0 0.00  0.0    0  4.9  9 230   M    M   0 1      14  99
23  73  48  61   2   4   0 0.00  0.0    0  8.3 13 160   M    M   3        20 200
24  64  55  60   2   5   0 0.05  0.0    0  8.4 12 150   M    M   9        18 190
25  77  55  66   8   0   1 0.00  0.0    0  5.3  9 150   M    M   8        16 160
26  81  55  68  10   0   3 0.00  0.0    0  8.1 13 160   M    M   2        20 180
27  82  59  71  14   0   6 0.00  0.0    0  7.0 16 170   M    M   1        22 170
28  81  55  68  11   0   3 0.00  0.0    0  4.1  6 240   M    M   2         M  M
29  77  50  64   8   1   0 0.00  0.0    0  5.8 15 350   M    M   1 1      20  40
30  63  48  56   0   9   0 0.00  0.0    0 10.6 17 110   M    M   6        27 110
================================================================================
SM 2152 1505       155  42  2.03     0.0 233.3          M      114
================================================================================
AV 71.7 50.2                               7.8 FASTST   M    M   4    MAX(MPH)
                                 MISC ---->  # 27 330                 45    M
================================================================================
NOTES:
# LAST OF SEVERAL OCCURRENCES

COLUMN 17 PEAK WIND IN M.P.H.

PRELIMINARY LOCAL CLIMATOLOGICAL DATA (WS FORM: F-6) , PAGE 2

                                          STATION:  CHARLES_CITY IA
                                          MONTH:    SEPTEMBER
                                          YEAR:     2014
                                          LATITUDE:   43  4 N
                                          LONGITUDE:  92 37 W

[TEMPERATURE DATA]      [PRECIPITATION DATA]       SYMBOLS USED IN COLUMN 16

AVERAGE MONTHLY: 60.9   TOTAL FOR MONTH:   2.03    1 = FOG OR MIST
DPTR FM NORMAL:  -1.0   DPTR FM NORMAL:   -1.18    2 = FOG REDUCING VISIBILITY
HIGHEST:    88 ON  4    GRTST 24HR  0.62 ON 20-20      TO 1/4 MILE OR LESS
LOWEST:     34 ON 13                               3 = THUNDER
                        SNOW, ICE PELLETS, HAIL    4 = ICE PELLETS
                        TOTAL MONTH:   0.0 INCH    5 = HAIL
                        GRTST 24HR     0.0         6 = FREEZING RAIN OR DRIZZLE
                        GRTST DEPTH:   0           7 = DUSTSTORM OR SANDSTORM:
                                                       VSBY 1/2 MILE OR LESS
                                                   8 = SMOKE OR HAZE
[NO. OF DAYS WITH]      [WEATHER - DAYS WITH]      9 = BLOWING SNOW
                                                   X = TORNADO
MAX 32 OR BELOW:   0    0.01 INCH OR MORE:  10
MAX 90 OR ABOVE:   0    0.10 INCH OR MORE:   6
MIN 32 OR BELOW:   0    0.50 INCH OR MORE:   1
MIN  0 OR BELOW:   0    1.00 INCH OR MORE:   0

[HDD (BASE 65) ]
TOTAL THIS MO.   155    CLEAR  (SCALE 0-3)  16
DPTR FM NORMAL     2    PTCLDY (SCALE 4-7)  10
TOTAL FM JUL 1   174    CLOUDY (SCALE 8-10)  4
DPTR FM NORMAL    -7

[CDD (BASE 65) ]
TOTAL THIS MO.    42
DPTR FM NORMAL   -20    [PRESSURE DATA]
TOTAL FM JAN 1   555    HIGHEST SLP M ON M
DPTR FM NORMAL  -105    LOWEST  SLP M ON M

[REMARKS]
#FINAL-09-14#
