000
CXUS56 KSLC 011227
CF6CDC
PRELIMINARY LOCAL CLIMATOLOGICAL DATA (WS FORM: F-6)

                                          STATION:   CEDAR CITY UT
                                          MONTH:     JULY
                                          YEAR:      2014
                                          LATITUDE:   37 42 N
                                          LONGITUDE: 113  6 W

  TEMPERATURE IN F:       :PCPN:    SNOW:  WIND      :SUNSHINE: SKY     :PK WND
================================================================================
1   2   3   4   5  6A  6B    7    8   9   10  11  12  13   14  15   16   17  18
                                     12Z  AVG MX 2MIN
DY MAX MIN AVG DEP HDD CDD  WTR  SNW DPTH SPD SPD DIR MIN PSBL S-S WX    SPD DR
================================================================================

 1  95  53  74   3   0   9 0.00  0.0    0  3.4 10 190   M    M   0        16 360
 2  94  62  78   7   0  13 0.15  0.0    0  8.6 33 270   M    M   1 38     48 270
 3  94  55  75   4   0  10 0.00  0.0    0  9.0 21 200   M    M   0        27 200
 4  87  63  75   3   0  10 0.00  0.0    0 10.4 26 200   M    M   0 3      34 200
 5  91  59  75   3   0  10 0.00  0.0    0  6.9 32  60   M    M   2 3      42  50
 6  87  56  72   0   0   7 0.04  0.0    0  4.4 21 160   M    M   1 3      24  30
 7  91  55  73   1   0   8 0.00  0.0    0  4.7 31  50   M    M   0 3      41  40
 8  93  60  77   5   0  12    T  0.0    0  7.9 22 140   M    M   1 8      31 190
 9  88  64  76   3   0  11    T  0.0    0  8.1 25 260   M    M   5 3      40 250
10  84  54  69  -4   0   4    T  0.0    0  7.3 25 210   M    M   5 3      32 200
11  86  52  69  -4   0   4 0.00  0.0    0  7.3 23 290   M    M   2 1      27 280
12  93  52  73   0   0   8 0.00  0.0    0  4.8 10 310   M    M   1         M  M
13   M  59   M   M   M   M 0.00  0.0    M  4.9 16 360   M    M   0        23  40
14  94  67  81   8   0  16 0.00  0.0    0  8.8 33  70   M    M   0 3      47  70
15  91  59  75   1   0  10    T  0.0    0 12.9 38  50   M    M   0 13     47  40
16  89  56  73  -1   0   8    T  0.0    0  7.1 22 230   M    M   2        33 230
17  94  54  74   0   0   9    T  0.0    0  6.1 24 270   M    M   1 3      34 260
18  93  66  80   6   0  15 0.00  0.0    0  6.6 18  10   M    M   1        25  10
19  93  55  74   0   0   9    T  0.0    0  8.1 23 210   M    M   0        30 240
20  90  59  75   1   0  10 0.00  0.0    0 11.4 25 200   M    M   0        33 210
21  90  55  73  -1   0   8 0.00  0.0    0 10.0 24 180   M    M   0        34 200
22  96  49  73  -1   0   8 0.00  0.0    0  7.6 23 230   M    M   0        31 220
23  97  58  78   4   0  13 0.00  0.0    0  8.7 22 220   M    M   0 8      29 220
24  96  66  81   7   0  16 0.00  0.0    0 11.4 24 200   M    M   1        31 210
25  94  70  82   8   0  17 0.00  0.0    0 12.6 24 200   M    M   2 3      35 210
26  87  65  76   2   0  11    T  0.0    0  6.5 22 210   M    M   2 38     30 210
27  94  55  75   1   0  10 0.00  0.0    0  5.3 25 190   M    M   1 3      31 190
28  85  62  74   0   0   9 0.00  0.0    0  7.6 28 180   M    M   3 3      35 170
29  82  61  72  -2   0   7 0.20  0.0    0  6.3 26 280   M    M   4 13     32 290
30  86  55  71  -3   0   6 0.00  0.0    0  3.9 12 360   M    M   1        17 350
31  88  56  72  -2   0   7 0.05  0.0    0  7.6 25 350   M    M   2 3      32 340
================================================================================
SM 2722 1812         0 295  0.44     0.0 236.2          M       38
================================================================================
AV 90.7 58.5                               7.6 FASTST   M    M   1    MAX(MPH)
                                 MISC ---->  # 38  50               # 48  270
================================================================================
NOTES:
# LAST OF SEVERAL OCCURRENCES

COLUMN 17 PEAK WIND IN M.P.H.

PRELIMINARY LOCAL CLIMATOLOGICAL DATA (WS FORM: F-6) , PAGE 2

                                          STATION:  CEDAR CITY UT
                                          MONTH:    JULY
                                          YEAR:     2014
                                          LATITUDE:   37 42 N
                                          LONGITUDE: 113  6 W

[TEMPERATURE DATA]      [PRECIPITATION DATA]       SYMBOLS USED IN COLUMN 16

AVERAGE MONTHLY: 74.6   TOTAL FOR MONTH:   0.44    1 = FOG OR MIST
DPTR FM NORMAL:   1.6   DPTR FM NORMAL:   -0.40    2 = FOG REDUCING VISIBILITY
HIGHEST:    97 ON 23    GRTST 24HR  0.23 ON 28-29      TO 1/4 MILE OR LESS
LOWEST:     49 ON 22                               3 = THUNDER
                        SNOW, ICE PELLETS, HAIL    4 = ICE PELLETS
                        TOTAL MONTH:   0.0 INCH    5 = HAIL
                        GRTST 24HR     0.0         6 = FREEZING RAIN OR DRIZZLE
                        GRTST DEPTH:   0           7 = DUSTSTORM OR SANDSTORM:
                                                       VSBY 1/2 MILE OR LESS
                                                   8 = SMOKE OR HAZE
[NO. OF DAYS WITH]      [WEATHER - DAYS WITH]      9 = BLOWING SNOW
                                                   X = TORNADO
MAX 32 OR BELOW:   0    0.01 INCH OR MORE:   4
MAX 90 OR ABOVE:  19    0.10 INCH OR MORE:   2
MIN 32 OR BELOW:   0    0.50 INCH OR MORE:   0
MIN  0 OR BELOW:   0    1.00 INCH OR MORE:   0

[HDD (BASE 65) ]
TOTAL THIS MO.     0    CLEAR  (SCALE 0-3)  27
DPTR FM NORMAL    -3    PTCLDY (SCALE 4-7)   4
TOTAL FM JUL 1     0    CLOUDY (SCALE 8-10)  0
DPTR FM NORMAL    -3

[CDD (BASE 65) ]
TOTAL THIS MO.   295
DPTR FM NORMAL    43    [PRESSURE DATA]
TOTAL FM JAN 1   420    HIGHEST SLP 30.14 ON 28
DPTR FM NORMAL    67    LOWEST  SLP 29.75 ON  1

[REMARKS]
#FINAL-07-14#
