000
CXUS55 KEAX 300736
CF6CDJ
PRELIMINARY LOCAL CLIMATOLOGICAL DATA (WS FORM: F-6)

                                          STATION:   CHILLICOTHE
                                          MONTH:     AUGUST
                                          YEAR:      2016
                                          LATITUDE:   39 49 N
                                          LONGITUDE:  93 35 W

  TEMPERATURE IN F:       :PCPN:    SNOW:  WIND      :SUNSHINE: SKY     :PK WND
================================================================================
1   2   3   4   5  6A  6B    7    8   9   10  11  12  13   14  15   16   17  18
                                     12Z  AVG MX 2MIN
DY MAX MIN AVG DEP HDD CDD  WTR  SNW DPTH SPD SPD DIR MIN PSBL S-S WX    SPD DR
================================================================================

 1  80  68  74  -3   0   9 0.95    M    M  5.1 17 200   M    M   0        23 190
 2  87  72  80   3   0  15 0.73    M    M  5.0 18 130   M    M   0        27 240
 3  91  71  81   4   0  16 0.00    M    M  3.5  9 120   M    M   0        14 100
 4  96  75  86   9   0  21 0.00    M    M  6.1 13 190   M    M   0        18 320
 5  83  68  76  -1   0  11 1.91    M    M  2.8 13 130   M    M   0        17  20
 6  83  64  74  -3   0   9 0.00    M    M  2.7 10  40   M    M   0        14  40
 7  81  64  73  -4   0   8 0.00    M    M  3.0 12  70   M    M   0        16  90
 8  82  71  77   0   0  12 0.00    M    M  3.0 13 100   M    M   0        16 120
 9  93  73  83   6   0  18 0.03    M    M  1.2  7  40   M    M   0        11 160
10  94  74  84   8   0  19 0.00    M    M  4.0 10 180   M    M   0        15 200
11  95  78  87  11   0  22 0.00    M    M  6.5 14 180   M    M   0        22 190
12  85  72  79   3   0  14 0.32    M    M  3.4 17  20   M    M   0        25  20
13  88  66  77   1   0  12 0.00    M    M  2.8 12  20   M    M   0        17 350
14  89  66  78   2   0  13 0.00    M    M  1.7  8  30   M    M   0        11  20
15  83  67  75  -1   0  10 0.00    M    M  1.5  8  30   M    M   0        11  20
16  87  64  76   0   0  11 0.00    M    M  2.9 13 190   M    M   0        17 200
17  90  68  79   4   0  14 0.00    M    M  4.9 14 190   M    M   0        19 200
18  90  70  80   5   0  15 0.00    M    M  4.8 14 200   M    M   0        19 190
19  87  70  79   4   0  14 0.28    M    M  4.8 14 310   M    M   0        24 310
20  76  59  68  -7   0   3 0.00    M    M  4.6 15 310   M    M   0        22 310
21  81  56  69  -6   0   4 0.00    M    M  2.1 10 310   M    M   0        15 280
22  83  57  70  -4   0   5 0.00    M    M  4.8 16 200   M    M   0        22 200
23  82  64  73  -1   0   8 0.01    M    M  6.7 15 160   M    M   0        21 160
24  85  70  78   4   0  13 1.03    M    M  5.5 15 180   M    M   0        22 180
25  80  69  75   1   0  10 0.30    M    M  4.1 10  20   0    0   0         M  M
26  80  68  74   1   0   9 1.61    M    M  5.6 13 160   0    0   0        32 190
27  88  67  78   5   0  13 0.01    M    M  0.0  M   M   0    0   0         0   0
28  90  70  80   7   0  15 0.30  0.0    0   M   M   M   0    0   0         0   0
29  92  69  81   9   0  16 0.00    M    M  1.7  9  60   M    M   0        14  50
================================================================================
SM 2501 1970         0 359  7.48     0.0 104.8            0      0
================================================================================
AV 86.2 67.9                               3.7 FASTST    0   0   0    MAX(MPH)
                                 MISC ---->  # 18 130                 32    M
================================================================================
NOTES:
# LAST OF SEVERAL OCCURRENCES

COLUMN 17 PEAK WIND IN M.P.H.

PRELIMINARY LOCAL CLIMATOLOGICAL DATA (WS FORM: F-6) , PAGE 2

                                          STATION:  CHILLICOTHE
                                          MONTH:    AUGUST
                                          YEAR:     2016
                                          LATITUDE:   39 49 N
                                          LONGITUDE:  93 35 W

[TEMPERATURE DATA]      [PRECIPITATION DATA]       SYMBOLS USED IN COLUMN 16

AVERAGE MONTHLY: 77.1   TOTAL FOR MONTH:   7.48    1 = FOG OR MIST
DPTR FM NORMAL:   1.7   DPTR FM NORMAL:    3.60    2 = FOG REDUCING VISIBILITY
HIGHEST:    96 ON  4    GRTST 24HR  1.91 ON  5- 5      TO 1/4 MILE OR LESS
LOWEST:     56 ON 21                               3 = THUNDER
                        SNOW, ICE PELLETS, HAIL    4 = ICE PELLETS
                        TOTAL MONTH:   0.0 INCH    5 = HAIL
                        GRTST 24HR     0.0         6 = FREEZING RAIN OR DRIZZLE
                        GRTST DEPTH:   0           7 = DUSTSTORM OR SANDSTORM:
                                                       VSBY 1/2 MILE OR LESS
                                                   8 = SMOKE OR HAZE
[NO. OF DAYS WITH]      [WEATHER - DAYS WITH]      9 = BLOWING SNOW
                                                   X = TORNADO
MAX 32 OR BELOW:   0    0.01 INCH OR MORE:  12
MAX 90 OR ABOVE:   9    0.10 INCH OR MORE:   9
MIN 32 OR BELOW:   0    0.50 INCH OR MORE:   5
MIN  0 OR BELOW:   0    1.00 INCH OR MORE:   3

[HDD (BASE 65) ]
TOTAL THIS MO.     0    CLEAR  (SCALE 0-3)  29
DPTR FM NORMAL     0    PTCLDY (SCALE 4-7)   0
TOTAL FM JUL 1     2    CLOUDY (SCALE 8-10)  0
DPTR FM NORMAL     2

[CDD (BASE 65) ]
TOTAL THIS MO.   359
DPTR FM NORMAL    54    [PRESSURE DATA]
TOTAL FM JAN 1  1261    HIGHEST SLP  0.00 ON M
DPTR FM NORMAL   275    LOWEST  SLP  0.00 ON M

[REMARKS]
