000
CXUS55 KCYS 311000
CF6CDR
PRELIMINARY LOCAL CLIMATOLOGICAL DATA (WS FORM: F-6)

                                          STATION:   CHADRON NEBRASKA AIRPORT
                                          MONTH:     JANUARY
                                          YEAR:      2015
                                          LATITUDE:   42 50 N
                                          LONGITUDE: 103  6 W

  TEMPERATURE IN F:       :PCPN:    SNOW:  WIND      :SUNSHINE: SKY     :PK WND
================================================================================
1   2   3   4   5  6A  6B    7    8   9   10  11  12  13   14  15   16   17  18
                                     12Z  AVG MX 2MIN
DY MAX MIN AVG DEP HDD CDD  WTR  SNW DPTH SPD SPD DIR MIN PSBL S-S WX    SPD DR
================================================================================

 1  32  -1  16  -8  49   0 0.00    M    M  7.4 16 230   M    M   3        19 230
 2  39   7  23  -1  42   0 0.00    M    M  5.1 13 250   M    M   5        16 210
 3  27   4  16  -8  49   0    T    M    M  9.9 29  20   M    M   8 128    34  30
 4   7 -17  -5 -29  70   0 0.00    M    M  2.7  8 230   M    M   6 8       9 250
 5  37   4  21  -3  44   0 0.00    M    M  9.1 22 190   M    M   6        26 250
 6  25   9  17  -7  48   0    T    M    M  7.5 24  40   M    M   8 18     28  40
 7  21   3  12 -12  53   0    T    M    0  9.1 20 210   M    M   4 18     24 210
 8  39   8  24   0  41   0    T    M    M 14.5 29 300   M    M   6 18     36 300
 9  14  -7   4 -20  61   0    T    M    M  8.2 28 300   M    M   0 8      39 300
10  35  -6  15  -9  50   0 0.00    M    M  3.4 14 240   M    M   0 1      16 310
11  19   6  13 -11  52   0    T    M    M  5.1 13 240   M    M   5 8      13 240
12  24  15  20  -4  45   0 0.00    M    M  8.1 20 180   M    M  10        23 190
13  31  15  23  -1  42   0 0.00    M    M  7.8 16 200   M    M   6 8      22 270
14  33   6  20  -4  45   0 0.00    M    M  9.0 20 270   M    M   0        25 270
15  40  20  30   6  35   0 0.00    M    M 10.3 26 290   M    M   0        34 290
16  44  19  32   8  33   0    T    M    M  7.2 26 300   M    M   1        33 300
17  41  29  35  11  30   0 0.00    M    M 13.3 23 290   M    M   2        30 300
18  43  22  33   9  32   0 0.00    M    M  6.6 17 270   M    M   1        23 280
19  44  26  35  11  30   0 0.02    M    M  9.4 21 300   M    M   4        26 300
20  39  24  32   8  33   0 0.00    M    M 13.8 26 300   M    M   3        33 300
21  34  16  25   0  40   0 0.00    M    M  9.9 25 300   M    M   5        32 310
22  41  11  26   1  39   0 0.00    M    M  8.2 14 240   M    M   0        17 240
23  43  22  33   8  32   0 0.00    M    M 10.9 21 310   M    M   3        27 300
24  49  28  39  14  26   0    T    M    M 14.6 32 290   M    M   4        43 280
25  53  31  42  17  23   0 0.00    M    M 13.6 25 300   M    M   4        33 300
26  65  33  49  24  16   0 0.00    M    M 11.7 22 290   M    M   0        26 280
27  69  31  50  25  15   0 0.00    M    M  6.3 10 210   M    M   0        13 230
28  55  24  40  15  25   0    T    M    M 11.9 29 310   M    M   4 1      38 300
29  46  22  34   9  31   0 0.00    M    M  4.3 15 310   M    M   1 1      19 300
30  52  27  40  15  25   0 0.00    M    M  6.0 15 200   M    M   0        19 210
================================================================================
SM 1141  431      1156   0  0.02    M    264.9          M       99
================================================================================
AV 38.0 14.4                               8.8 FASTST   M    M   3    MAX(MPH)
                                 MISC ---->  # 32 290               # 43  280
================================================================================
NOTES:
# LAST OF SEVERAL OCCURRENCES

COLUMN 17 PEAK WIND IN M.P.H.

PRELIMINARY LOCAL CLIMATOLOGICAL DATA (WS FORM: F-6) , PAGE 2

                                          STATION:  CHADRON NEBRASKA AIRPORT
                                          MONTH:    JANUARY
                                          YEAR:     2015
                                          LATITUDE:   42 50 N
                                          LONGITUDE: 103  6 W

[TEMPERATURE DATA]      [PRECIPITATION DATA]       SYMBOLS USED IN COLUMN 16

AVERAGE MONTHLY: 26.2   TOTAL FOR MONTH:   0.02    1 = FOG OR MIST
DPTR FM NORMAL:   1.9   DPTR FM NORMAL:   -0.32    2 = FOG REDUCING VISIBILITY
HIGHEST:    69 ON 27    GRTST 24HR  0.02 ON 19-19      TO 1/4 MILE OR LESS
LOWEST:    -17 ON  4                               3 = THUNDER
                        SNOW, ICE PELLETS, HAIL    4 = ICE PELLETS
                        TOTAL MONTH:    M          5 = HAIL
                        GRTST 24HR    M  ON   M    6 = FREEZING RAIN OR DRIZZLE
                        GRTST DEPTH:   0           7 = DUSTSTORM OR SANDSTORM:
                                                       VSBY 1/2 MILE OR LESS
                                                   8 = SMOKE OR HAZE
[NO. OF DAYS WITH]      [WEATHER - DAYS WITH]      9 = BLOWING SNOW
                                                   X = TORNADO
MAX 32 OR BELOW:   9    0.01 INCH OR MORE:   1
MAX 90 OR ABOVE:   0    0.10 INCH OR MORE:   0
MIN 32 OR BELOW:  29    0.50 INCH OR MORE:   0
MIN  0 OR BELOW:   4    1.00 INCH OR MORE:   0

[HDD (BASE 65) ]
TOTAL THIS MO.  1156    CLEAR  (SCALE 0-3)  15
DPTR FM NORMAL   -61    PTCLDY (SCALE 4-7)  14
TOTAL FM JUL 1  3946    CLOUDY (SCALE 8-10)  1
DPTR FM NORMAL  -213

[CDD (BASE 65) ]
TOTAL THIS MO.     0
DPTR FM NORMAL     0    [PRESSURE DATA]
TOTAL FM JAN 1     0    HIGHEST SLP  0.00 ON  5
DPTR FM NORMAL     0    LOWEST  SLP 29.72 ON 16

[REMARKS]
