000
CXUS55 KCYS 281000
CF6CDR
PRELIMINARY LOCAL CLIMATOLOGICAL DATA (WS FORM: F-6)

                                          STATION:   CHADRON NEBRASKA AIRPORT
                                          MONTH:     SEPTEMBER
                                          YEAR:      2016
                                          LATITUDE:   42 50 N
                                          LONGITUDE: 103  6 W

  TEMPERATURE IN F:       :PCPN:    SNOW:  WIND      :SUNSHINE: SKY     :PK WND
================================================================================
1   2   3   4   5  6A  6B    7    8   9   10  11  12  13   14  15   16   17  18
                                     12Z  AVG MX 2MIN
DY MAX MIN AVG DEP HDD CDD  WTR  SNW DPTH SPD SPD DIR MIN PSBL S-S WX    SPD DR
================================================================================

 1  81  65  73   5   0   8 0.00    M    M 22.5 36 170   M    M   3        46 180
 2  86  65  76   9   0  11 0.00    M    M 21.7 36 170   M    M   0        47 170
 3  94  58  76   9   0  11 0.08    M    M  8.1 33 150   M    M   0 3      41 150
 4  88  59  74   8   0   9 0.03    M    M  5.8 30 280   M    M   2 13     38 310
 5  80  56  68   2   0   3    T    M    M  6.5 20  10   M    M   6 1      26  20
 6  70  51  61  -5   4   0 0.00    M    M  8.0 16  20   M    M   8        20  20
 7  85  49  67   2   0   2 0.00    M    M  8.9 22  40   M    M   1 8      27 300
 8  92  41  67   2   0   2 0.00    M    M  8.9 28 190   M    M   0        43 310
 9  66  39  53 -11  12   0 0.01    M    M  9.2 30 350   M    M   4        41 340
10  84  34  59  -5   6   0 0.00    M    M  7.3 21 230   M    M   0        28 230
11  95  38  67   4   0   2 0.00    M    M  8.3 25 280   M    M   0        33 270
12  63  42  53 -10  12   0 0.00    M    M 12.6 24  20   M    M   5        31  30
13  60  43  52 -10  13   0 0.00    M    M  7.0 15  60   M    M   9        17 100
14  71  43  57  -5   8   0 0.19    M    M 12.3 26 170   M    M   4 13     33 180
15  76  47  62   1   3   0 0.03    M    M  9.5 25 310   M    M   2 13     33 300
16  78  43  61   0   4   0 0.00    M    M  9.5 23 300   M    M   3        29 290
17  84  39  62   2   3   0 0.00    M    M  7.8 23 230   M    M   0        28 230
18  93  46  70  10   0   5 0.00    M    M 10.1 26 290   M    M   0        33 280
19  87  45  66   7   0   1 0.00    M    M  9.1 32 180   M    M   0        41 180
20  89  53  71  12   0   6 0.00    M    M  6.7 21 200   M    M   0        25 200
21  72  48  60   2   5   0 0.00    M    M  6.6 14 360   M    M   6        16 360
22  74  57  66   8   0   1 0.00    M    M 10.0 18 100   M    M   8        24 110
23  77  52  65   7   0   0 0.89    M    M  8.9 36 290   M    M   6 13     49 280
24  69  46  58   1   7   0    T    M    M 16.2 33 290   M    M   2        44 300
25  65  38  52  -4  13   0 0.00    M    M 14.3 30 310   M    M   1        37 320
26  75  38  57   1   8   0 0.00    M    M  9.3 24 300   M    M   0        31 310
27  86  39  63   7   2   0 0.00    M    M  7.5 18 290   M    M   0        25 300
================================================================================
SM 2140 1274       100  61  1.23    M    272.6          M       70
================================================================================
AV 79.3 47.2                              10.1 FASTST   M    M   3    MAX(MPH)
                                 MISC ---->  # 36 170               # 49  280
================================================================================
NOTES:
# LAST OF SEVERAL OCCURRENCES

COLUMN 17 PEAK WIND IN M.P.H.

PRELIMINARY LOCAL CLIMATOLOGICAL DATA (WS FORM: F-6) , PAGE 2

                                          STATION:  CHADRON NEBRASKA AIRPORT
                                          MONTH:    SEPTEMBER
                                          YEAR:     2016
                                          LATITUDE:   42 50 N
                                          LONGITUDE: 103  6 W

[TEMPERATURE DATA]      [PRECIPITATION DATA]       SYMBOLS USED IN COLUMN 16

AVERAGE MONTHLY: 63.2   TOTAL FOR MONTH:   1.23    1 = FOG OR MIST
DPTR FM NORMAL:   1.5   DPTR FM NORMAL:   -0.34    2 = FOG REDUCING VISIBILITY
HIGHEST:    95 ON 11    GRTST 24HR  0.89 ON 23-23      TO 1/4 MILE OR LESS
LOWEST:     34 ON 10                               3 = THUNDER
                        SNOW, ICE PELLETS, HAIL    4 = ICE PELLETS
                        TOTAL MONTH:    M          5 = HAIL
                        GRTST 24HR    M  ON   M    6 = FREEZING RAIN OR DRIZZLE
                        GRTST DEPTH:  M  ON   M    7 = DUSTSTORM OR SANDSTORM:
                                                       VSBY 1/2 MILE OR LESS
                                                   8 = SMOKE OR HAZE
[NO. OF DAYS WITH]      [WEATHER - DAYS WITH]      9 = BLOWING SNOW
                                                   X = TORNADO
MAX 32 OR BELOW:   0    0.01 INCH OR MORE:   6
MAX 90 OR ABOVE:   4    0.10 INCH OR MORE:   2
MIN 32 OR BELOW:   0    0.50 INCH OR MORE:   1
MIN  0 OR BELOW:   0    1.00 INCH OR MORE:   0

[HDD (BASE 65) ]
TOTAL THIS MO.   100    CLEAR  (SCALE 0-3)  18
DPTR FM NORMAL   -49    PTCLDY (SCALE 4-7)   8
TOTAL FM JUL 1   117    CLOUDY (SCALE 8-10)  1
DPTR FM NORMAL   -62

[CDD (BASE 65) ]
TOTAL THIS MO.    61
DPTR FM NORMAL    -1    [PRESSURE DATA]
TOTAL FM JAN 1   878    HIGHEST SLP  0.00 ON M
DPTR FM NORMAL   169    LOWEST  SLP 29.52 ON 23

[REMARKS]
