323
CXUS56 KEKA 271230
CF6CEC
PRELIMINARY LOCAL CLIMATOLOGICAL DATA (WS FORM: F-6)

                                          STATION:   CRESCENT CITY CA
                                          MONTH:     AUGUST
                                          YEAR:      2016
                                          LATITUDE:   41 46 N
                                          LONGITUDE: 124 14 W

  TEMPERATURE IN F:       :PCPN:    SNOW:  WIND      :SUNSHINE: SKY     :PK WND
================================================================================
1   2   3   4   5  6A  6B    7    8   9   10  11  12  13   14  15   16   17  18
                                     12Z  AVG MX 2MIN
DY MAX MIN AVG DEP HDD CDD  WTR  SNW DPTH SPD SPD DIR MIN PSBL S-S WX    SPD DR
================================================================================

 1  63  48  56  -1   9   0 0.00  0.0    0  6.7 16 180   M    M   2 28     20 180
 2  64  53  59   2   6   0 0.00  0.0    0  8.5 23 350   M    M   3 1      36 340
 3  65  48  57   0   8   0 0.00  0.0    0  7.7 23 160   M    M   0 18     28 170
 4  58  52  55  -2  10   0 0.00  0.0    0  5.8 15 190   M    M  10 18     17 190
 5  60  50  55  -2  10   0 0.00  0.0    0 10.0 22 180   M    M   7 28     27 170
 6  62  53  58   1   7   0 0.00  0.0    0  6.5 14 210   M    M   6 1      17 200
 7  64  49  57   0   8   0 0.00  0.0    0  5.9 13 320   M    M   5 1      16 330
 8  65  53  59   2   6   0 0.00  0.0    0  8.2 22 330   M    M   6 2      31 330
 9  63  52  58   1   7   0 0.00  0.0    0 14.2 30 330   M    M   1 2      41 330
10  64  48  56  -1   9   0 0.00  0.0    0  7.9 22 340   M    M   1 18     29 350
11  59  49  54  -3  11   0 0.00  0.0    0  7.5 15 160   M    M   7 28     19 170
12  59  50  55  -2  10   0 0.00  0.0    0  4.5 13 180   M    M   9 28     15 180
13  62  50  56  -1   9   0 0.00  0.0    0  4.8  9 160   M    M  10 28     11 160
14  58  52  55  -2  10   0 0.00  0.0    0  5.1 14 150   M    M  10 2      18 150
15  62  52  57   0   8   0 0.00  0.0    0  7.9 17 170   M    M   5 28     22 170
16  59  52  56  -1   9   0 0.00  0.0    0  5.4 15 190   M    M   8 18     19 190
17  65  49  57   0   8   0 0.00  0.0    0 15.0 30 340   M    M   4 18     41 340
18  60  50  55  -2  10   0 0.00  0.0    0  6.9 13 190   M    M   7 18     15 200
19  60  50  55  -2  10   0 0.00  0.0    0  7.2 15 190   M    M   9 28     20 180
20  62  50  56  -1   9   0 0.00  0.0    0  4.6  9 230   M    M   6 12     13 230
21  61  50  56  -1   9   0 0.00  0.0    0  5.3 14 150   M    M   9 128    17 160
22  58  51  55  -2  10   0 0.00  0.0    0  6.8 17 190   M    M  10 128    21 180
23  56  49  53  -4  12   0 0.00  0.0    0  5.9 13 150   M    M  10 128    16 170
24  55  51  53  -4  12   0 0.00  0.0    0  6.7 16 190   M    M  10 128    20 190
25  57  51  54  -3  11   0 0.00  0.0    0  6.6 15 190   M    M  10 2      18 190
26  62  52  57   0   8   0 0.00  0.0    0  6.6 13 180   M    M  10 1      16 170
================================================================================
SM 1583 1314       236   0  0.00     0.0 188.2          M      175
================================================================================
AV 60.9 50.5                               7.2 FASTST   M    M   7    MAX(MPH)
                                 MISC ---->  # 30 330               # 41  330
================================================================================
NOTES:
# LAST OF SEVERAL OCCURRENCES

COLUMN 17 PEAK WIND IN M.P.H.

PRELIMINARY LOCAL CLIMATOLOGICAL DATA (WS FORM: F-6) , PAGE 2

                                          STATION:  CRESCENT CITY CA
                                          MONTH:    AUGUST
                                          YEAR:     2016
                                          LATITUDE:   41 46 N
                                          LONGITUDE: 124 14 W

[TEMPERATURE DATA]      [PRECIPITATION DATA]       SYMBOLS USED IN COLUMN 16

AVERAGE MONTHLY: 55.7   TOTAL FOR MONTH:   0.00    1 = FOG OR MIST
DPTR FM NORMAL:  -1.3   DPTR FM NORMAL:   -0.41    2 = FOG REDUCING VISIBILITY
HIGHEST:    65 ON 17, 8 GRTST 24HR  0.00 ON 26-26      TO 1/4 MILE OR LESS
LOWEST:     48 ON 10, 3                            3 = THUNDER
                        SNOW, ICE PELLETS, HAIL    4 = ICE PELLETS
                        TOTAL MONTH:   0.0 INCH    5 = HAIL
                        GRTST 24HR     0.0         6 = FREEZING RAIN OR DRIZZLE
                        GRTST DEPTH:   0           7 = DUSTSTORM OR SANDSTORM:
                                                       VSBY 1/2 MILE OR LESS
                                                   8 = SMOKE OR HAZE
[NO. OF DAYS WITH]      [WEATHER - DAYS WITH]      9 = BLOWING SNOW
                                                   X = TORNADO
MAX 32 OR BELOW:   0    0.01 INCH OR MORE:   0
MAX 90 OR ABOVE:   0    0.10 INCH OR MORE:   0
MIN 32 OR BELOW:   0    0.50 INCH OR MORE:   0
MIN  0 OR BELOW:   0    1.00 INCH OR MORE:   0

[HDD (BASE 65) ]
TOTAL THIS MO.   236    CLEAR  (SCALE 0-3)   4
DPTR FM NORMAL    28    PTCLDY (SCALE 4-7)  11
TOTAL FM JUL 1   466    CLOUDY (SCALE 8-10) 11
DPTR FM NORMAL   -16

[CDD (BASE 65) ]
TOTAL THIS MO.     0
DPTR FM NORMAL     0    [PRESSURE DATA]
TOTAL FM JAN 1     0    HIGHEST SLP M ON M
DPTR FM NORMAL     0    LOWEST  SLP 29.81 ON 17

[REMARKS]
