000
CXUS56 KEKA 301230
CF6CEC
PRELIMINARY LOCAL CLIMATOLOGICAL DATA (WS FORM: F-6)

                                          STATION:   CRESCENT CITY CA
                                          MONTH:     MARCH
                                          YEAR:      2017
                                          LATITUDE:   41 46 N
                                          LONGITUDE: 124 14 W

  TEMPERATURE IN F:       :PCPN:    SNOW:  WIND      :SUNSHINE: SKY     :PK WND
================================================================================
1   2   3   4   5  6A  6B    7    8   9   10  11  12  13   14  15   16   17  18
                                     12Z  AVG MX 2MIN
DY MAX MIN AVG DEP HDD CDD  WTR  SNW DPTH SPD SPD DIR MIN PSBL S-S WX    SPD DR
================================================================================

 1  53  37  45  -3  20   0 0.00  0.0    0  6.9 15 330   M    M   0 8      19 340
 2  52  37  45  -3  20   0 0.00  0.0    0  5.3 12 330   M    M   2        15 330
 3  52  39  46  -2  19   0 0.66    M    0  9.5 18 160   M    M   7 1      24 170
 4  50  43  47  -1  18   0 0.50    M    0 13.9 28 180   M    M  10 1      37 240
 5  45  36  41  -7  24   0 0.64    M    0 10.9 26 280   M    M   8 1      32 310
 6  50  39  45  -3  20   0 0.38    M    0 14.4 28 220   M    M  10 1      38 220
 7  51  46  49   1  16   0 1.03    M    0 21.5 31 160   M    M  10 1      41 160
 8  56  51  54   6  11   0 1.13  0.0    0 13.4 20 160   M    M  10 1      27 180
 9   M   M   M   M   M   M 0.13    M    0 11.9 16 170   M    M  10 28      M  M
10  56  46  51   3  14   0 0.11    M    0  5.2 14 320   M    M   8 2      18 320
11  55  46  51   3  14   0    T  0.0    0  6.9 17 180   M    M  10 28     21 170
12  59  45  52   4  13   0 0.00  0.0    M  3.5 12 340   M    M   4 2      13 340
13  65  47  56   8   9   0 0.00  0.0    0  3.2 12 240   M    M   7 2      13 250
14  57  48  53   5  12   0 0.00  0.0    0  6.4 13 200   M    M   7 2      16 180
15  54  48  51   3  14   0 0.42    M    0 12.9 24 160   M    M  10 1      33 180
16  55  43  49   1  16   0 0.00  0.0    0  7.1 15 330   M    M   7        18 320
17  59  42  51   3  14   0 0.03    M    0  8.9 17 160   M    M   8        24 180
18  57  44  51   3  14   0 0.63    M    0 12.4 24 160   M    M   7 1      33 150
19  59  44  52   4  13   0 0.05    M    0  3.4  8 320   M    M   9 1      10 320
20  63  53  58   9   7   0 0.61  0.0    0  8.9 26 190   M    M  10 2      35 180
21  59  50  55   6  10   0 0.64  0.0    0 17.1 35 180   M    M   8 1      42 170
22  54  43  49   0  16   0 0.04    M    0  6.5 15 180   M    M   8        19 230
23  54  42  48  -1  17   0 0.31    M    0 17.6 36 160   M    M   7        46 160
24  56  48  52   3  13   0 1.85    M    0 14.2 32 160   M    M  10 1      42 160
25  54  46  50   1  15   0 0.10    M    0  4.9 10 240   M    M   5 1      13 220
26  54  47  51   2  14   0 0.28    M    0 15.1 29 160   M    M  10 18     39 150
27  55  47  51   2  14   0 0.12    M    0  5.6 22 260   M    M   6 18     27 260
28  56  43  50   1  15   0 0.00  0.0    0  4.5 13 290   M    M   9 18     14 290
29  54  49  52   3  13   0 0.84    M    0 12.4 23 330   M    M  10 1      31 330
================================================================================
SM 1544 1249       415   0 10.50     0.0 284.4          M      227
================================================================================
AV 55.1 44.6                               9.8 FASTST   M    M   8    MAX(MPH)
                                 MISC ---->  # 36 160               # 46  160
================================================================================
NOTES:
# LAST OF SEVERAL OCCURRENCES

COLUMN 17 PEAK WIND IN M.P.H.

PRELIMINARY LOCAL CLIMATOLOGICAL DATA (WS FORM: F-6) , PAGE 2

                                          STATION:  CRESCENT CITY CA
                                          MONTH:    MARCH
                                          YEAR:     2017
                                          LATITUDE:   41 46 N
                                          LONGITUDE: 124 14 W

[TEMPERATURE DATA]      [PRECIPITATION DATA]       SYMBOLS USED IN COLUMN 16

AVERAGE MONTHLY: 49.9   TOTAL FOR MONTH:  10.50    1 = FOG OR MIST
DPTR FM NORMAL:   1.5   DPTR FM NORMAL:    3.22    2 = FOG REDUCING VISIBILITY
HIGHEST:    65 ON 13    GRTST 24HR  1.85 ON 24-24      TO 1/4 MILE OR LESS
LOWEST:     36 ON  5                               3 = THUNDER
                        SNOW, ICE PELLETS, HAIL    4 = ICE PELLETS
                        TOTAL MONTH:   0.0 INCH    5 = HAIL
                        GRTST 24HR     0.0         6 = FREEZING RAIN OR DRIZZLE
                        GRTST DEPTH:   0           7 = DUSTSTORM OR SANDSTORM:
                                                       VSBY 1/2 MILE OR LESS
                                                   8 = SMOKE OR HAZE
[NO. OF DAYS WITH]      [WEATHER - DAYS WITH]      9 = BLOWING SNOW
                                                   X = TORNADO
MAX 32 OR BELOW:   0    0.01 INCH OR MORE:  21
MAX 90 OR ABOVE:   0    0.10 INCH OR MORE:  18
MIN 32 OR BELOW:   0    0.50 INCH OR MORE:  10
MIN  0 OR BELOW:   0    1.00 INCH OR MORE:   3

[HDD (BASE 65) ]
TOTAL THIS MO.   415    CLEAR  (SCALE 0-3)   2
DPTR FM NORMAL   -63    PTCLDY (SCALE 4-7)  12
TOTAL FM JUL 1  3346    CLOUDY (SCALE 8-10) 15
DPTR FM NORMAL  -305

[CDD (BASE 65) ]
TOTAL THIS MO.     0
DPTR FM NORMAL     0    [PRESSURE DATA]
TOTAL FM JAN 1     0    HIGHEST SLP M ON M
DPTR FM NORMAL     0    LOWEST  SLP 29.62 ON  5

[REMARKS]
