700
CXUS55 KGJT 221000
CF6CEZ
PRELIMINARY LOCAL CLIMATOLOGICAL DATA (WS FORM: F-6)

                                          STATION:   CORTEZ CO
                                          MONTH:     MAY
                                          YEAR:      2015
                                          LATITUDE:   37 17 N
                                          LONGITUDE: 108 38 W

  TEMPERATURE IN F:       :PCPN:    SNOW:  WIND      :SUNSHINE: SKY     :PK WND
================================================================================
1   2   3   4   5  6A  6B    7    8   9   10  11  12  13   14  15   16   17  18
                                     12Z  AVG MX 2MIN
DY MAX MIN AVG DEP HDD CDD  WTR  SNW DPTH SPD SPD DIR MIN PSBL S-S WX    SPD DR
================================================================================

 1  80  38  59   8   6   0 0.00    M    M  7.7 25 300   M    M   0        33 300
 2  80  37  59   7   6   0 0.00    M    M  7.6 22 210   M    M   0        29 270
 3  74  43  59   7   6   0    T    M    M  5.7 23 270   M    M   4 3      35 230
 4  72  38  55   3  10   0 0.01    M    M  7.3 29 150   M    M   5 3      37 160
 5  56  47  52   0  13   0 0.38    M    M  3.0 22 210   M    M  10 1      25 210
 6  67  48  58   5   7   0    T    M    M  8.9 32 170   M    M   8 13     41 190
 7  70  38  54   1  11   0    T    M    M  7.3 26 220   M    M   3        33 210
 8  66  37  52  -1  13   0 0.02    M    M  8.9 38 130   M    M   6 13     45 130
 9  54  34  44 -10  21   0    T    M    M  5.9 20 290   M    M   6 1      26 290
10  58  32  45  -9  20   0 0.01    M    M  5.5 17  20   M    M   7        24  20
11  68  29  49  -5  16   0 0.00    M    M  3.7 14 230   M    M   0        19 220
12  76  38  57   3   8   0 0.06    M    M 11.2 41 170   M    M   2 3      55 170
13  70  43  57   2   8   0 0.00    M    M  6.3 18 190   M    M   1        23 150
14  74  41  58   3   7   0    T    M    M 10.3 31 170   M    M   3 3      48 150
15  57  41  49  -6  16   0 0.11    M    M  8.3 29 190   M    M   7 13     39 190
16  51  40  46 -10  19   0 0.10    M    M  5.7 22 300   M    M   8 1      26 290
17  66  35  51  -5  14   0 0.00    M    M  4.8 14 300   M    M   2        22 210
18  73  35  54  -2  11   0 0.21    M    M  8.5 36 160   M    M   4 13     54 200
19  64  37  51  -5  14   0    T    M    M  7.3 24 210   M    M   4 13     28 210
20  71  33  52  -5  13   0 0.00    M    M  4.4 17 200   M    M   1        22 150
21  74  44  59   2   6   0    T    M    M 11.0 31 130   M    M   3 3      40 120
================================================================================
SM 1421  808       245   0  0.90    M    149.3          M       84
================================================================================
AV 67.7 38.5                               7.1 FASTST   M    M   4    MAX(MPH)
                                 MISC ---->  # 41 170               # 55  170
================================================================================
NOTES:
# LAST OF SEVERAL OCCURRENCES

COLUMN 17 PEAK WIND IN M.P.H.

PRELIMINARY LOCAL CLIMATOLOGICAL DATA (WS FORM: F-6) , PAGE 2

                                          STATION:  CORTEZ CO
                                          MONTH:    MAY
                                          YEAR:     2015
                                          LATITUDE:   37 17 N
                                          LONGITUDE: 108 38 W

[TEMPERATURE DATA]      [PRECIPITATION DATA]       SYMBOLS USED IN COLUMN 16

AVERAGE MONTHLY: 53.1   TOTAL FOR MONTH:   0.90    1 = FOG OR MIST
DPTR FM NORMAL:  -1.1   DPTR FM NORMAL:    0.18    2 = FOG REDUCING VISIBILITY
HIGHEST:    80 ON  2, 1 GRTST 24HR  0.38 ON  4- 5      TO 1/4 MILE OR LESS
LOWEST:     29 ON 11                               3 = THUNDER
                        SNOW, ICE PELLETS, HAIL    4 = ICE PELLETS
                        TOTAL MONTH:    M          5 = HAIL
                        GRTST 24HR    M  ON   M    6 = FREEZING RAIN OR DRIZZLE
                        GRTST DEPTH:  M  ON   M    7 = DUSTSTORM OR SANDSTORM:
                                                       VSBY 1/2 MILE OR LESS
                                                   8 = SMOKE OR HAZE
[NO. OF DAYS WITH]      [WEATHER - DAYS WITH]      9 = BLOWING SNOW
                                                   X = TORNADO
MAX 32 OR BELOW:   0    0.01 INCH OR MORE:   8
MAX 90 OR ABOVE:   0    0.10 INCH OR MORE:   4
MIN 32 OR BELOW:   2    0.50 INCH OR MORE:   0
MIN  0 OR BELOW:   0    1.00 INCH OR MORE:   0

[HDD (BASE 65) ]
TOTAL THIS MO.   245    CLEAR  (SCALE 0-3)   8
DPTR FM NORMAL    17    PTCLDY (SCALE 4-7)  12
TOTAL FM JUL 1  5471    CLOUDY (SCALE 8-10)  1
DPTR FM NORMAL  -827

[CDD (BASE 65) ]
TOTAL THIS MO.     0
DPTR FM NORMAL     0    [PRESSURE DATA]
TOTAL FM JAN 1     0    HIGHEST SLP M ON M
DPTR FM NORMAL     0    LOWEST  SLP 29.53 ON 15

[REMARKS]
