000
CXUS55 KPAH 230649
CF6CGI
PRELIMINARY LOCAL CLIMATOLOGICAL DATA (WS FORM: F-6)

                                          STATION:   CAPE GIRARDEAU MO
                                          MONTH:     MARCH
                                          YEAR:      2017
                                          LATITUDE:   37 13 N
                                          LONGITUDE:  89 35 W

  TEMPERATURE IN F:       :PCPN:    SNOW:  WIND      :SUNSHINE: SKY     :PK WND
================================================================================
1   2   3   4   5  6A  6B    7    8   9   10  11  12  13   14  15   16   17  18
                                     12Z  AVG MX 2MIN
DY MAX MIN AVG DEP HDD CDD  WTR  SNW DPTH SPD SPD DIR MIN PSBL S-S WX    SPD DR
================================================================================

 1  70  38  54  12  11   0 0.06  0.0    0 17.8 48 280   M    M   3 1      60 280
 2  56  27  42  -1  23   0 0.00  0.0    0  7.6 20  20   M    M   2        24  20
 3  48  29  39  -4  26   0 0.00  0.0    0  5.9 13 360   M    M   0        17  30
 4  66  31  49   6  16   0 0.00  0.0    0 10.2 24 230   M    M   0        33 220
 5  56  42  49   5  16   0 0.00  0.0    0 14.1 26 210   M    M   6        33 210
 6  66  52  59  15   6   0 0.39  0.0    0 18.9 33 180   M    M  10 18     47 180
 7  63  40  52   8  13   0 0.90  0.0    0  9.8 36 270   M    M   5 1      49 270
 8  65  34  50   5  15   0 0.00  0.0    0  6.5 18 200   M    M   0        22 210
 9  71  37  54   9  11   0 0.21  0.0    0  5.9 25  10   M    M   1 1      30  10
10  55  37  46   1  19   0 0.00  0.0    0 14.1 28 350   M    M   1        33 350
11  39  30  35 -11  30   0 0.01    M    0 10.2 21  30   M    M   9        25  20
12  47  26  37  -9  28   0 0.00  0.0    0  4.7 14  70   M    M   0        18  30
13  40  32  36 -10  29   0 0.18    M    0  8.3 22 350   M    M   9 1      26 350
14  37  24  31 -15  34   0    T    M    0 12.8 24 360   M    M   8        29 360
15  39  17  28 -19  37   0 0.00  0.0    0  5.7 13  30   M    M   0        18  20
16  47  21  34 -13  31   0 0.00  0.0    0  8.6 16 190   M    M   7        21 200
17  60  43  52   5  13   0 0.02    M    0  6.8 17 230   M    M   8 12     22 240
18  65  40  53   5  12   0 0.00  0.0    0  8.5 20 340   M    M   2 12     25 340
19  55  30  43  -5  22   0 0.00  0.0    0  4.2 12 190   M    M   5        14 130
20  80  41  61  13   4   0 0.04    M    0  7.4 20 210   M    M   1 138    26 230
21  63  50  57   8   8   0 0.23  0.0    0 10.5 22  30   M    M   3 38     27  10
22  56  42  49   0  16   0 0.00  0.0    0 12.9 23  50   M    M   1        27  50
================================================================================
SM 1244  763       420   0  2.04     0.0 211.4          M       81
================================================================================
AV 56.6 34.7                               9.6 FASTST   M    M   4    MAX(MPH)
                                 MISC ---->  # 48 280               # 60  280
================================================================================
NOTES:
# LAST OF SEVERAL OCCURRENCES

COLUMN 17 PEAK WIND IN M.P.H.

PRELIMINARY LOCAL CLIMATOLOGICAL DATA (WS FORM: F-6) , PAGE 2

                                          STATION:  CAPE GIRARDEAU MO
                                          MONTH:    MARCH
                                          YEAR:     2017
                                          LATITUDE:   37 13 N
                                          LONGITUDE:  89 35 W

[TEMPERATURE DATA]      [PRECIPITATION DATA]       SYMBOLS USED IN COLUMN 16

AVERAGE MONTHLY: 45.6   TOTAL FOR MONTH:   2.04    1 = FOG OR MIST
DPTR FM NORMAL:  -0.1   DPTR FM NORMAL:   -0.96    2 = FOG REDUCING VISIBILITY
HIGHEST:    80 ON 20    GRTST 24HR  0.90 ON  7- 7      TO 1/4 MILE OR LESS
LOWEST:     17 ON 15                               3 = THUNDER
                        SNOW, ICE PELLETS, HAIL    4 = ICE PELLETS
                        TOTAL MONTH:   0.0 INCH    5 = HAIL
                        GRTST 24HR     0.0         6 = FREEZING RAIN OR DRIZZLE
                        GRTST DEPTH:   0           7 = DUSTSTORM OR SANDSTORM:
                                                       VSBY 1/2 MILE OR LESS
                                                   8 = SMOKE OR HAZE
[NO. OF DAYS WITH]      [WEATHER - DAYS WITH]      9 = BLOWING SNOW
                                                   X = TORNADO
MAX 32 OR BELOW:   0    0.01 INCH OR MORE:   9
MAX 90 OR ABOVE:   0    0.10 INCH OR MORE:   5
MIN 32 OR BELOW:  10    0.50 INCH OR MORE:   1
MIN  0 OR BELOW:   0    1.00 INCH OR MORE:   0

[HDD (BASE 65) ]
TOTAL THIS MO.   420    CLEAR  (SCALE 0-3)  13
DPTR FM NORMAL    -7    PTCLDY (SCALE 4-7)   5
TOTAL FM JUL 1  3155    CLOUDY (SCALE 8-10)  4
DPTR FM NORMAL  -769

[CDD (BASE 65) ]
TOTAL THIS MO.     0
DPTR FM NORMAL     0    [PRESSURE DATA]
TOTAL FM JAN 1     0    HIGHEST SLP M ON M
DPTR FM NORMAL     0    LOWEST  SLP 29.58 ON  1

[REMARKS]
