000
CXUS52 KCHS 300715
CF6CHS
PRELIMINARY LOCAL CLIMATOLOGICAL DATA (WS FORM: F-6)

                                          STATION:   NORTH CHARLESTON SC
                                          MONTH:     APRIL
                                          YEAR:      2016
                                          LATITUDE:   32 54 N
                                          LONGITUDE:  80  2 W

  TEMPERATURE IN F:       :PCPN:    SNOW:  WIND      :SUNSHINE: SKY     :PK WND
================================================================================
1   2   3   4   5  6A  6B    7    8   9   10  11  12  13   14  15   16   17  18
                                     12Z  AVG MX 2MIN
DY MAX MIN AVG DEP HDD CDD  WTR  SNW DPTH SPD SPD DIR MIN PSBL S-S WX    SPD DR
================================================================================

 1  83  65  74  12   0   9 0.44  0.0    0  9.1 24 190   M    M   8 13     30 200
 2  77  59  68   6   0   3 0.11  0.0    0 12.7 26 270   M    M   6 18     37 290
 3  73  48  61  -1   4   0 0.00  0.0    0  8.8 20 350   M    M   0        26 340
 4  78  46  62   0   3   0 0.00  0.0    0  6.7 17 210   M    M   0        22 200
 5  70  50  60  -2   5   0 0.00  0.0    0 12.5 22  10   M    M   0        30  30
 6  68  41  55  -8  10   0 0.00  0.0    0  8.6 16 100   M    M   5        22 130
 7  76  59  68   5   0   3 0.17  0.0    0 14.2 24 260   M    M   4 3      33 220
 8  77  54  66   3   0   1 0.00  0.0    0 10.1 28 280   M    M   3        36 270
 9  71  47  59  -4   6   0 0.00  0.0    0 11.5 26 330   M    M   0        37 320
10  61  41  51 -13  14   0 0.00  0.0    0  9.5 17  70   M    M   3        25 110
11  74  46  60  -4   5   0 0.00  0.0    0  8.6 20 140   M    M   4        24 160
12  72  59  66   2   0   1 0.03  0.0    0  3.9 10 210   M    M   8 1      13 190
13  72  58  65   1   0   0 0.01  0.0    0  8.6 18  80   M    M   9 12     21  80
14  70  53  62  -2   3   0    T  0.0    0 11.3 18 100   M    M   9        23  30
15  61  49  55 -10  10   0 0.22    M    0 12.0 21  60   M    M  10 1      25  60
16  76  50  63  -2   2   0 0.00  0.0    0 11.2 18 120   M    M   3        23  30
17  75  48  62  -3   3   0 0.00  0.0    0  8.1 23  40   M    M   0        28  40
18  81  43  62  -3   3   0 0.00  0.0    0  5.8 15 150   M    M   0        19  40
19  87  52  70   4   0   5 0.00  0.0    0  7.8 16 220   M    M   6        20 210
20  83  55  69   3   0   4 0.00  0.0    0  6.6 18 100   M    M   7        24 100
21  83  60  72   6   0   7 0.00  0.0    0  7.3 17 210   M    M   6 18     23 180
22  82  65  74   8   0   9 0.16  0.0    0 12.4 21 190   M    M   7        25 190
23  81  59  70   4   0   5 0.00  0.0    0  8.7 17 330   M    M   5        21 330
24  77  55  66  -1   0   1 0.00  0.0    0  6.4 15 160   M    M   1        22 140
25  79  55  67   0   0   2 0.00  0.0    0  6.1 15 150   M    M   3        20 150
26  83  58  71   4   0   6 0.00  0.0    0  7.2 18 210   M    M   2 1      22 190
27  87  65  76   8   0  11 0.00  0.0    0 10.1 21 190   M    M   3        26 180
28  87  68  78  10   0  13 1.47  0.0    0  8.7 30 260   M    M   5 13     37 190
29  91  67  79  11   0  14 0.00  0.0    0  7.4 16 140   M    M   2        20 140
================================================================================
SM 2235 1575        68  94  2.61     0.0 261.9          M      119
================================================================================
AV 77.1 54.3                               9.0 FASTST   M    M   4    MAX(MPH)
                                 MISC ---->  # 30 260               # 37  290
================================================================================
NOTES:
# LAST OF SEVERAL OCCURRENCES

COLUMN 17 PEAK WIND IN M.P.H.

PRELIMINARY LOCAL CLIMATOLOGICAL DATA (WS FORM: F-6) , PAGE 2

                                          STATION:  NORTH CHARLESTON SC
                                          MONTH:    APRIL
                                          YEAR:     2016
                                          LATITUDE:   32 54 N
                                          LONGITUDE:  80  2 W

[TEMPERATURE DATA]      [PRECIPITATION DATA]       SYMBOLS USED IN COLUMN 16

AVERAGE MONTHLY: 65.7   TOTAL FOR MONTH:   2.61    1 = FOG OR MIST
DPTR FM NORMAL:   1.0   DPTR FM NORMAL:   -0.21    2 = FOG REDUCING VISIBILITY
HIGHEST:    91 ON 29    GRTST 24HR  1.47 ON 28-28      TO 1/4 MILE OR LESS
LOWEST:     41 ON 10, 6                            3 = THUNDER
                        SNOW, ICE PELLETS, HAIL    4 = ICE PELLETS
                        TOTAL MONTH:   0.0 INCH    5 = HAIL
                        GRTST 24HR     0.0         6 = FREEZING RAIN OR DRIZZLE
                        GRTST DEPTH:   0           7 = DUSTSTORM OR SANDSTORM:
                                                       VSBY 1/2 MILE OR LESS
                                                   8 = SMOKE OR HAZE
[NO. OF DAYS WITH]      [WEATHER - DAYS WITH]      9 = BLOWING SNOW
                                                   X = TORNADO
MAX 32 OR BELOW:   0    0.01 INCH OR MORE:   8
MAX 90 OR ABOVE:   1    0.10 INCH OR MORE:   6
MIN 32 OR BELOW:   0    0.50 INCH OR MORE:   1
MIN  0 OR BELOW:   0    1.00 INCH OR MORE:   1

[HDD (BASE 65) ]
TOTAL THIS MO.    68    CLEAR  (SCALE 0-3)  12
DPTR FM NORMAL   -19    PTCLDY (SCALE 4-7)  14
TOTAL FM JUL 1  1353    CLOUDY (SCALE 8-10)  3
DPTR FM NORMAL  -609

[CDD (BASE 65) ]
TOTAL THIS MO.    94
DPTR FM NORMAL    14    [PRESSURE DATA]
TOTAL FM JAN 1   198    HIGHEST SLP M ON M
DPTR FM NORMAL    84    LOWEST  SLP 29.65 ON  2

[REMARKS]
