000
CXUS52 KCHS 290715
CF6CHS
PRELIMINARY LOCAL CLIMATOLOGICAL DATA (WS FORM: F-6)

                                          STATION:   NORTH CHARLESTON SC
                                          MONTH:     MAY
                                          YEAR:      2016
                                          LATITUDE:   32 54 N
                                          LONGITUDE:  80  2 W

  TEMPERATURE IN F:       :PCPN:    SNOW:  WIND      :SUNSHINE: SKY     :PK WND
================================================================================
1   2   3   4   5  6A  6B    7    8   9   10  11  12  13   14  15   16   17  18
                                     12Z  AVG MX 2MIN
DY MAX MIN AVG DEP HDD CDD  WTR  SNW DPTH SPD SPD DIR MIN PSBL S-S WX    SPD DR
================================================================================

 1  82  73  78   9   0  13 0.03  0.0    0 10.6 20 200   M    M   7 3      29 180
 2  87  69  78   9   0  13    T  0.0    0  8.9 20 200   M    M   6 1      23 200
 3  88  66  77   8   0  12 0.44  0.0    0  9.7 35 240   M    M   7 13     50 250
 4  82  63  73   4   0   8    T  0.0    0  8.8 17 260   M    M   3        24 260
 5  74  54  64  -6   1   0 0.00  0.0    0 12.5 25 340   M    M   3        32 310
 6  74  49  62  -8   3   0 0.00  0.0    0  8.9 18 340   M    M   5        24 310
 7  80  53  67  -3   0   2 0.00  0.0    0  9.6 21 270   M    M   0        29 270
 8  92  64  78   8   0  13 0.00  0.0    0  9.4 18 230   M    M   1        23 260
 9  91  64  78   7   0  13 0.00  0.0    0  8.1 16 200   M    M   5        22 210
10  83  68  76   5   0  11 0.00  0.0    0  7.1 17 170   M    M   7        23 160
11  88  63  76   5   0  11 0.00  0.0    0  6.4 15 190   M    M   2 1      18 210
12  91  67  79   7   0  14 0.00  0.0    0  8.2 16 190   M    M   4        20 190
13  89  68  79   7   0  14 0.05  0.0    0  7.7 16 280   M    M   6 3      22 270
14  87  62  75   3   0  10 0.00  0.0    0  8.6 22 230   M    M   0        26 240
15  78  58  68  -4   0   3 0.00  0.0    0  7.7 18  30   M    M   4        22  30
16  78  59  69  -4   0   4 0.00  0.0    0  8.7 17 110   M    M   4        23 130
17  82  67  75   2   0  10 0.82  0.0    0  8.1 16 150   M    M   8 1      19 180
18  82  69  76   3   0  11 0.01  0.0    0  8.4 14  10   M    M   8 1      17 340
19  79  67  73   0   0   8 0.02  0.0    0  8.7 17 110   M    M   7        22 100
20  75  67  71  -3   0   6    T  0.0    0  8.7 16  80   M    M   9        20  60
21  86  70  78   4   0  13 0.02  0.0    0  6.9 17 270   M    M   7 1      24 270
22  83  61  72  -2   0   7 0.00  0.0    0  8.2 18 350   M    M   3        24 350
23  81  57  69  -5   0   4 0.00  0.0    0  6.0 16 340   M    M   2        23 310
24  85  56  71  -4   0   6 0.00  0.0    0  4.4 18 160   M    M   3        21 170
25  90  65  78   3   0  13 0.00  0.0    0  5.7 15 190   M    M   3 1      20 190
26  87  68  78   3   0  13 0.00  0.0    0  6.4 16 140   M    M   2        21 160
27  85  64  75   0   0  10 0.00  0.0    0  7.2 16 140   M    M   2        22 130
28  81  68  75  -1   0  10 2.42  0.0    0  9.9 18  10   M    M   8 1      23  30
================================================================================
SM 2340 1779         4 252  3.81     0.0 229.5          M      126
================================================================================
AV 83.6 63.5                               8.2 FASTST   M    M   5    MAX(MPH)
                                 MISC ---->  # 35 240               # 50  250
================================================================================
NOTES:
# LAST OF SEVERAL OCCURRENCES

COLUMN 17 PEAK WIND IN M.P.H.

PRELIMINARY LOCAL CLIMATOLOGICAL DATA (WS FORM: F-6) , PAGE 2

                                          STATION:  NORTH CHARLESTON SC
                                          MONTH:    MAY
                                          YEAR:     2016
                                          LATITUDE:   32 54 N
                                          LONGITUDE:  80  2 W

[TEMPERATURE DATA]      [PRECIPITATION DATA]       SYMBOLS USED IN COLUMN 16

AVERAGE MONTHLY: 73.6   TOTAL FOR MONTH:   3.81    1 = FOG OR MIST
DPTR FM NORMAL:   1.4   DPTR FM NORMAL:    1.14    2 = FOG REDUCING VISIBILITY
HIGHEST:    92 ON  8    GRTST 24HR  2.42 ON 28-28      TO 1/4 MILE OR LESS
LOWEST:     49 ON  6                               3 = THUNDER
                        SNOW, ICE PELLETS, HAIL    4 = ICE PELLETS
                        TOTAL MONTH:   0.0 INCH    5 = HAIL
                        GRTST 24HR     0.0         6 = FREEZING RAIN OR DRIZZLE
                        GRTST DEPTH:   0           7 = DUSTSTORM OR SANDSTORM:
                                                       VSBY 1/2 MILE OR LESS
                                                   8 = SMOKE OR HAZE
[NO. OF DAYS WITH]      [WEATHER - DAYS WITH]      9 = BLOWING SNOW
                                                   X = TORNADO
MAX 32 OR BELOW:   0    0.01 INCH OR MORE:   8
MAX 90 OR ABOVE:   4    0.10 INCH OR MORE:   3
MIN 32 OR BELOW:   0    0.50 INCH OR MORE:   2
MIN  0 OR BELOW:   0    1.00 INCH OR MORE:   1

[HDD (BASE 65) ]
TOTAL THIS MO.     4    CLEAR  (SCALE 0-3)  11
DPTR FM NORMAL    -4    PTCLDY (SCALE 4-7)  13
TOTAL FM JUL 1  1357    CLOUDY (SCALE 8-10)  4
DPTR FM NORMAL  -614

[CDD (BASE 65) ]
TOTAL THIS MO.   252
DPTR FM NORMAL    40    [PRESSURE DATA]
TOTAL FM JAN 1   460    HIGHEST SLP M ON M
DPTR FM NORMAL   130    LOWEST  SLP 29.57 ON  5

[REMARKS]
