000
CXUS55 KOHX 241010
CF6CKV
PRELIMINARY LOCAL CLIMATOLOGICAL DATA (WS FORM: F-6)

                                          STATION:   CLARKSVILLE
                                          MONTH:     JUNE
                                          YEAR:      2017
                                          LATITUDE:   36 37 N
                                          LONGITUDE:  87 25 W

  TEMPERATURE IN F:       :PCPN:    SNOW:  WIND      :SUNSHINE: SKY     :PK WND
================================================================================
1   2   3   4   5  6A  6B    7    8   9   10  11  12  13   14  15   16   17  18
                                     12Z  AVG MX 2MIN
DY MAX MIN AVG DEP HDD CDD  WTR  SNW DPTH SPD SPD DIR MIN PSBL S-S WX    SPD DR
================================================================================

 1  85  68  77   6   0  12 0.00    M    M  5.8 10 300   M    M   0 3       M  M
 2  87  63  75   4   0  10 0.00    M    M  3.1 10 130   M    M   2        14 130
 3  88  63  76   5   0  11 0.00    M    M  4.2 12 150   M    M   1        16 130
 4  83  66  75   3   0  10 3.18    M    M  5.4 23 200   M    M   6 138    27 200
 5  77  66  72   0   0   7 1.31    M    M  2.4 15 290   M    M   6 13     23 310
 6  81  63  72   0   0   7 0.00    M    M  6.1 16  40   M    M   5 12     21  40
 7  79  56  68  -4   0   3 0.00    M    M  8.3 21  20   M    M   2        26 360
 8  74  54  64  -9   1   0 0.00    M    M  5.7 14  30   M    M   3        19 360
 9  82  51  67  -6   0   2 0.00    M    M  1.5  8 200   M    M   0 12     12 300
10  83  57  70  -3   0   5 0.00    M    M  5.7 16 200   M    M   1 1      21 210
11  88  62  75   1   0  10 0.00    M    M  5.3 16 210   M    M   1        22 190
12  90  69  80   6   0  15 0.00    M    M  5.8 14 190   M    M   3        17 180
13  89  71  80   6   0  15 0.00    M    M  5.3 14 200   M    M   1        17 220
14  89  70  80   6   0  15 0.00    M    M  5.8 13 200   M    M   1        18 210
15  81  69  75   1   0  10 0.24    M    M  6.2 28 320   M    M   4 13     35 320
16  86  68  77   2   0  12 0.00    M    M  3.7 12 190   M    M   5 128    15 140
17  88  67  78   3   0  13 0.00    M    M  6.5 18 200   M    M   0 1      23 180
18  86  72  79   4   0  14 0.25    M    M  6.6 29 290   M    M   3 13     37 290
19  84  64  74  -2   0   9 0.00    M    M  5.2 16 340   M    M   3 1      20 300
20  87  60  74  -2   0   9 0.00    M    M  3.0 12 320   M    M   1 1      14 310
21  86  64  75  -1   0  10 0.00    M    M  4.2 13 190   M    M   0 1      16 190
22  82  71  77   1   0  12 1.10    M    M  7.5 18 170   M    M   6 18     27 180
23  82  72  77   1   0  12 0.61    M    M 10.6 28 260   M    M   5 1      38 270
================================================================================
SM 1937 1486         1 223  6.69    M    123.9          M       59
================================================================================
AV 84.2 64.6                               5.4 FASTST   M    M   3    MAX(MPH)
                                 MISC ---->  # 29 290               # 38  270
================================================================================
NOTES:
# LAST OF SEVERAL OCCURRENCES

COLUMN 17 PEAK WIND IN M.P.H.

PRELIMINARY LOCAL CLIMATOLOGICAL DATA (WS FORM: F-6) , PAGE 2

                                          STATION:  CLARKSVILLE
                                          MONTH:    JUNE
                                          YEAR:     2017
                                          LATITUDE:   36 37 N
                                          LONGITUDE:  87 25 W

[TEMPERATURE DATA]      [PRECIPITATION DATA]       SYMBOLS USED IN COLUMN 16

AVERAGE MONTHLY: 74.4   TOTAL FOR MONTH:   6.69    1 = FOG OR MIST
DPTR FM NORMAL:   0.7   DPTR FM NORMAL:    3.19    2 = FOG REDUCING VISIBILITY
HIGHEST:    90 ON 12    GRTST 24HR  3.18 ON  4- 4      TO 1/4 MILE OR LESS
LOWEST:     51 ON  9                               3 = THUNDER
                        SNOW, ICE PELLETS, HAIL    4 = ICE PELLETS
                        TOTAL MONTH:    M          5 = HAIL
                        GRTST 24HR    M  ON   M    6 = FREEZING RAIN OR DRIZZLE
                        GRTST DEPTH:  M  ON   M    7 = DUSTSTORM OR SANDSTORM:
                                                       VSBY 1/2 MILE OR LESS
                                                   8 = SMOKE OR HAZE
[NO. OF DAYS WITH]      [WEATHER - DAYS WITH]      9 = BLOWING SNOW
                                                   X = TORNADO
MAX 32 OR BELOW:   0    0.01 INCH OR MORE:   6
MAX 90 OR ABOVE:   1    0.10 INCH OR MORE:   6
MIN 32 OR BELOW:   0    0.50 INCH OR MORE:   4
MIN  0 OR BELOW:   0    1.00 INCH OR MORE:   3

[HDD (BASE 65) ]
TOTAL THIS MO.     1    CLEAR  (SCALE 0-3)  14
DPTR FM NORMAL     0    PTCLDY (SCALE 4-7)   9
TOTAL FM JUL 1  3018    CLOUDY (SCALE 8-10)  0
DPTR FM NORMAL  -997

[CDD (BASE 65) ]
TOTAL THIS MO.   223
DPTR FM NORMAL    20    [PRESSURE DATA]
TOTAL FM JAN 1   442    HIGHEST SLP  0.00 ON 11
DPTR FM NORMAL    90    LOWEST  SLP 29.73 ON 23

[REMARKS]
