000
CXUS55 KOHX 301010
CF6CKV
PRELIMINARY LOCAL CLIMATOLOGICAL DATA (WS FORM: F-6)

                                          STATION:   CLARKSVILLE
                                          MONTH:     APRIL
                                          YEAR:      2017
                                          LATITUDE:   36 37 N
                                          LONGITUDE:  87 25 W

  TEMPERATURE IN F:       :PCPN:    SNOW:  WIND      :SUNSHINE: SKY     :PK WND
================================================================================
1   2   3   4   5  6A  6B    7    8   9   10  11  12  13   14  15   16   17  18
                                     12Z  AVG MX 2MIN
DY MAX MIN AVG DEP HDD CDD  WTR  SNW DPTH SPD SPD DIR MIN PSBL S-S WX    SPD DR
================================================================================

 1  59  44  52  -1  13   0 0.00  0.0    0  7.6 13 350   M    M   6        19 260
 2  75  41  58   4   7   0    T  0.0    0  8.2 30 170   0    0   0        43 170
 3  73  62  68  14   0   3 0.01    M    M 16.9 41 190   M    M   6 3      58 190
 4  77  54  66  12   0   1 0.00    M    M  7.1 20 260   M    M   1        27 270
 5  79  47  63   9   2   0 0.03    M    M 12.8 31 250   M    M   4 3      43 260
 6  60  42  51  -4  14   0 0.15    M    M 16.3 31 320   M    M   6 1      43 310
 7  62  39  51  -4  14   0 0.00  0.0    M  9.4 22 350   M    M   1        30 330
 8  71  33  52  -3  13   0 0.00    M    M  4.5 12 200   M    M   0        15 210
 9  81  46  64   8   1   0 0.00    M    M 10.7 24 200   M    M   0        31 210
10  80  58  69  13   0   4 0.00    M    M 13.1 26 210   M    M   2        33 200
11  70  53  62   6   3   0 0.43    M    M  5.0 14 330   M    M   6 13     15 330
12  74  46  60   4   5   0 0.00    M    M  4.7 10  40   M    M   0 1      17  40
13  82  46  64   7   1   0 0.00    M    M  2.2 10 350   M    M   0        14  10
14  85  53  69  12   0   4 0.00    M    M  4.1 12 180   M    M   2        14 130
15  83  57  70  13   0   5 0.00    M    M  8.2 22 200   M    M   2        30 220
16  81  63  72  14   0   7 0.35    M    M  9.4 21 210   M    M   6 13     27 230
17  70  58  64   6   1   0 0.43    M    M  5.0 17  20   M    M   9 123    22  30
18  76  59  68  10   0   3 0.51    M    M  4.6 10 200   M    M   9 13     14 170
19  84  59  72  14   0   7 0.23    M    M  4.9 28 270   M    M   4 1238   35 270
20  84  59  72  13   0   7 0.01  0.0    0  9.7 20 200   M    M   3 8      28 190
21  70  54  62   3   3   0 0.26  0.0    0  8.8 20 340   M    M   8 138    23 340
22  56  51  54  -6  11   0 0.88  0.0    0 11.9 21  30   M    M  10 1      25  30
23  55  47  51  -9  14   0 0.73    M    0 11.3 21  20   M    M  10 13     26  10
24  72  51  62   2   3   0 0.00  0.0    0  5.4 12 340   M    M   6        15  30
25  77  48  63   3   2   0 0.00  0.0    0  4.8 13 150   M    M   3 12     17 170
26  83  56  70   9   0   5 0.31  0.0    0  9.5 30 270   M    M   0 13     40 280
27  65  51  58  -3   7   0 0.12  0.0    0  7.8 24 100   M    M   5 138    29 100
28  79  52  66   5   0   1    T  0.0    0  9.0 24 190   M    M   3 8      28 190
29  88  72  80  18   0  15 0.00  0.0    0  8.9 23 200   M    M   3        29 200
================================================================================
SM 2151 1501       114  62  4.45     0.0 241.8            0    115
================================================================================
AV 74.2 51.8                               8.3 FASTST    0   0   4    MAX(MPH)
                                 MISC ---->  # 41 190               # 58  190
================================================================================
NOTES:
# LAST OF SEVERAL OCCURRENCES

COLUMN 17 PEAK WIND IN M.P.H.

PRELIMINARY LOCAL CLIMATOLOGICAL DATA (WS FORM: F-6) , PAGE 2

                                          STATION:  CLARKSVILLE
                                          MONTH:    APRIL
                                          YEAR:     2017
                                          LATITUDE:   36 37 N
                                          LONGITUDE:  87 25 W

[TEMPERATURE DATA]      [PRECIPITATION DATA]       SYMBOLS USED IN COLUMN 16

AVERAGE MONTHLY: 63.0   TOTAL FOR MONTH:   4.45    1 = FOG OR MIST
DPTR FM NORMAL:   5.6   DPTR FM NORMAL:    0.17    2 = FOG REDUCING VISIBILITY
HIGHEST:    88 ON 29    GRTST 24HR  0.88 ON 22-22      TO 1/4 MILE OR LESS
LOWEST:     33 ON  8                               3 = THUNDER
                        SNOW, ICE PELLETS, HAIL    4 = ICE PELLETS
                        TOTAL MONTH:   0.0 INCH    5 = HAIL
                        GRTST 24HR     0.0         6 = FREEZING RAIN OR DRIZZLE
                        GRTST DEPTH:   0           7 = DUSTSTORM OR SANDSTORM:
                                                       VSBY 1/2 MILE OR LESS
                                                   8 = SMOKE OR HAZE
[NO. OF DAYS WITH]      [WEATHER - DAYS WITH]      9 = BLOWING SNOW
                                                   X = TORNADO
MAX 32 OR BELOW:   0    0.01 INCH OR MORE:  14
MAX 90 OR ABOVE:   0    0.10 INCH OR MORE:  11
MIN 32 OR BELOW:   0    0.50 INCH OR MORE:   3
MIN  0 OR BELOW:   0    1.00 INCH OR MORE:   0

[HDD (BASE 65) ]
TOTAL THIS MO.   114    CLEAR  (SCALE 0-3)  15
DPTR FM NORMAL  -134    PTCLDY (SCALE 4-7)  10
TOTAL FM JUL 1  2953    CLOUDY (SCALE 8-10)  4
DPTR FM NORMAL  -989

[CDD (BASE 65) ]
TOTAL THIS MO.    62
DPTR FM NORMAL    33    [PRESSURE DATA]
TOTAL FM JAN 1    71    HIGHEST SLP  0.00 ON  2
DPTR FM NORMAL    34    LOWEST  SLP 29.52 ON  5

[REMARKS]
