000
CXUS53 KARX 220930
CF6CMY
PRELIMINARY LOCAL CLIMATOLOGICAL DATA (WS FORM: F-6)

                                          STATION:   SPARTA - FORT MCCOY WI
                                          MONTH:     AUGUST
                                          YEAR:      2017
                                          LATITUDE:   43 58 N
                                          LONGITUDE:  90 44 W

  TEMPERATURE IN F:       :PCPN:    SNOW:  WIND      :SUNSHINE: SKY     :PK WND
================================================================================
1   2   3   4   5  6A  6B    7    8   9   10  11  12  13   14  15   16   17  18
                                     12Z  AVG MX 2MIN
DY MAX MIN AVG DEP HDD CDD  WTR  SNW DPTH SPD SPD DIR MIN PSBL S-S WX    SPD DR
================================================================================

 1  83  59  71   M   0   6    M  0.0    0  2.6  9 210   M    M   5 13      M  M
 2  82  56  69   M   0   4 0.11  0.0    0  2.9  9 360   M    M   7 12      M  M
 3  73  50  62   M   3   0 0.31  0.0    0  8.7 15 300   M    M  10 13     21 280
 4  72  50  61   M   4   0 0.15  0.0    0 10.1 20 310   M    M   8        27 310
 5  76  47  62   M   3   0 0.00  0.0    0  2.2  9 250   M    M   2         M  M
 6  76  52  64   M   1   0 0.81  0.0    0  1.4  7  20   M    M   5        20 230
 7  77  50  64   M   1   0 0.00  0.0    0  1.8  9  20   M    M   5 12      M  M
 8  80  45  63   M   2   0 0.00  0.0    0  3.1 13 300   M    M   1         M  M
 9  79  49  64   M   1   0    T  0.0    0  3.5 10 190   M    M   3        16 190
10  80  63  72   M   0   7 0.00  0.0    0  7.9 14 280   M    M   7        22 270
11  75  47  61   M   4   0 0.00  0.0    0  6.6 14 330   M    M   6        21 330
12  78  42  60   M   5   0 0.00  0.0    0  2.2 13 300   M    M   2 2      22 310
13  77  45  61   M   4   0 0.00  0.0    0  2.0  8 200   M    M   2         M  M
14  76  54  65   M   0   0 0.02  0.0    0  2.5  9 130   M    M   8 1       M  M
15  77  56  67   M   0   2 0.00  0.0    0  3.4  8  90   M    M   6 1       M  M
16  83  60  72   M   0   7 0.72  0.0    0  7.3 14 130   M    M   6        21 130
17  73  65  69   M   0   4 0.00  0.0    0  9.6 15 270   M    M   9 8      27 300
18  72  54  63   M   2   0 0.00  0.0    0  4.4 10 300   M    M   6 12     17 300
19  79  51  65   M   0   0 0.00  0.0    0  1.5  6 250   M    M   3 12      M  M
20  82  51  67   M   0   2 0.00  0.0    0  2.1  8 260   M    M   1         M  M
21  81  58  70   M   0   5 0.05  0.0    0  2.7 12 270   M    M   2        17 270
================================================================================
SM 1631 1104        30  37  2.17     0.0  88.5          M      104
================================================================================
AV 77.7 52.6                               4.2 FASTST   M    M   5    MAX(MPH)
                                 MISC ---->  # 20 310               # 27  310
================================================================================
NOTES:
# LAST OF SEVERAL OCCURRENCES

COLUMN 17 PEAK WIND IN M.P.H.

PRELIMINARY LOCAL CLIMATOLOGICAL DATA (WS FORM: F-6) , PAGE 2

                                          STATION:  SPARTA - FORT MCCOY WI
                                          MONTH:    AUGUST
                                          YEAR:     2017
                                          LATITUDE:   43 58 N
                                          LONGITUDE:  90 44 W

[TEMPERATURE DATA]      [PRECIPITATION DATA]       SYMBOLS USED IN COLUMN 16

AVERAGE MONTHLY: 65.1   TOTAL FOR MONTH:   2.17    1 = FOG OR MIST
DPTR FM NORMAL:     M   DPTR FM NORMAL:       M    2 = FOG REDUCING VISIBILITY
HIGHEST:    83 ON 16, 1 GRTST 24HR  0.81 ON  6- 6      TO 1/4 MILE OR LESS
LOWEST:     42 ON 12                               3 = THUNDER
                        SNOW, ICE PELLETS, HAIL    4 = ICE PELLETS
                        TOTAL MONTH:   0.0 INCH    5 = HAIL
                        GRTST 24HR     0.0         6 = FREEZING RAIN OR DRIZZLE
                        GRTST DEPTH:   0           7 = DUSTSTORM OR SANDSTORM:
                                                       VSBY 1/2 MILE OR LESS
                                                   8 = SMOKE OR HAZE
[NO. OF DAYS WITH]      [WEATHER - DAYS WITH]      9 = BLOWING SNOW
                                                   X = TORNADO
MAX 32 OR BELOW:   0    0.01 INCH OR MORE:   7
MAX 90 OR ABOVE:   0    0.10 INCH OR MORE:   5
MIN 32 OR BELOW:   0    0.50 INCH OR MORE:   2
MIN  0 OR BELOW:   0    1.00 INCH OR MORE:   0

[HDD (BASE 65) ]
TOTAL THIS MO.    30    CLEAR  (SCALE 0-3)   7
DPTR FM NORMAL     M    PTCLDY (SCALE 4-7)  12
TOTAL FM JUL 1    39    CLOUDY (SCALE 8-10)  2
DPTR FM NORMAL     M

[CDD (BASE 65) ]
TOTAL THIS MO.    37
DPTR FM NORMAL     M    [PRESSURE DATA]
TOTAL FM JAN 1   259    HIGHEST SLP M ON M
DPTR FM NORMAL     M    LOWEST  SLP M ON M

[REMARKS]
