000
CXUS54 KMAF 181100
CF6CNM
PRELIMINARY LOCAL CLIMATOLOGICAL DATA (WS FORM: F-6)

                                          STATION:   Carlsbad
                                          MONTH:     DECEMBER
                                          YEAR:      2017
                                          LATITUDE:   32 20 N
                                          LONGITUDE: 104 15 W

  TEMPERATURE IN F:       :PCPN:    SNOW:  WIND      :SUNSHINE: SKY     :PK WND
================================================================================
1   2   3   4   5  6A  6B    7    8   9   10  11  12  13   14  15   16   17  18
                                     12Z  AVG MX 2MIN
DY MAX MIN AVG DEP HDD CDD  WTR  SNW DPTH SPD SPD DIR MIN PSBL S-S WX    SPD DR
================================================================================

 1  66  39  53   7  12   0 0.00  0.0    0  4.5  9 300   M    M   0        10 160
 2  69  40  55   9  10   0 0.00  0.0    0  5.2 12 350   M    M   0        13 350
 3  77  42  60  15   5   0 0.00  0.0    0  6.5 16 230   M    M   0        20 240
 4  75  44  60  15   5   0 0.00  0.0    0 11.3 25 260   M    M   0        32 250
 5  53  38  46   1  19   0 0.00  0.0    0  6.9 20  30   M    M   0        25  10
 6  42  32  37  -8  28   0 0.08  0.0    0  7.6 18 160   M    M  10 1      23 160
 7  34  25  30 -14  35   0 0.08  0.0    0  7.6 17  70   M    M   7 1      22  80
 8  58  22  40  -4  25   0 0.00  0.0    0  7.7 24  10   M    M   2        30  10
 9  63  27  45   1  20   0 0.00  0.0    0  4.8 15 240   M    M   0        17 240
10  65  22  44   0  21   0 0.00  0.0    0  4.3 14 160   M    M   0        17 160
11  64  24  44   0  21   0 0.00  0.0    0  5.2 13 360   M    M   0        15 360
12  58  26  42  -1  23   0 0.00  0.0    0  6.8 13 150   M    M   0        15 160
13  66  19  43   0  22   0 0.00  0.0    0  5.1 13 330   M    M   0        15 340
14  57  31  44   1  21   0 0.00  0.0    0  8.3 15 330   M    M   0        27  90
15  54  23  39  -4  26   0 0.00  0.0    0  8.7 17 200   M    M   0        26 180
16  61  17  39  -4  26   0 0.00  0.0    0  4.8 16 170   M    M   0        21 180
17  66  33  50   7  15   0 0.00  0.0    0  8.5 25 200   M    M   0        42 210
================================================================================
SM 1028  504       334   0  0.16     0.0 113.8          M       19
================================================================================
AV 60.5 29.7                               6.7 FASTST   M    M   1    MAX(MPH)
                                 MISC ---->  # 25 260               # 42  210
================================================================================
NOTES:
# LAST OF SEVERAL OCCURRENCES

COLUMN 17 PEAK WIND IN M.P.H.

PRELIMINARY LOCAL CLIMATOLOGICAL DATA (WS FORM: F-6) , PAGE 2

                                          STATION:  Carlsbad
                                          MONTH:    DECEMBER
                                          YEAR:     2017
                                          LATITUDE:   32 20 N
                                          LONGITUDE: 104 15 W

[TEMPERATURE DATA]      [PRECIPITATION DATA]       SYMBOLS USED IN COLUMN 16

AVERAGE MONTHLY: 45.1   TOTAL FOR MONTH:   0.16    1 = FOG OR MIST
DPTR FM NORMAL:   0.9   DPTR FM NORMAL:   -0.20    2 = FOG REDUCING VISIBILITY
HIGHEST:    77 ON  3    GRTST 24HR  0.08 ON  7- 7      TO 1/4 MILE OR LESS
LOWEST:     17 ON 16                               3 = THUNDER
                        SNOW, ICE PELLETS, HAIL    4 = ICE PELLETS
                        TOTAL MONTH:   0.0 INCH    5 = HAIL
                        GRTST 24HR     0.0         6 = FREEZING RAIN OR DRIZZLE
                        GRTST DEPTH:   0           7 = DUSTSTORM OR SANDSTORM:
                                                       VSBY 1/2 MILE OR LESS
                                                   8 = SMOKE OR HAZE
[NO. OF DAYS WITH]      [WEATHER - DAYS WITH]      9 = BLOWING SNOW
                                                   X = TORNADO
MAX 32 OR BELOW:   0    0.01 INCH OR MORE:   2
MAX 90 OR ABOVE:   0    0.10 INCH OR MORE:   0
MIN 32 OR BELOW:  11    0.50 INCH OR MORE:   0
MIN  0 OR BELOW:   0    1.00 INCH OR MORE:   0

[HDD (BASE 65) ]
TOTAL THIS MO.   334    CLEAR  (SCALE 0-3)  15
DPTR FM NORMAL   -21    PTCLDY (SCALE 4-7)   1
TOTAL FM JUL 1   763    CLOUDY (SCALE 8-10)  1
DPTR FM NORMAL  -125

[CDD (BASE 65) ]
TOTAL THIS MO.     0
DPTR FM NORMAL     0    [PRESSURE DATA]
TOTAL FM JAN 1  2261    HIGHEST SLP M ON M
DPTR FM NORMAL   173    LOWEST  SLP 29.76 ON 16

[REMARKS]
