340
CXUS55 KPUB 241059
CF6COS
PRELIMINARY LOCAL CLIMATOLOGICAL DATA (WS FORM: F-6)

                                          STATION:   COLORADO SPRINGS CO
                                          MONTH:     MARCH
                                          YEAR:      2017
                                          LATITUDE:   38 49 N
                                          LONGITUDE: 104 43 W

  TEMPERATURE IN F:       :PCPN:    SNOW:  WIND      :SUNSHINE: SKY     :PK WND
================================================================================
1   2   3   4   5  6A  6B    7    8   9   10  11  12  13   14  15   16   17  18
                                     12Z  AVG MX 2MIN
DY MAX MIN AVG DEP HDD CDD  WTR  SNW DPTH SPD SPD DIR MIN PSBL S-S WX    SPD DR
================================================================================

 1  43  16  30  -5  35   0 0.00  0.0    0 10.6 22 150   M    M   1        30 330
 2  49  16  33  -3  32   0 0.00  0.0    0  8.4 20 170   M    M   1        24 130
 3  64  18  41   5  24   0 0.00  0.0    0  7.5 21 200   M    M   2        25 190
 4  68  25  47  11  18   0 0.00  0.0    0 10.5 25 220   M    M   6        32 260
 5  66  38  52  16  13   0 0.00  0.0    0 17.1 40 230   M    M   7        50 220
 6  50  23  37   0  28   0 0.00  0.0    0 22.2 43 220   M    M   5        55 200
 7  55  19  37   0  28   0 0.00  0.0    0 14.1 37 280   M    M   3        49 270
 8  69  34  52  15  13   0 0.00  0.0    0 13.8 36 270   M    M   3        45 290
 9  74  35  55  18  10   0 0.00  0.0    0  7.5 23 340   M    M   6        33 340
10  54  23  39   1  26   0 0.00  0.0    0  5.8 15 160   M    M   7        18 170
11  54  33  44   6  21   0 0.00  0.0    0 11.2 23 360   M    M   8        26 360
12  67  26  47   9  18   0    T  0.0    0 12.1 38  20   M    M   7        43  20
13  55  23  39   1  26   0 0.00  0.0    0  7.8 16 150   M    M   6        19 170
14  73  30  52  13  13   0 0.00  0.0    0  7.7 23  20   M    M   7        26  20
15  78  32  55  16  10   0 0.00  0.0    0 10.3 25 270   M    M   4        30 260
16  75  48  62  23   3   0 0.00  0.0    0  8.8 21 290   M    M   7        25 300
17  69  41  55  16  10   0 0.00  0.0    0 12.0 23 160   M    M   6        36 170
18  80  35  58  18   7   0 0.00  0.0    0  7.5 23 250   M    M   4        27 250
19  80  48  64  24   1   0 0.00  0.0    0  7.4 20 280   M    M   7        27 280
20  76  42  59  19   6   0 0.00  0.0    0  7.7 25  70   M    M   7        31 280
21  60  35  48   8  17   0 0.00  0.0    0 10.4 22 170   M    M   5        25 160
22  63  35  49   9  16   0 0.00  0.0    0  7.4 16 170   M    M   8        19 120
23  73  37  55  14  10   0 0.02  0.0    0 19.6 52  10   M    M   5 7      65  20
================================================================================
SM 1495  712       385   0  0.02     0.0 247.4          M      122
================================================================================
AV 65.0 31.0                              10.8 FASTST   M    M   5    MAX(MPH)
                                 MISC ---->  # 52  10               # 65   20
================================================================================
NOTES:
# LAST OF SEVERAL OCCURRENCES

COLUMN 17 PEAK WIND IN M.P.H.

PRELIMINARY LOCAL CLIMATOLOGICAL DATA (WS FORM: F-6) , PAGE 2

                                          STATION:  COLORADO SPRINGS CO
                                          MONTH:    MARCH
                                          YEAR:     2017
                                          LATITUDE:   38 49 N
                                          LONGITUDE: 104 43 W

[TEMPERATURE DATA]      [PRECIPITATION DATA]       SYMBOLS USED IN COLUMN 16

AVERAGE MONTHLY: 48.0   TOTAL FOR MONTH:   0.02    1 = FOG OR MIST
DPTR FM NORMAL:   9.9   DPTR FM NORMAL:   -0.70    2 = FOG REDUCING VISIBILITY
HIGHEST:    80 ON 19,18 GRTST 24HR  0.02 ON 23-23      TO 1/4 MILE OR LESS
LOWEST:     16 ON  2, 1                            3 = THUNDER
                        SNOW, ICE PELLETS, HAIL    4 = ICE PELLETS
                        TOTAL MONTH:   0.0 INCH    5 = HAIL
                        GRTST 24HR     0.0         6 = FREEZING RAIN OR DRIZZLE
                        GRTST DEPTH:   0           7 = DUSTSTORM OR SANDSTORM:
                                                       VSBY 1/2 MILE OR LESS
                                                   8 = SMOKE OR HAZE
[NO. OF DAYS WITH]      [WEATHER - DAYS WITH]      9 = BLOWING SNOW
                                                   X = TORNADO
MAX 32 OR BELOW:   0    0.01 INCH OR MORE:   1
MAX 90 OR ABOVE:   0    0.10 INCH OR MORE:   0
MIN 32 OR BELOW:  11    0.50 INCH OR MORE:   0
MIN  0 OR BELOW:   0    1.00 INCH OR MORE:   0

[HDD (BASE 65) ]
TOTAL THIS MO.   385    CLEAR  (SCALE 0-3)   4
DPTR FM NORMAL  -234    PTCLDY (SCALE 4-7)  19
TOTAL FM JUL 1  4138    CLOUDY (SCALE 8-10)  0
DPTR FM NORMAL -1044

[CDD (BASE 65) ]
TOTAL THIS MO.     0
DPTR FM NORMAL     0    [PRESSURE DATA]
TOTAL FM JAN 1     0    HIGHEST SLP M ON M
DPTR FM NORMAL     0    LOWEST  SLP 29.43 ON 23

[REMARKS]
