000
CXUS55 KPUB 311059
CF6COS
PRELIMINARY LOCAL CLIMATOLOGICAL DATA (WS FORM: F-6)

                                          STATION:   COLORADO SPRINGS CO
                                          MONTH:     MAY
                                          YEAR:      2016
                                          LATITUDE:   38 49 N
                                          LONGITUDE: 104 43 W

  TEMPERATURE IN F:       :PCPN:    SNOW:  WIND      :SUNSHINE: SKY     :PK WND
================================================================================
1   2   3   4   5  6A  6B    7    8   9   10  11  12  13   14  15   16   17  18
                                     12Z  AVG MX 2MIN
DY MAX MIN AVG DEP HDD CDD  WTR  SNW DPTH SPD SPD DIR MIN PSBL S-S WX    SPD DR
================================================================================

 1  39  32  36 -15  29   0 0.01    T    1 13.9 25 330   M    M   9 189    32 330
 2  60  26  43  -9  22   0 0.00  0.0    0  5.4 15 140   M    M   3        17 130
 3  65  37  51  -1  14   0 0.00  0.0    0 13.5 28 340   M    M   2        35 360
 4  73  39  56   4   9   0 0.00  0.0    0  6.5 17 140   M    M   2        21 190
 5  79  43  61   8   4   0 0.00  0.0    0  8.3 21 140   M    M   4        31 150
 6  80  44  62   9   3   0 0.00  0.0    0 13.8 35 140   M    M   5        42 150
 7  68  38  53   0  12   0 0.00  0.0    0 12.9 38 200   M    M   4 3      46 200
 8  67  35  51  -3  14   0 0.00  0.0    0  8.2 31 200   M    M   6        37 210
 9  69  45  57   3   8   0    T  0.0    0  7.4 22  10   M    M   7        29  20
10  71  44  58   4   7   0    T  0.0    0 10.5 26  50   M    M   7 3      32  50
11  56  40  48  -6  17   0 0.21  0.0    0  8.4 28  60   M    M   8 1      31  50
12  68  39  54  -1  11   0 0.00  0.0    0  7.0 20 150   M    M   4 18     25 150
13  78  43  61   6   4   0 0.00  0.0    0 11.0 29  60   M    M   6        37  50
14  60  38  49  -6  16   0    T  0.0    0 13.8 24 150   M    M   9 18     27 150
15  59  38  49  -7  16   0 0.23  0.0    0  9.2 21 290   M    M   9 13     28 300
16  57  40  49  -7  16   0 0.39  0.0    0  8.6 18 340   M    M   9 138    24 340
17  49  39  44 -12  21   0 0.19  0.0    0  7.5 16 150   M    M  10 1      20 140
18  57  40  49  -7  16   0    T  0.0    0 12.2 22 150   M    M   8 1      25 160
19  69  36  53  -4  12   0 0.00  0.0    0  7.4 17 150   M    M   4 13     23 160
20  78  41  60   3   5   0 0.00  0.0    0 11.4 28 160   M    M   6        33 170
21  83  50  67  10   0   2 0.00  0.0    0 12.6 28 200   M    M   6 12     36 200
22  81  48  65   7   0   0 0.00  0.0    0 15.0 37 220   M    M   3        43 210
23  71  45  58   0   7   0 0.00  0.0    0 10.9 22 140   M    M   3        28 150
24  75  47  61   3   4   0 0.00  0.0    0 11.2 23 260   M    M   4 3      32 120
25  78  50  64   6   1   0 0.00  0.0    0 12.8 30 210   M    M   3        38 210
26  68  44  56  -3   9   0 0.61    T    0 11.3 24  80   M    M   8 1358   33  70
27  60  41  51  -8  14   0 0.25  0.0    0 18.4 40  10   M    M   8 1      49  10
28  68  41  55  -4  10   0 0.00  0.0    0  8.0 23 180   M    M   4        27 210
29  76  44  60   0   5   0 0.21  0.0    0  7.8 28 360   M    M   6 3      37  10
30  77  45  61   1   4   0    T  0.0    0  9.0 26 360   M    M   4 3      32  10
================================================================================
SM 2039 1232       310   2  2.10    T    313.9          M      171
================================================================================
AV 68.0 41.1                              10.5 FASTST   M    M   6    MAX(MPH)
                                 MISC ---->  # 40  10               # 49   10
================================================================================
NOTES:
# LAST OF SEVERAL OCCURRENCES

COLUMN 17 PEAK WIND IN M.P.H.

PRELIMINARY LOCAL CLIMATOLOGICAL DATA (WS FORM: F-6) , PAGE 2

                                          STATION:  COLORADO SPRINGS CO
                                          MONTH:    MAY
                                          YEAR:     2016
                                          LATITUDE:   38 49 N
                                          LONGITUDE: 104 43 W

[TEMPERATURE DATA]      [PRECIPITATION DATA]       SYMBOLS USED IN COLUMN 16

AVERAGE MONTHLY: 54.5   TOTAL FOR MONTH:   2.10    1 = FOG OR MIST
DPTR FM NORMAL:  -1.2   DPTR FM NORMAL:    0.15    2 = FOG REDUCING VISIBILITY
HIGHEST:    83 ON 21    GRTST 24HR  0.86 ON 26-27      TO 1/4 MILE OR LESS
LOWEST:     26 ON  2                               3 = THUNDER
                        SNOW, ICE PELLETS, HAIL    4 = ICE PELLETS
                        TOTAL MONTH:    T          5 = HAIL
                        GRTST 24HR    T  ON 26-26  6 = FREEZING RAIN OR DRIZZLE
                        GRTST DEPTH:   1 ON  1     7 = DUSTSTORM OR SANDSTORM:
                                                       VSBY 1/2 MILE OR LESS
                                                   8 = SMOKE OR HAZE
[NO. OF DAYS WITH]      [WEATHER - DAYS WITH]      9 = BLOWING SNOW
                                                   X = TORNADO
MAX 32 OR BELOW:   0    0.01 INCH OR MORE:   8
MAX 90 OR ABOVE:   0    0.10 INCH OR MORE:   7
MIN 32 OR BELOW:   2    0.50 INCH OR MORE:   1
MIN  0 OR BELOW:   0    1.00 INCH OR MORE:   0

[HDD (BASE 65) ]
TOTAL THIS MO.   310    CLEAR  (SCALE 0-3)   4
DPTR FM NORMAL    25    PTCLDY (SCALE 4-7)  21
TOTAL FM JUL 1  5466    CLOUDY (SCALE 8-10)  5
DPTR FM NORMAL  -741

[CDD (BASE 65) ]
TOTAL THIS MO.     2
DPTR FM NORMAL    -4    [PRESSURE DATA]
TOTAL FM JAN 1     2    HIGHEST SLP M ON M
DPTR FM NORMAL    -5    LOWEST  SLP 29.54 ON  9

[REMARKS]
