000
CXUS54 KCRP 171300
CF6COT
PRELIMINARY LOCAL CLIMATOLOGICAL DATA (WS FORM: F-6)

                                          STATION:   COTULLA
                                          MONTH:     NOVEMBER
                                          YEAR:      2017
                                          LATITUDE:   28 27 N
                                          LONGITUDE:  99 13 W

  TEMPERATURE IN F:       :PCPN:    SNOW:  WIND      :SUNSHINE: SKY     :PK WND
================================================================================
1   2   3   4   5  6A  6B    7    8   9   10  11  12  13   14  15   16   17  18
                                     12Z  AVG MX 2MIN
DY MAX MIN AVG DEP HDD CDD  WTR  SNW DPTH SPD SPD DIR MIN PSBL S-S WX    SPD DR
================================================================================

 1  84  52  68  -1   0   3 0.00  0.0    0  2.8  9 220   M    M   1 18     14 180
 2  91  62  77   8   0  12 0.00  0.0    0  4.9 10 110   M    M   3 18     15 140
 3  90  71  81  12   0  16 0.00  0.0    0  5.4 15 120   M    M   5 18     17 130
 4  87  69  78  10   0  13 0.00  0.0    0  4.9 10 140   M    M   4 1      13 130
 5  93  67  80  12   0  15 0.00  0.0    0  5.2 13 190   M    M   1 1      21 150
 6  91  68  80  12   0  15 0.00  0.0    0  7.4 13 160   M    M   0        16 150
 7  90  64  77  10   0  12 0.00  0.0    0  7.2 21  60   M    M   1 1      27  70
 8  67  51  59  -8   6   0 0.02  0.0    0 10.5 21 350   M    M  10 1      26  60
 9  61  49  55 -11  10   0    T  0.0    0  4.6 14  10   M    M  10        18 360
10  67  54  61  -5   4   0    T  0.0    0  6.6 12 130   M    M  10        14 110
11  70  61  66   0   0   1 0.05  0.0    0  2.7  7  70   M    M  10 1       9  80
12  81  68  75  10   0  10 0.02  0.0    0  5.8 12  40   M    M   8 1      15  20
13  78  65  72   7   0   7 0.01  0.0    0  6.2 13 100   M    M  10 1      17 100
14  82  68  75  11   0  10 0.00  0.0    0  7.3 13 220   M    M   8        17 150
15  85  62  74  10   0   9 0.00  0.0    0  5.8 12 340   M    M   3 1      17 190
16  83  65  74  11   0   9 0.00  0.0    0  3.9 10 190   M    M   5 18     15 210
================================================================================
SM 1300  996        20 132  0.10     0.0  91.2          M       89
================================================================================
AV 81.3 62.3                               5.7 FASTST   M    M   6    MAX(MPH)
                                 MISC ---->  # 21  60               # 27   70
================================================================================
NOTES:
# LAST OF SEVERAL OCCURRENCES

COLUMN 17 PEAK WIND IN M.P.H.

PRELIMINARY LOCAL CLIMATOLOGICAL DATA (WS FORM: F-6) , PAGE 2

                                          STATION:  COTULLA
                                          MONTH:    NOVEMBER
                                          YEAR:     2017
                                          LATITUDE:   28 27 N
                                          LONGITUDE:  99 13 W

[TEMPERATURE DATA]      [PRECIPITATION DATA]       SYMBOLS USED IN COLUMN 16

AVERAGE MONTHLY: 71.8   TOTAL FOR MONTH:   0.10    1 = FOG OR MIST
DPTR FM NORMAL:   5.2   DPTR FM NORMAL:   -0.74    2 = FOG REDUCING VISIBILITY
HIGHEST:    93 ON  5    GRTST 24HR  0.05 ON 11-11      TO 1/4 MILE OR LESS
LOWEST:     49 ON  9                               3 = THUNDER
                        SNOW, ICE PELLETS, HAIL    4 = ICE PELLETS
                        TOTAL MONTH:   0.0 INCH    5 = HAIL
                        GRTST 24HR     0.0         6 = FREEZING RAIN OR DRIZZLE
                        GRTST DEPTH:   0           7 = DUSTSTORM OR SANDSTORM:
                                                       VSBY 1/2 MILE OR LESS
                                                   8 = SMOKE OR HAZE
[NO. OF DAYS WITH]      [WEATHER - DAYS WITH]      9 = BLOWING SNOW
                                                   X = TORNADO
MAX 32 OR BELOW:   0    0.01 INCH OR MORE:   4
MAX 90 OR ABOVE:   5    0.10 INCH OR MORE:   0
MIN 32 OR BELOW:   0    0.50 INCH OR MORE:   0
MIN  0 OR BELOW:   0    1.00 INCH OR MORE:   0

[HDD (BASE 65) ]
TOTAL THIS MO.    20    CLEAR  (SCALE 0-3)   6
DPTR FM NORMAL   -15    PTCLDY (SCALE 4-7)   3
TOTAL FM JUL 1    53    CLOUDY (SCALE 8-10)  7
DPTR FM NORMAL     5

[CDD (BASE 65) ]
TOTAL THIS MO.   132
DPTR FM NORMAL    72    [PRESSURE DATA]
TOTAL FM JAN 1  4320    HIGHEST SLP M ON M
DPTR FM NORMAL   674    LOWEST  SLP 29.82 ON  1

[REMARKS]
