000
CXUS54 KCRP 261300
CF6COT
PRELIMINARY LOCAL CLIMATOLOGICAL DATA (WS FORM: F-6)

                                          STATION:   COTULLA
                                          MONTH:     MAY
                                          YEAR:      2017
                                          LATITUDE:   28 27 N
                                          LONGITUDE:  99 13 W

  TEMPERATURE IN F:       :PCPN:    SNOW:  WIND      :SUNSHINE: SKY     :PK WND
================================================================================
1   2   3   4   5  6A  6B    7    8   9   10  11  12  13   14  15   16   17  18
                                     12Z  AVG MX 2MIN
DY MAX MIN AVG DEP HDD CDD  WTR  SNW DPTH SPD SPD DIR MIN PSBL S-S WX    SPD DR
================================================================================

 1  95  52  74  -2   0   9 0.00  0.0    0  9.2 20 150   M    M   0        28 140
 2  97  61  79   2   0  14 0.00  0.0    0 12.2 25 140   M    M   0        30 130
 3  96  72  84   7   0  19 0.00  0.0    0  8.6 28  30   M    M   6        37  40
 4  87  56  72  -5   0   7 0.00  0.0    0  9.4 21 320   M    M   0        26  30
 5  90  52  71  -6   0   6 0.00  0.0    0  3.6 15 340   M    M   0        19 330
 6  95  59  77  -1   0  12    T  0.0    0  9.1 20 140   M    M   0        25 150
 7  93  62  78   0   0  13 0.00  0.0    0 12.0 24 130   M    M   0        30 130
 8  84  69  77  -1   0  12    T  0.0    0 14.2 23 140   M    M   8        29 130
 9  90  72  81   3   0  16    T  0.0    0 15.1 26 130   M    M   7        35 130
10  94  76  85   7   0  20    T  0.0    0 13.8 23 120   M    M   7 8      30 110
11  88  73  81   2   0  16 0.00  0.0    0  5.7 12 110   M    M   5        16 110
12  94  67  81   2   0  16    T  0.0    0  9.7 21 340   M    M   1        26 360
13  95  61  78  -1   0  13 0.00  0.0    0  8.3 15 130   M    M   0        19 130
14  97  69  83   3   0  18    T  0.0    0 12.2 24 130   M    M   0        30 130
15  94  70  82   2   0  17    T  0.0    0 14.0 23 130   M    M   6        32 130
16  91  77  84   4   0  19    T  0.0    0 17.3 25 130   M    M   7        31 140
17  94  77  86   6   0  21 0.01  0.0    0  8.5 18 140   M    M   6        24 140
18  99  77  88   8   0  23 0.00  0.0    0 14.4 28 140   M    M   7        35 140
19 102  78  90   9   0  25 0.00  0.0    0 15.5 26 130   M    M   6        36 120
20  85  72  79  -2   0  14 1.67  0.0    0 10.1 37  20   M    M   7 13     58  10
21  82  66  74  -7   0   9 0.13  0.0    0 11.7 24  80   M    M   7 3      34  70
22  86  66  76  -5   0  11    T  0.0    0  8.1 14 100   M    M   8        17 110
23  88  64  76  -6   0  11 0.00  0.0    0  7.4 24 360   M    M   5 3      31 360
24  89  56  73  -9   0   8 0.00  0.0    0  4.6 12 150   M    M   0        15 150
25 101  62  82   0   0  17 0.00  0.0    0 11.2 22 140   M    M   0        27 130
================================================================================
SM 2306 1666         0 366  1.81     0.0 265.9          M       93
================================================================================
AV 92.2 66.6                              10.6 FASTST   M    M   4    MAX(MPH)
                                 MISC ---->  # 37  20               # 58   10
================================================================================
NOTES:
# LAST OF SEVERAL OCCURRENCES

COLUMN 17 PEAK WIND IN M.P.H.

PRELIMINARY LOCAL CLIMATOLOGICAL DATA (WS FORM: F-6) , PAGE 2

                                          STATION:  COTULLA
                                          MONTH:    MAY
                                          YEAR:     2017
                                          LATITUDE:   28 27 N
                                          LONGITUDE:  99 13 W

[TEMPERATURE DATA]      [PRECIPITATION DATA]       SYMBOLS USED IN COLUMN 16

AVERAGE MONTHLY: 79.4   TOTAL FOR MONTH:   1.81    1 = FOG OR MIST
DPTR FM NORMAL:   0.2   DPTR FM NORMAL:   -0.40    2 = FOG REDUCING VISIBILITY
HIGHEST:   102 ON 19    GRTST 24HR  1.67 ON 20-20      TO 1/4 MILE OR LESS
LOWEST:     52 ON  5, 1                            3 = THUNDER
                        SNOW, ICE PELLETS, HAIL    4 = ICE PELLETS
                        TOTAL MONTH:   0.0 INCH    5 = HAIL
                        GRTST 24HR     0.0         6 = FREEZING RAIN OR DRIZZLE
                        GRTST DEPTH:   0           7 = DUSTSTORM OR SANDSTORM:
                                                       VSBY 1/2 MILE OR LESS
                                                   8 = SMOKE OR HAZE
[NO. OF DAYS WITH]      [WEATHER - DAYS WITH]      9 = BLOWING SNOW
                                                   X = TORNADO
MAX 32 OR BELOW:   0    0.01 INCH OR MORE:   3
MAX 90 OR ABOVE:  17    0.10 INCH OR MORE:   2
MIN 32 OR BELOW:   0    0.50 INCH OR MORE:   1
MIN  0 OR BELOW:   0    1.00 INCH OR MORE:   1

[HDD (BASE 65) ]
TOTAL THIS MO.     0    CLEAR  (SCALE 0-3)  11
DPTR FM NORMAL     0    PTCLDY (SCALE 4-7)  14
TOTAL FM JUL 1   441    CLOUDY (SCALE 8-10)  0
DPTR FM NORMAL  -652

[CDD (BASE 65) ]
TOTAL THIS MO.   366
DPTR FM NORMAL     9    [PRESSURE DATA]
TOTAL FM JAN 1  1230    HIGHEST SLP M ON M
DPTR FM NORMAL   443    LOWEST  SLP 29.65 ON 17

[REMARKS]
