000
CXUS53 KLSX 011150
CF6COU
PRELIMINARY LOCAL CLIMATOLOGICAL DATA (WS FORM: F-6)

                                          STATION:   COLUMBIA ASOS
                                          MONTH:     APRIL
                                          YEAR:      2016
                                          LATITUDE:   38 49 N
                                          LONGITUDE:  92 13 W

  TEMPERATURE IN F:       :PCPN:    SNOW:  WIND      :SUNSHINE: SKY     :PK WND
================================================================================
1   2   3   4   5  6A  6B    7    8   9   10  11  12  13   14  15   16   17  18
                                     12Z  AVG MX 2MIN
DY MAX MIN AVG DEP HDD CDD  WTR  SNW DPTH SPD SPD DIR MIN PSBL S-S WX    SPD DR
================================================================================

 1  54  39  47  -3  18   0 0.01  0.0    0 13.2 26 300   M    M   6        32 290
 2  61  32  47  -4  18   0 0.00  0.0    0 13.9 32 320   M    M   0        39 310
 3  77  34  56   5   9   0 0.00  0.0    0 16.6 31 230   M    M   0        41 250
 4  69  44  57   6   8   0 0.00  0.0    0 10.6 22 360   M    M   0 8      27 360
 5  65  37  51  -1  14   0 0.00  0.0    0 16.8 31 170   M    M   0        38 180
 6  58  45  52   0  13   0 0.06  0.0    0 13.9 28 280   M    M   7 1      35 300
 7  60  41  51  -1  14   0 0.08  0.0    0 14.4 41 320   M    M   4        50 320
 8  58  35  47  -6  18   0 0.00  0.0    0 18.3 32 320   M    M   2        41 310
 9  55  27  41 -12  24   0 0.00  0.0    0 10.8 21 160   M    M   2        26 160
10  65  47  56   3   9   0 0.29  0.0    0 10.2 21  10   M    M   9 13     25 170
11  56  40  48  -6  17   0 0.15  0.0    0 10.7 24 360   M    M   4 1      30 360
12  59  34  47  -7  18   0 0.00  0.0    0  7.2 15  60   M    M   0        17  60
13  69  38  54   0  11   0 0.00  0.0    0  6.7 13 180   M    M   0        20 230
14  72  46  59   4   6   0 0.00  0.0    0  8.1 15 110   M    M   0        20  80
15  77  51  64   9   1   0 0.00  0.0    0 11.0 21 140   M    M   3        27 130
16  78  57  68  13   0   3 0.00  0.0    0 10.8 23 150   M    M   2        29 180
17  80  58  69  13   0   4 0.00  0.0    0 10.4 22 160   M    M   1        28 120
18  78  59  69  13   0   4 0.05  0.0    0  8.9 24 260   M    M   5 1      31 250
19  77  60  69  13   0   4 0.29  0.0    0  3.9 16 180   M    M   8 1      20 180
20  69  54  62   5   3   0 0.02  0.0    0  9.4 17 180   M    M   7 1      21 190
21  68  48  58   1   7   0 0.02  0.0    0 11.2 24 260   M    M   5        30 260
22  70  51  61   4   4   0 0.00  0.0    0  9.4 16 320   M    M   1        21 320
23  77  48  63   5   2   0 0.00  0.0    0  7.4 17 140   M    M   0 18     20 140
24  81  55  68  10   0   3 0.00  0.0    0 12.7 24 210   M    M   0        30 220
25  79  62  71  13   0   6 0.00  0.0    0 11.6 24 220   M    M   6        33 220
26  74  60  67   9   0   2 1.02  0.0    0  9.7 46 320   M    M   3 13     57 320
27  78  56  67   8   0   2 0.06  0.0    0 10.4 28 110   M    M   6        34 110
28  66  50  58  -1   7   0 0.00  0.0    0  9.4 18 240   M    M   1        23 240
29  64  49  57  -2   8   0 0.24  0.0    0  9.2 24 120   M    M   6 1      30 120
30  76  54  65   5   0   0 0.35  0.0    0 11.3 22 240   M    M   6 1      29 110
================================================================================
SM 2070 1411       229  28  2.64     0.0 328.1          M       94
================================================================================
AV 69.0 47.0                              10.9 FASTST   M    M   3    MAX(MPH)
                                 MISC ---->  # 46 320               # 57  320
================================================================================
NOTES:
# LAST OF SEVERAL OCCURRENCES

COLUMN 17 PEAK WIND IN M.P.H.

PRELIMINARY LOCAL CLIMATOLOGICAL DATA (WS FORM: F-6) , PAGE 2

                                          STATION:  COLUMBIA ASOS
                                          MONTH:    APRIL
                                          YEAR:     2016
                                          LATITUDE:   38 49 N
                                          LONGITUDE:  92 13 W

[TEMPERATURE DATA]      [PRECIPITATION DATA]       SYMBOLS USED IN COLUMN 16

AVERAGE MONTHLY: 58.0   TOTAL FOR MONTH:   2.64    1 = FOG OR MIST
DPTR FM NORMAL:   3.0   DPTR FM NORMAL:   -1.85    2 = FOG REDUCING VISIBILITY
HIGHEST:    81 ON 24    GRTST 24HR  1.08 ON 26-27      TO 1/4 MILE OR LESS
LOWEST:     27 ON  9                               3 = THUNDER
                        SNOW, ICE PELLETS, HAIL    4 = ICE PELLETS
                        TOTAL MONTH:   0.0 INCH    5 = HAIL
                        GRTST 24HR     0.0         6 = FREEZING RAIN OR DRIZZLE
                        GRTST DEPTH:   0           7 = DUSTSTORM OR SANDSTORM:
                                                       VSBY 1/2 MILE OR LESS
                                                   8 = SMOKE OR HAZE
[NO. OF DAYS WITH]      [WEATHER - DAYS WITH]      9 = BLOWING SNOW
                                                   X = TORNADO
MAX 32 OR BELOW:   0    0.01 INCH OR MORE:  13
MAX 90 OR ABOVE:   0    0.10 INCH OR MORE:   6
MIN 32 OR BELOW:   2    0.50 INCH OR MORE:   1
MIN  0 OR BELOW:   0    1.00 INCH OR MORE:   1

[HDD (BASE 65) ]
TOTAL THIS MO.   229    CLEAR  (SCALE 0-3)  15
DPTR FM NORMAL   -92    PTCLDY (SCALE 4-7)  13
TOTAL FM JUL 1  3824    CLOUDY (SCALE 8-10)  2
DPTR FM NORMAL -1079

[CDD (BASE 65) ]
TOTAL THIS MO.    28
DPTR FM NORMAL     6    [PRESSURE DATA]
TOTAL FM JAN 1    32    HIGHEST SLP 30.37 ON 12
DPTR FM NORMAL     7    LOWEST  SLP 29.51 ON 27

[REMARKS]
#FINAL-04-16#
