000
CXUS55 KRIW 260945
CF6CPR
PRELIMINARY LOCAL CLIMATOLOGICAL DATA (WS FORM: F-6)

                                          STATION:   CASPER WY
                                          MONTH:     MAY
                                          YEAR:      2017
                                          LATITUDE:   42 55 N
                                          LONGITUDE: 106 28 W

  TEMPERATURE IN F:       :PCPN:    SNOW:  WIND      :SUNSHINE: SKY     :PK WND
================================================================================
1   2   3   4   5  6A  6B    7    8   9   10  11  12  13   14  15   16   17  18
                                     12Z  AVG MX 2MIN
DY MAX MIN AVG DEP HDD CDD  WTR  SNW DPTH SPD SPD DIR MIN PSBL S-S WX    SPD DR
================================================================================

 1  52  31  42  -5  23   0 0.18  0.0    0  8.3 18 330   M    M   6 1      24 340
 2  58  36  47  -1  18   0 0.03  0.0    0  8.9 22  30   M    M   7        28  30
 3  58  32  45  -3  20   0 0.00  0.0    0  5.6 17 260   M    M   3        22 270
 4  72  30  51   3  14   0 0.00  0.0    0  6.8 15 280   M    M   0        23 240
 5  78  34  56   7   9   0 0.00  0.0    0  6.3 15 230   M    M   0        33 270
 6  85  40  63  14   2   0 0.00  0.0    0  8.5 30 210   M    M   1        41 210
 7  77  47  62  13   3   0    T  0.0    0 11.5 25 250   M    M   1 3      33 250
 8  58  44  51   1  14   0 0.00  0.0    0 13.2 24  40   M    M   9 1      29  30
 9  71  45  58   8   7   0 0.20  0.0    0  8.3 29 360   M    M   7 13     36  10
10  63  39  51   1  14   0 0.00  0.0    0  7.0 16  30   M    M   4 12     23  80
11  74  33  54   3  11   0 0.00  0.0    0  5.3 16 220   M    M   1 12     25 270
12  81  34  58   7   7   0 0.00  0.0    0  8.4 24 220   M    M   0        34 210
13  81  45  63  12   2   0    T  0.0    0 17.6 37 220   M    M   0        48 210
14  69  44  57   5   8   0    T  0.0    0 10.4 26 120   M    M   5        33 120
15  76  41  59   7   6   0 0.00  0.0    0  9.5 30  20   M    M   3        39 230
16  63  37  50  -2  15   0 0.04  0.0    0  8.4 25 240   M    M   6 3      35 240
17  61  35  48  -4  17   0    T  0.0    0 11.2 32 200   M    M   4        43 210
18  44  32  38 -15  27   0 1.06  2.8    T 12.9 24  90   M    M   9 12     31  80
19  45  31  38 -15  27   0 0.02  0.1    T  7.9 14  90   M    M   8 1      18  90
20  61  28  45  -9  20   0    T    M    M  8.8 23  30   M    M   3 1      27  20
21  60  37  49  -5  16   0 0.02  0.0    0  7.1 28 340   M    M   6 3      34 340
22  56  37  47  -7  18   0 0.26  0.0    0 11.1 23  20   M    M   8 1      32  30
23  63  36  50  -4  15   0 0.00  0.0    0  7.2 17 230   M    M   2        21 230
24  81  40  61   6   4   0 0.00  0.0    0 19.1 37 250   M    M   1        49 270
25  64  45  55   0  10   0 0.12  0.0    0 11.2 25 300   M    M   6 18     33 290
================================================================================
SM 1651  933       327   0  1.93     2.9 240.5          M      100
================================================================================
AV 66.0 37.3                               9.6 FASTST   M    M   4    MAX(MPH)
                                 MISC ---->  # 37 220               # 49  270
================================================================================
NOTES:
# LAST OF SEVERAL OCCURRENCES

COLUMN 17 PEAK WIND IN M.P.H.

PRELIMINARY LOCAL CLIMATOLOGICAL DATA (WS FORM: F-6) , PAGE 2

                                          STATION:  CASPER WY
                                          MONTH:    MAY
                                          YEAR:     2017
                                          LATITUDE:   42 55 N
                                          LONGITUDE: 106 28 W

[TEMPERATURE DATA]      [PRECIPITATION DATA]       SYMBOLS USED IN COLUMN 16

AVERAGE MONTHLY: 51.7   TOTAL FOR MONTH:   1.93    1 = FOG OR MIST
DPTR FM NORMAL:   0.4   DPTR FM NORMAL:    0.29    2 = FOG REDUCING VISIBILITY
HIGHEST:    85 ON  6    GRTST 24HR  1.06 ON 18-18      TO 1/4 MILE OR LESS
LOWEST:     28 ON 20                               3 = THUNDER
                        SNOW, ICE PELLETS, HAIL    4 = ICE PELLETS
                        TOTAL MONTH:   2.9 INCHES  5 = HAIL
                        GRTST 24HR   2.8 ON 18-18  6 = FREEZING RAIN OR DRIZZLE
                        GRTST DEPTH:   0           7 = DUSTSTORM OR SANDSTORM:
                                                       VSBY 1/2 MILE OR LESS
                                                   8 = SMOKE OR HAZE
[NO. OF DAYS WITH]      [WEATHER - DAYS WITH]      9 = BLOWING SNOW
                                                   X = TORNADO
MAX 32 OR BELOW:   0    0.01 INCH OR MORE:   9
MAX 90 OR ABOVE:   0    0.10 INCH OR MORE:   5
MIN 32 OR BELOW:   6    0.50 INCH OR MORE:   1
MIN  0 OR BELOW:   0    1.00 INCH OR MORE:   1

[HDD (BASE 65) ]
TOTAL THIS MO.   327    CLEAR  (SCALE 0-3)  11
DPTR FM NORMAL   -19    PTCLDY (SCALE 4-7)  12
TOTAL FM JUL 1  6882    CLOUDY (SCALE 8-10)  2
DPTR FM NORMAL  -506

[CDD (BASE 65) ]
TOTAL THIS MO.     0
DPTR FM NORMAL     0    [PRESSURE DATA]
TOTAL FM JAN 1     0    HIGHEST SLP M ON M
DPTR FM NORMAL     0    LOWEST  SLP 29.38 ON 17

[REMARKS]
