000
CXUS55 KRIW 221628
CF6CPR
PRELIMINARY LOCAL CLIMATOLOGICAL DATA (WS FORM: F-6)

                                          STATION:   CASPER WY
                                          MONTH:     FEBRUARY
                                          YEAR:      2017
                                          LATITUDE:   42 55 N
                                          LONGITUDE: 106 28 W

  TEMPERATURE IN F:       :PCPN:    SNOW:  WIND      :SUNSHINE: SKY     :PK WND
================================================================================
1   2   3   4   5  6A  6B    7    8   9   10  11  12  13   14  15   16   17  18
                                     12Z  AVG MX 2MIN
DY MAX MIN AVG DEP HDD CDD  WTR  SNW DPTH SPD SPD DIR MIN PSBL S-S WX    SPD DR
================================================================================

 1  17   8  13 -12  52   0    T  0.3    T 11.5 16  40   M    M  10 18     19  40
 2  11 -12   0 -25  65   0 0.01  0.4    T  8.8 16  40   M    M  10 18     18  40
 3  40 -12  14 -11  51   0 0.00  0.0    T 13.7 32 220   M    M   0        44 210
 4  44  34  39  14  26   0 0.00  0.0    T 24.1 37 250   M    M   0        48 210
 5  49  33  41  16  24   0 0.00  0.0    0 21.9 36 220   M    M   1        46 210
 6  49  35  42  17  23   0 0.00  0.0    0 24.3 43 230   M    M   0        54 220
 7  40  13  27   2  38   0 0.31  4.0    1  8.4 30 360   M    M   9 128    35  10
 8  41   7  24  -1  41   0 0.02  0.2    3  8.9 29 260   M    M   4 18     37 250
 9  55  17  36  11  29   0 0.00  0.0    1 27.5 44 230   M    M   0        56 220
10  61  42  52  26  13   0 0.00  0.0    0 20.1 38 230   M    M   7        51 230
11  44  18  31   5  34   0 0.00  0.0    0 12.1 24  20   M    M   6        29  20
12  44  14  29   3  36   0 0.00  0.0    0 12.6 25 210   M    M   0        31 210
13  49  19  34   8  31   0 0.00  0.0    0  9.0 17  30   M    M   0        21 220
14  49  17  33   7  32   0 0.00  0.0    0  7.0 15 220   M    M   0        21 250
15  52  31  42  16  23   0 0.00  0.0    0 23.1 37 210   M    M   0        47 210
16  58  37  48  21  17   0 0.00  0.0    0 23.7 37 200   M    M   0        48 210
17  57  31  44  17  21   0 0.00  0.0    0 11.6 23 220   M    M   0        31 210
18  57  38  48  21  17   0    T  0.0    0 22.5 39 220   M    M   2        49 220
19  57  33  45  18  20   0 0.00  0.0    0 18.1 37 200   M    M   2        46 210
20  53  21  37   9  28   0 0.00  0.0    0 21.8 40 210   M    M   0        51 240
21  60  37  49  21  16   0    T  0.0    0 28.7 51 230   M    M   2 3      62 230
================================================================================
SM  987  461       637   0  0.34     4.9 359.4          M       53
================================================================================
AV 47.0 22.0                              17.1 FASTST   M    M   3    MAX(MPH)
                                 MISC ---->  # 51 230               # 62  230
================================================================================
NOTES:
# LAST OF SEVERAL OCCURRENCES

COLUMN 17 PEAK WIND IN M.P.H.

PRELIMINARY LOCAL CLIMATOLOGICAL DATA (WS FORM: F-6) , PAGE 2

                                          STATION:  CASPER WY
                                          MONTH:    FEBRUARY
                                          YEAR:     2017
                                          LATITUDE:   42 55 N
                                          LONGITUDE: 106 28 W

[TEMPERATURE DATA]      [PRECIPITATION DATA]       SYMBOLS USED IN COLUMN 16

AVERAGE MONTHLY: 34.5   TOTAL FOR MONTH:   0.34    1 = FOG OR MIST
DPTR FM NORMAL:   8.5   DPTR FM NORMAL:   -0.07    2 = FOG REDUCING VISIBILITY
HIGHEST:    61 ON 10    GRTST 24HR  0.32 ON  7- 8      TO 1/4 MILE OR LESS
LOWEST:    -12 ON  3, 2                            3 = THUNDER
                        SNOW, ICE PELLETS, HAIL    4 = ICE PELLETS
                        TOTAL MONTH:   4.9 INCHES  5 = HAIL
                        GRTST 24HR   4.0 ON  7- 7  6 = FREEZING RAIN OR DRIZZLE
                        GRTST DEPTH:   3 ON  8     7 = DUSTSTORM OR SANDSTORM:
                                                       VSBY 1/2 MILE OR LESS
                                                   8 = SMOKE OR HAZE
[NO. OF DAYS WITH]      [WEATHER - DAYS WITH]      9 = BLOWING SNOW
                                                   X = TORNADO
MAX 32 OR BELOW:   2    0.01 INCH OR MORE:   3
MAX 90 OR ABOVE:   0    0.10 INCH OR MORE:   1
MIN 32 OR BELOW:  13    0.50 INCH OR MORE:   0
MIN  0 OR BELOW:   2    1.00 INCH OR MORE:   0

[HDD (BASE 65) ]
TOTAL THIS MO.   637    CLEAR  (SCALE 0-3)  15
DPTR FM NORMAL  -183    PTCLDY (SCALE 4-7)   3
TOTAL FM JUL 1  4887    CLOUDY (SCALE 8-10)  3
DPTR FM NORMAL  -310

[CDD (BASE 65) ]
TOTAL THIS MO.     0
DPTR FM NORMAL     0    [PRESSURE DATA]
TOTAL FM JAN 1     0    HIGHEST SLP M ON M
DPTR FM NORMAL     0    LOWEST  SLP 29.54 ON  7

[REMARKS]
