000
CXUS53 KLSX 311600
CF6CPS
PRELIMINARY LOCAL CLIMATOLOGICAL DATA (WS FORM: F-6)

                                          STATION:   CAHOKIA/ST. LOUIS
                                          MONTH:     JANUARY
                                          YEAR:      2015
                                          LATITUDE:   38 34 N
                                          LONGITUDE:  90  9 W

  TEMPERATURE IN F:       :PCPN:    SNOW:  WIND      :SUNSHINE: SKY     :PK WND
================================================================================
1   2   3   4   5  6A  6B    7    8   9   10  11  12  13   14  15   16   17  18
                                     12Z  AVG MX 2MIN
DY MAX MIN AVG DEP HDD CDD  WTR  SNW DPTH SPD SPD DIR MIN PSBL S-S WX    SPD DR
================================================================================

 1  41  24  33   1  32   0 0.02  9.0    0  6.8 18 250   M    M   3        23 240
 2  40  34  37   5  28   0 0.07  0.0    0  4.5 10 140   M    M  10 1      13 120
 3  44  37  41   9  24   0 0.53  0.0    0  3.2 13 290   M    M   8 1      14 290
 4  41  17  29  -3  36   0    T    M    0 16.0 30 300   M    M   8 18     35 300
 5  26  13  20 -12  45   0 0.00  0.0    0  8.4 17 330   M    M   1        22 170
 6  30  23  27  -5  38   0    T    M    0 10.9 24 320   M    M   6 1      29 330
 7  23   4  14 -17  51   0    T    M    M 17.3 29 340   M    M   5 1      35 330
 8  32   2  17 -14  48   0 0.00  0.0    M  9.1 18 200   M    M   4        27 190
 9  32  13  23  -8  42   0 0.00  0.0    M 14.8 30 320   M    M   2        37 320
10  33   6  20 -11  45   0 0.00  0.0    0  6.2 15 170   M    M   1        19 190
11  38  30  34   3  31   0 0.39  0.0    0  4.9 13 180   M    M  10 1      18 190
12  35  17  26  -5  39   0 0.01  0.0    0 13.2 23 360   M    M   5 1      27 350
13  29  14  22  -9  43   0 0.00  0.0    0  8.4 14  30   M    M   2        18  30
14  29  14  22  -9  43   0 0.00  0.0    0  2.3  8 140   M    M   7         9 140
15  46  20  33   2  32   0 0.00  0.0    0  3.7 13 270   M    M   2 18     16 250
16  51  25  38   7  27   0 0.00  0.0    0  4.9 12 120   M    M   0        14 160
17  59  33  46  15  19   0 0.00  0.0    0 10.0 21 260   M    M   1        30 260
18  57  31  44  12  21   0 0.00  0.0    0  6.7 18 290   M    M   0        28 290
19  57  27  42  10  23   0 0.00  0.0    0  1.4  9 150   M    M   0        10 140
20  50  27  39   7  26   0 0.00  0.0    0  4.0 13 310   M    M   0 1      16 300
21  48  28  38   6  27   0 0.00  0.0    0  8.8 24 300   M    M   0        30 320
22  37  25  31  -1  34   0 0.00  0.0    0  3.0 12 340   M    M   6 8      14 330
23  40  25  33   1  32   0 0.00  0.0    0  2.0 10 330   M    M   6        12 330
24  55  25  40   8  25   0 0.00  0.0    0  5.9 15 250   M    M   0        21 240
25  51  32  42  10  23   0 0.07    M    0 10.7 25 350   M    M   9 1      30 360
26  40  27  34   2  31   0 0.00  0.0    0  6.9 20 330   M    M   7        23 340
27  45  27  36   4  29   0 0.00  0.0    0  8.1 17  10   M    M   5 1      21  10
28  52  26  39   7  26   0 0.00  0.0    0 10.5 24 150   M    M   0 1      30 150
29  54  37  46  14  19   0 0.00  0.0    0 17.2 31 320   M    M   7        41 310
30  41  27  34   1  31   0 0.00  0.0    0  6.3 23 320   M    M   4        29 320
================================================================================
SM 1256  690       970   0  1.09     9.0 236.1          M      119
================================================================================
AV 41.9 23.0                               7.9 FASTST   M    M   4    MAX(MPH)
                                 MISC ---->  # 31 320               # 41  310
================================================================================
NOTES:
# LAST OF SEVERAL OCCURRENCES

COLUMN 17 PEAK WIND IN M.P.H.

PRELIMINARY LOCAL CLIMATOLOGICAL DATA (WS FORM: F-6) , PAGE 2

                                          STATION:  CAHOKIA/ST. LOUIS
                                          MONTH:    JANUARY
                                          YEAR:     2015
                                          LATITUDE:   38 34 N
                                          LONGITUDE:  90  9 W

[TEMPERATURE DATA]      [PRECIPITATION DATA]       SYMBOLS USED IN COLUMN 16

AVERAGE MONTHLY: 32.4   TOTAL FOR MONTH:   1.09    1 = FOG OR MIST
DPTR FM NORMAL:   0.8   DPTR FM NORMAL:   -1.20    2 = FOG REDUCING VISIBILITY
HIGHEST:    59 ON 17    GRTST 24HR  0.60 ON  2- 3      TO 1/4 MILE OR LESS
LOWEST:      2 ON  8                               3 = THUNDER
                        SNOW, ICE PELLETS, HAIL    4 = ICE PELLETS
                        TOTAL MONTH:   9.0 INCHES  5 = HAIL
                        GRTST 24HR   9.0 ON  1- 1  6 = FREEZING RAIN OR DRIZZLE
                        GRTST DEPTH:   0           7 = DUSTSTORM OR SANDSTORM:
                                                       VSBY 1/2 MILE OR LESS
                                                   8 = SMOKE OR HAZE
[NO. OF DAYS WITH]      [WEATHER - DAYS WITH]      9 = BLOWING SNOW
                                                   X = TORNADO
MAX 32 OR BELOW:   7    0.01 INCH OR MORE:   6
MAX 90 OR ABOVE:   0    0.10 INCH OR MORE:   2
MIN 32 OR BELOW:  26    0.50 INCH OR MORE:   1
MIN  0 OR BELOW:   0    1.00 INCH OR MORE:   0

[HDD (BASE 65) ]
TOTAL THIS MO.   970    CLEAR  (SCALE 0-3)  14
DPTR FM NORMAL   -33    PTCLDY (SCALE 4-7)  13
TOTAL FM JUL 1  2818    CLOUDY (SCALE 8-10)  3
DPTR FM NORMAL   -65

[CDD (BASE 65) ]
TOTAL THIS MO.     0
DPTR FM NORMAL     0    [PRESSURE DATA]
TOTAL FM JAN 1     0    HIGHEST SLP M ON M
DPTR FM NORMAL     0    LOWEST  SLP 29.58 ON 25

[REMARKS]
