000
CXUS54 KCRP 161300
CF6CRP
PRELIMINARY LOCAL CLIMATOLOGICAL DATA (WS FORM: F-6)

                                          STATION:   CORPUS CHRISTI
                                          MONTH:     AUGUST
                                          YEAR:      2017
                                          LATITUDE:   27 46 N
                                          LONGITUDE:  97 30 W

  TEMPERATURE IN F:       :PCPN:    SNOW:  WIND      :SUNSHINE: SKY     :PK WND
================================================================================
1   2   3   4   5  6A  6B    7    8   9   10  11  12  13   14  15   16   17  18
                                     12Z  AVG MX 2MIN
DY MAX MIN AVG DEP HDD CDD  WTR  SNW DPTH SPD SPD DIR MIN PSBL S-S WX    SPD DR
================================================================================

 1  96  74  85   0   0  20 0.00  0.0    0  6.6 16 100   M    M   4        23  90
 2  97  74  86   1   0  21 0.00  0.0    0  6.7 17 140   M    M   7        22 150
 3  87  77  82  -3   0  17    T  0.0    0  6.5 21  50   M    M   8        25  50
 4  95  78  87   2   0  22 0.01  0.0    0  7.6 18 160   M    M   7        23 140
 5  97  77  87   2   0  22 0.00  0.0    0 12.8 23 150   M    M   6        32 150
 6  97  81  89   4   0  24 0.00  0.0    0 15.7 28 150   M    M   8        35 150
 7  96  82  89   4   0  24 0.30  0.0    0 12.7 22 160   M    M   9 13     28 160
 8  96  76  86   1   0  21    T  0.0    0  6.6 17  80   M    M   7 38     24 170
 9  96  76  86   1   0  21 0.00  0.0    0  7.2 17 110   M    M   5        22  90
10  95  75  85   0   0  20 0.51  0.0    0  5.1 26 220   M    M   4 13     34 220
11  98  74  86   1   0  21 0.00  0.0    0  8.4 20 130   M    M   5        25 130
12  99  75  87   2   0  22 0.00  0.0    0 10.9 22 150   M    M   3 1      29 140
13  98  76  87   2   0  22 0.00  0.0    0 12.9 24 150   M    M   3        29 140
14  97  77  87   2   0  22 0.00  0.0    0 14.4 25 140   M    M   4        32 150
15  96  78  87   2   0  22 0.00  0.0    0 14.5 28 150   M    M   4        35 160
================================================================================
SM 1440 1150         0 321  0.82     0.0 148.6          M       84
================================================================================
AV 96.0 76.7                               9.9 FASTST   M    M   6    MAX(MPH)
                                 MISC ---->  # 28 150               # 35  150
================================================================================
NOTES:
# LAST OF SEVERAL OCCURRENCES

COLUMN 17 PEAK WIND IN M.P.H.

PRELIMINARY LOCAL CLIMATOLOGICAL DATA (WS FORM: F-6) , PAGE 2

                                          STATION:  CORPUS CHRISTI
                                          MONTH:    AUGUST
                                          YEAR:     2017
                                          LATITUDE:   27 46 N
                                          LONGITUDE:  97 30 W

[TEMPERATURE DATA]      [PRECIPITATION DATA]       SYMBOLS USED IN COLUMN 16

AVERAGE MONTHLY: 86.3   TOTAL FOR MONTH:   0.82    1 = FOG OR MIST
DPTR FM NORMAL:   1.3   DPTR FM NORMAL:   -0.17    2 = FOG REDUCING VISIBILITY
HIGHEST:    99 ON 12    GRTST 24HR  0.51 ON 10-10      TO 1/4 MILE OR LESS
LOWEST:     74 ON 11, 2                            3 = THUNDER
                        SNOW, ICE PELLETS, HAIL    4 = ICE PELLETS
                        TOTAL MONTH:   0.0 INCH    5 = HAIL
                        GRTST 24HR     0.0         6 = FREEZING RAIN OR DRIZZLE
                        GRTST DEPTH:   0           7 = DUSTSTORM OR SANDSTORM:
                                                       VSBY 1/2 MILE OR LESS
                                                   8 = SMOKE OR HAZE
[NO. OF DAYS WITH]      [WEATHER - DAYS WITH]      9 = BLOWING SNOW
                                                   X = TORNADO
MAX 32 OR BELOW:   0    0.01 INCH OR MORE:   3
MAX 90 OR ABOVE:  14    0.10 INCH OR MORE:   2
MIN 32 OR BELOW:   0    0.50 INCH OR MORE:   1
MIN  0 OR BELOW:   0    1.00 INCH OR MORE:   0

[HDD (BASE 65) ]
TOTAL THIS MO.     0    CLEAR  (SCALE 0-3)   1
DPTR FM NORMAL     0    PTCLDY (SCALE 4-7)  13
TOTAL FM JUL 1     0    CLOUDY (SCALE 8-10)  1
DPTR FM NORMAL     0

[CDD (BASE 65) ]
TOTAL THIS MO.   321
DPTR FM NORMAL    21    [PRESSURE DATA]
TOTAL FM JAN 1  2688    HIGHEST SLP M ON M
DPTR FM NORMAL   438    LOWEST  SLP 29.77 ON M

[REMARKS]
