000
CXUS54 KCRP 281634
CF6CRP
PRELIMINARY LOCAL CLIMATOLOGICAL DATA (WS FORM: F-6)

                                          STATION:   CORPUS CHRISTI
                                          MONTH:     FEBRUARY
                                          YEAR:      2015
                                          LATITUDE:   27 46 N
                                          LONGITUDE:  97 30 W

  TEMPERATURE IN F:       :PCPN:    SNOW:  WIND      :SUNSHINE: SKY     :PK WND
================================================================================
1   2   3   4   5  6A  6B    7    8   9   10  11  12  13   14  15   16   17  18
                                     12Z  AVG MX 2MIN
DY MAX MIN AVG DEP HDD CDD  WTR  SNW DPTH SPD SPD DIR MIN PSBL S-S WX    SPD DR
================================================================================

 1  81  55  68  10   0   3 0.00  0.0    0 10.5 29  20   M    M   8 12     36  20
 2  59  45  52  -6  13   0    T  0.0    0 12.8 31  20   M    M  10        39  20
 3  48  44  46 -13  19   0 0.74  0.0    0 10.2 20  20   M    M  10 1      23  30
 4  61  47  54  -5  11   0 0.05  0.0    0  8.1 18 360   M    M   9 1      21 360
 5  58  48  53  -6  12   0    T  0.0    0 10.3 23  10   M    M  10 1      27  10
 6  57  46  52  -7  13   0 0.00  0.0    0  5.8 10  20   M    M  10 1      12  20
 7  71  46  59   0   6   0 0.00  0.0    0  8.2 20 150   M    M   5 18     23 160
 8  83  55  69  10   0   4 0.00  0.0    0 12.1 23 200   M    M   3        28 190
 9  83  54  69  10   0   4 0.00  0.0    0  5.3 10 360   M    M   2 12     16  10
10  82  47  65   5   0   0 0.00  0.0    0  6.8 16 140   M    M   1 128    19 120
11  77  49  63   3   2   0 0.00  0.0    0  9.9 22 140   M    M   4 12     27 150
12  71  54  63   3   2   0 0.00  0.0    0 11.4 28  20   M    M   4        33  30
13  69  53  61   1   4   0 0.00  0.0    0  7.4 13 110   M    M   8 1      15 110
14  76  51  64   4   1   0 0.00  0.0    0  6.1 14 100   M    M   5 18     16 230
15  75  60  68   8   0   3 0.01  0.0    0 14.0 24 160   M    M   9 1      29 160
16  77  42  60  -1   5   0    T  0.0    0 16.2 32  10   M    M  10 1      39  10
17  57  39  48 -13  17   0 0.07  0.0    0 10.9 21  10   M    M   7 1      27  20
18  65  32  49 -12  16   0 0.00  0.0    0  6.3 18 170   M    M   0        24 130
19  72  45  59  -2   6   0 0.00  0.0    0 13.5 26 160   M    M   5        33 160
20  77  61  69   8   0   4 0.00  0.0    0 23.2 37 160   M    M   7        44 160
21  80  63  72  10   0   7 0.00  0.0    0 17.5 28 150   M    M   7 1      32 150
22  77  51  64   2   1   0    T  0.0    0 14.9 31  20   M    M  10 1      36  20
23  51  37  44 -18  21   0 0.06  0.0    0 18.7 28  20   M    M  10 1      34  10
24  41  36  39 -23  26   0 0.01  0.0    0  9.7 17 340   M    M  10 1      20 330
25  66  39  53  -9  12   0 0.08  0.0    0 13.3 23 310   M    M   7 1      27 320
26  67  39  53  -9  12   0 0.00  0.0    0 13.1 26  30   M    M   4        32  40
27  55  40  48 -15  17   0    T  0.0    0 18.9 26  30   M    M   9 18     34  50
================================================================================
SM 1836 1278       216  25  1.02     0.0 315.1          M      184
================================================================================
AV 68.0 47.3                              11.7 FASTST   M    M   7    MAX(MPH)
                                 MISC ---->  # 37 160               # 44  160
================================================================================
NOTES:
# LAST OF SEVERAL OCCURRENCES

COLUMN 17 PEAK WIND IN M.P.H.

PRELIMINARY LOCAL CLIMATOLOGICAL DATA (WS FORM: F-6) , PAGE 2

                                          STATION:  CORPUS CHRISTI
                                          MONTH:    FEBRUARY
                                          YEAR:     2015
                                          LATITUDE:   27 46 N
                                          LONGITUDE:  97 30 W

[TEMPERATURE DATA]      [PRECIPITATION DATA]       SYMBOLS USED IN COLUMN 16

AVERAGE MONTHLY: 57.7   TOTAL FOR MONTH:   1.02    1 = FOG OR MIST
DPTR FM NORMAL:  -2.7   DPTR FM NORMAL:   -0.82    2 = FOG REDUCING VISIBILITY
HIGHEST:    83 ON  9, 8 GRTST 24HR  0.74 ON  3- 3      TO 1/4 MILE OR LESS
LOWEST:     32 ON 18                               3 = THUNDER
                        SNOW, ICE PELLETS, HAIL    4 = ICE PELLETS
                        TOTAL MONTH:   0.0 INCH    5 = HAIL
                        GRTST 24HR     0.0         6 = FREEZING RAIN OR DRIZZLE
                        GRTST DEPTH:   0           7 = DUSTSTORM OR SANDSTORM:
                                                       VSBY 1/2 MILE OR LESS
                                                   8 = SMOKE OR HAZE
[NO. OF DAYS WITH]      [WEATHER - DAYS WITH]      9 = BLOWING SNOW
                                                   X = TORNADO
MAX 32 OR BELOW:   0    0.01 INCH OR MORE:   7
MAX 90 OR ABOVE:   0    0.10 INCH OR MORE:   1
MIN 32 OR BELOW:   1    0.50 INCH OR MORE:   1
MIN  0 OR BELOW:   0    1.00 INCH OR MORE:   0

[HDD (BASE 65) ]
TOTAL THIS MO.   216    CLEAR  (SCALE 0-3)   4
DPTR FM NORMAL    46    PTCLDY (SCALE 4-7)  12
TOTAL FM JUL 1   922    CLOUDY (SCALE 8-10) 11
DPTR FM NORMAL   125

[CDD (BASE 65) ]
TOTAL THIS MO.    25
DPTR FM NORMAL   -22    [PRESSURE DATA]
TOTAL FM JAN 1    28    HIGHEST SLP M ON M
DPTR FM NORMAL   -49    LOWEST  SLP 29.80 ON  8

[REMARKS]
