000
CXUS54 KCRP 261300
CF6CRP
PRELIMINARY LOCAL CLIMATOLOGICAL DATA (WS FORM: F-6)

                                          STATION:   CORPUS CHRISTI
                                          MONTH:     MAY
                                          YEAR:      2016
                                          LATITUDE:   27 46 N
                                          LONGITUDE:  97 30 W

  TEMPERATURE IN F:       :PCPN:    SNOW:  WIND      :SUNSHINE: SKY     :PK WND
================================================================================
1   2   3   4   5  6A  6B    7    8   9   10  11  12  13   14  15   16   17  18
                                     12Z  AVG MX 2MIN
DY MAX MIN AVG DEP HDD CDD  WTR  SNW DPTH SPD SPD DIR MIN PSBL S-S WX    SPD DR
================================================================================

 1  90  78  84   8   0  19    T  0.0    0  9.7 18  90   M    M   8 18     21 110
 2  78  66  72  -4   0   7    T  0.0    0 17.1 25 360   M    M  10        31  30
 3  83  64  74  -2   0   9 0.00  0.0    0 10.0 17  30   M    M   7        26  20
 4  90  58  74  -2   0   9 0.00  0.0    0  7.5 18 350   M    M   2        24 360
 5  93  59  76   0   0  11 0.00  0.0    0  4.6 14 100   M    M   4        16 110
 6  88  63  76   0   0  11 0.00  0.0    0  7.5 18 120   M    M   2        23 120
 7  85  64  75  -2   0  10 0.00  0.0    0 14.2 28 150   M    M   5        35 140
 8  83  71  77   0   0  12    T  0.0    0 14.7 26 140   M    M   8        37 120
 9  87  73  80   3   0  15 0.07  0.0    0 17.8 35 140   M    M   7 13     43 140
10  89  74  82   5   0  17 0.00  0.0    0 15.5 26 140   M    M   6 18     33 140
11  90  78  84   6   0  19    T  0.0    0 16.1 26 140   M    M   8 18     33 130
12  88  76  82   4   0  17 0.00  0.0    0 10.5 18 100   M    M   8 18     22 100
13  91  71  81   3   0  16 0.00  0.0    0  8.3 16  90   M    M   6 1      21  90
14  87  72  80   2   0  15    T  0.0    0  6.7 17 130   M    M   8 3      20 220
15  77  71  74  -4   0   9 2.74  0.0    0  8.7 20  70   M    M   8 13     26 100
16  87  72  80   2   0  15 2.27  0.0    0  6.4 20  40   M    M   5 13     23  40
17  88  75  82   3   0  17    T  0.0    0  9.3 21 100   M    M   7 3      24 100
18  84  73  79   0   0  14 0.03  0.0    0 12.0 24  40   M    M   7 3      29  40
19  81  68  75  -4   0  10 0.65  0.0    0 12.7 25  30   M    M   8 13     32  30
20  85  70  78  -1   0  13    T  0.0    0 11.2 17  30   M    M  10        22  30
21  87  78  83   4   0  18 0.04  0.0    0 10.4 17 140   M    M   8 1      21 130
22  89  77  83   4   0  18 0.00  0.0    0 10.2 24  90   M    M   8 1      29  90
23  86  77  82   2   0  17 0.01  0.0    0 12.8 26 130   M    M   8 1      30 130
24  88  78  83   3   0  18 0.00  0.0    0 13.5 22 140   M    M   8        30 150
25  89  79  84   4   0  19    T  0.0    0 13.8 22 130   M    M   8 18     26 130
================================================================================
SM 2163 1785         0 355  5.81     0.0 281.2          M      174
================================================================================
AV 86.5 71.4                              11.2 FASTST   M    M   7    MAX(MPH)
                                 MISC ---->  # 35 140               # 43  140
================================================================================
NOTES:
# LAST OF SEVERAL OCCURRENCES

COLUMN 17 PEAK WIND IN M.P.H.

PRELIMINARY LOCAL CLIMATOLOGICAL DATA (WS FORM: F-6) , PAGE 2

                                          STATION:  CORPUS CHRISTI
                                          MONTH:    MAY
                                          YEAR:     2016
                                          LATITUDE:   27 46 N
                                          LONGITUDE:  97 30 W

[TEMPERATURE DATA]      [PRECIPITATION DATA]       SYMBOLS USED IN COLUMN 16

AVERAGE MONTHLY: 79.0   TOTAL FOR MONTH:   5.81    1 = FOG OR MIST
DPTR FM NORMAL:   1.1   DPTR FM NORMAL:    3.40    2 = FOG REDUCING VISIBILITY
HIGHEST:    93 ON  5    GRTST 24HR  5.01 ON 15-16      TO 1/4 MILE OR LESS
LOWEST:     58 ON  4                               3 = THUNDER
                        SNOW, ICE PELLETS, HAIL    4 = ICE PELLETS
                        TOTAL MONTH:   0.0 INCH    5 = HAIL
                        GRTST 24HR     0.0         6 = FREEZING RAIN OR DRIZZLE
                        GRTST DEPTH:   0           7 = DUSTSTORM OR SANDSTORM:
                                                       VSBY 1/2 MILE OR LESS
                                                   8 = SMOKE OR HAZE
[NO. OF DAYS WITH]      [WEATHER - DAYS WITH]      9 = BLOWING SNOW
                                                   X = TORNADO
MAX 32 OR BELOW:   0    0.01 INCH OR MORE:   7
MAX 90 OR ABOVE:   5    0.10 INCH OR MORE:   3
MIN 32 OR BELOW:   0    0.50 INCH OR MORE:   3
MIN  0 OR BELOW:   0    1.00 INCH OR MORE:   2

[HDD (BASE 65) ]
TOTAL THIS MO.     0    CLEAR  (SCALE 0-3)   2
DPTR FM NORMAL     0    PTCLDY (SCALE 4-7)  17
TOTAL FM JUL 1   640    CLOUDY (SCALE 8-10)  6
DPTR FM NORMAL  -258

[CDD (BASE 65) ]
TOTAL THIS MO.   355
DPTR FM NORMAL    34    [PRESSURE DATA]
TOTAL FM JAN 1   930    HIGHEST SLP M ON M
DPTR FM NORMAL   181    LOWEST  SLP 29.69 ON  9

[REMARKS]
