000
CXUS54 KFWD 260730
CF6CRS
PRELIMINARY LOCAL CLIMATOLOGICAL DATA (WS FORM: F-6)

                                          STATION:   CORSICANA
                                          MONTH:     FEBRUARY
                                          YEAR:      2015
                                          LATITUDE:   32  1 N
                                          LONGITUDE:  96 24 W

  TEMPERATURE IN F:       :PCPN:    SNOW:  WIND      :SUNSHINE: SKY     :PK WND
================================================================================
1   2   3   4   5  6A  6B    7    8   9   10  11  12  13   14  15   16   17  18
                                     12Z  AVG MX 2MIN
DY MAX MIN AVG DEP HDD CDD  WTR  SNW DPTH SPD SPD DIR MIN PSBL S-S WX    SPD DR
================================================================================

 1  66  39  53   4  12   0 0.16  0.0    0 14.9 24 330   M    M   7 1      32 330
 2  43  27  35 -14  30   0 0.00  0.0    0  7.2 21 350   M    M   0        27 350
 3  51  35  43  -6  22   0 0.00  0.0    0  7.8 15 180   M    M   3        18 170
 4  58  42  50   1  15   0 0.01  0.0    0  7.5 18 340   M    M   9 18     23 360
 5  48  33  41  -8  24   0    T  0.0    0 10.0 23 350   M    M  10 18     30 340
 6  56  36  46  -4  19   0 0.00  0.0    0  5.4 13 180   M    M   5 18     17 220
 7  70  43  57   7   8   0 0.00  0.0    0 15.4 25 180   M    M   1 18     33 210
 8  73  52  63  13   2   0 0.00  0.0    0 11.0 24 200   M    M   6 18     33 190
 9  79  47  63  13   2   0 0.00  0.0    0  7.4 17 330   M    M   0 18     22 340
10  77  45  61  11   4   0 0.00  0.0    0  8.2 18 160   M    M   0        21 140
11  73  48  61  11   4   0 0.00  0.0    0  8.5 21 350   M    M   1 128    27  10
12  59  40  50  -1  15   0 0.00  0.0    0 10.6 21 360   M    M   0 8      29 340
13  66  37  52   1  13   0 0.00  0.0    0  7.1 17 230   M    M   0 8      22 240
14  79  41  60   9   5   0 0.00  0.0    0  5.6 12 230   M    M   0 18     15 220
15  71  52  62  11   3   0 0.06  0.0    0 10.1 18 170   M    M   5 1      24 210
16  64  31  48  -4  17   0 0.47    M    0 14.8 31 280   M    M   8 1      37 300
17  51  27  39 -13  26   0 0.02    M    0  6.8 14  10   M    M   4 1      18  10
18  60  32  46  -6  19   0 0.00  0.0    0  4.7 10  60   M    M   0 18     14  50
19  64  35  50  -2  15   0 0.00  0.0    0 10.4 18 160   M    M   1        25 150
20  72  51  62  10   3   0 0.00  0.0    0 16.9 30 190   M    M   9        39 170
21  69  50  60   7   5   0    T  0.0    0 13.4 28 200   M    M   9        37 200
22  50  33  42 -11  23   0 0.50    M    0 11.6 22 360   M    M   9 1      29 360
23  33  28  31 -22  34   0 0.24    M    0 17.0 44  10   M    M  10 16     60  10
24  34  28  31 -22  34   0    T    M    0  2.2  9 330   M    M   9 1      10 320
25  46  32  39 -15  26   0 0.51    M    0  4.5 12 310   M    M   7 1      14 310
================================================================================
SM 1512  964       380   0  1.97     0.0 239.0          M      113
================================================================================
AV 60.5 38.6                               9.6 FASTST   M    M   5    MAX(MPH)
                                 MISC ---->  # 44  10               # 60   10
================================================================================
NOTES:
# LAST OF SEVERAL OCCURRENCES

COLUMN 17 PEAK WIND IN M.P.H.

PRELIMINARY LOCAL CLIMATOLOGICAL DATA (WS FORM: F-6) , PAGE 2

                                          STATION:  CORSICANA
                                          MONTH:    FEBRUARY
                                          YEAR:     2015
                                          LATITUDE:   32  1 N
                                          LONGITUDE:  96 24 W

[TEMPERATURE DATA]      [PRECIPITATION DATA]       SYMBOLS USED IN COLUMN 16

AVERAGE MONTHLY: 49.5   TOTAL FOR MONTH:   1.97    1 = FOG OR MIST
DPTR FM NORMAL:  -1.5   DPTR FM NORMAL:   -1.00    2 = FOG REDUCING VISIBILITY
HIGHEST:    79 ON 14, 9 GRTST 24HR  0.69 ON 22-23      TO 1/4 MILE OR LESS
LOWEST:     27 ON 17, 2                            3 = THUNDER
                        SNOW, ICE PELLETS, HAIL    4 = ICE PELLETS
                        TOTAL MONTH:   0.0 INCH    5 = HAIL
                        GRTST 24HR     0.0         6 = FREEZING RAIN OR DRIZZLE
                        GRTST DEPTH:   0           7 = DUSTSTORM OR SANDSTORM:
                                                       VSBY 1/2 MILE OR LESS
                                                   8 = SMOKE OR HAZE
[NO. OF DAYS WITH]      [WEATHER - DAYS WITH]      9 = BLOWING SNOW
                                                   X = TORNADO
MAX 32 OR BELOW:   0    0.01 INCH OR MORE:   8
MAX 90 OR ABOVE:   0    0.10 INCH OR MORE:   5
MIN 32 OR BELOW:   7    0.50 INCH OR MORE:   2
MIN  0 OR BELOW:   0    1.00 INCH OR MORE:   0

[HDD (BASE 65) ]
TOTAL THIS MO.   380    CLEAR  (SCALE 0-3)  11
DPTR FM NORMAL    23    PTCLDY (SCALE 4-7)   7
TOTAL FM JUL 1  1710    CLOUDY (SCALE 8-10)  7
DPTR FM NORMAL   -27

[CDD (BASE 65) ]
TOTAL THIS MO.     0
DPTR FM NORMAL    -3    [PRESSURE DATA]
TOTAL FM JAN 1     0    HIGHEST SLP M ON M
DPTR FM NORMAL    -6    LOWEST  SLP 29.63 ON 21

[REMARKS]
