000
CXUS51 KRLX 281400
CF6CRW
PRELIMINARY LOCAL CLIMATOLOGICAL DATA (WS FORM: F-6)

                                          STATION:   CHARLESTON WV
                                          MONTH:     MARCH
                                          YEAR:      2015
                                          LATITUDE:   38 22 N
                                          LONGITUDE:  81 36 W

  TEMPERATURE IN F:       :PCPN:    SNOW:  WIND      :SUNSHINE: SKY     :PK WND
================================================================================
1   2   3   4   5  6A  6B    7    8   9   10  11  12  13   14  15   16   17  18
                                     12Z  AVG MX 2MIN
DY MAX MIN AVG DEP HDD CDD  WTR  SNW DPTH SPD SPD DIR MIN PSBL S-S WX    SPD DR
================================================================================

 1  44  29  37  -4  28   0 0.43  0.0    T  3.5 10 270   M    M  10 1      15 280
 2  42  28  35  -6  30   0 0.05  0.0    0  6.4 16 290   M    M   6 1      22 310
 3  64  28  46   4  19   0 0.05    M    0  7.2 23 200   M    M   7 146    35 190
 4  58  32  45   3  20   0 2.03  0.9    0  5.3 15 320   M    M  10 14     20 330
 5  32  17  25 -17  40   0 0.53  8.1    5  6.4 15 300   M    M   9 14     23 340
 6  29   5  17 -25  48   0    T    T    7  1.3  7 270   M    M   3 18     10 260
 7  51  12  32 -11  33   0 0.00  0.0    4  7.2 22 230   M    M   3 1      28 240
 8  56  33  45   2  20   0 0.00  0.0    1  5.2 15 340   M    M   3        20 260
 9  63  34  49   6  16   0 0.00  0.0    0  2.3 12 250   M    M   4        15 280
10  62  40  51   7  14   0 0.99  0.0    0  2.4 13 240   M    M   8 1      16 230
11  62  48  55  11  10   0 0.04  0.0    0  4.3 14 310   M    M   7 1      18 320
12  63  31  47   3  18   0 0.00  0.0    0  5.2 14  70   M    M   2 18     17  70
13  61  44  53   8  12   0 0.47  0.0    0  6.0 21 140   M    M   7 1      24 150
14  57  46  52   7  13   0 0.35  0.0    0  6.1 18 320   M    M   9 1      24 320
15  64  37  51   6  14   0 0.00  0.0    0  6.7 20 320   M    M   1 1      25 280
16  76  38  57  11   8   0 0.00  0.0    0  7.4 23 260   M    M   3        31 310
17  64  38  51   5  14   0 0.00  0.0    0 10.5 24 320   M    M   4        33 320
18  50  29  40  -6  25   0 0.00  0.0    0  2.5 12  20   M    M   4        17  20
19  52  35  44  -3  21   0 0.18  0.0    0  4.6 16 130   M    M   9 1      22 130
20  47  41  44  -3  21   0 0.31  0.0    0  4.2 13 270   M    M  10 1      18 250
21  63  44  54   6  11   0    T  0.0    0  6.6 16 230   M    M   7 1      20 240
22  58  39  49   1  16   0 0.00  0.0    0  4.3 13  10   M    M   5        18  20
23  58  34  46  -2  19   0 0.00  0.0    0  5.8 15  10   M    M   5        20 350
24  55  37  46  -3  19   0    T  0.0    0  3.6  7  10   M    M   9         M  M
25  76  46  61  12   4   0    T  0.0    0  7.3 25 200   M    M   7        39 200
26  74  42  58   9   7   0 0.30  0.0    0  8.2 29 310   M    M   8 1      38 280
27  47  28  38 -12  27   0 0.01    T    0 10.4 20 310   M    M   9        27 300
================================================================================
SM 1528  915       527   0  5.74     9.0 150.9          M      169
================================================================================
AV 56.6 33.9                               5.6 FASTST   M    M   6    MAX(MPH)
                                 MISC ---->  # 29 310               # 39  200
================================================================================
NOTES:
# LAST OF SEVERAL OCCURRENCES

COLUMN 17 PEAK WIND IN M.P.H.

PRELIMINARY LOCAL CLIMATOLOGICAL DATA (WS FORM: F-6) , PAGE 2

                                          STATION:  CHARLESTON WV
                                          MONTH:    MARCH
                                          YEAR:     2015
                                          LATITUDE:   38 22 N
                                          LONGITUDE:  81 36 W

[TEMPERATURE DATA]      [PRECIPITATION DATA]       SYMBOLS USED IN COLUMN 16

AVERAGE MONTHLY: 45.2   TOTAL FOR MONTH:   5.74    1 = FOG OR MIST
DPTR FM NORMAL:   0.1   DPTR FM NORMAL:    2.30    2 = FOG REDUCING VISIBILITY
HIGHEST:    76 ON 25,16 GRTST 24HR  2.03 ON  4- 4      TO 1/4 MILE OR LESS
LOWEST:      5 ON  6                               3 = THUNDER
                        SNOW, ICE PELLETS, HAIL    4 = ICE PELLETS
                        TOTAL MONTH:   9.0 INCHES  5 = HAIL
                        GRTST 24HR   8.1 ON   M    6 = FREEZING RAIN OR DRIZZLE
                        GRTST DEPTH:   7 ON  6     7 = DUSTSTORM OR SANDSTORM:
                                                       VSBY 1/2 MILE OR LESS
                                                   8 = SMOKE OR HAZE
[NO. OF DAYS WITH]      [WEATHER - DAYS WITH]      9 = BLOWING SNOW
                                                   X = TORNADO
MAX 32 OR BELOW:   2    0.01 INCH OR MORE:  13
MAX 90 OR ABOVE:   0    0.10 INCH OR MORE:   9
MIN 32 OR BELOW:  10    0.50 INCH OR MORE:   3
MIN  0 OR BELOW:   0    1.00 INCH OR MORE:   1

[HDD (BASE 65) ]
TOTAL THIS MO.   527    CLEAR  (SCALE 0-3)   6
DPTR FM NORMAL   -13    PTCLDY (SCALE 4-7)  11
TOTAL FM JUL 1  4432    CLOUDY (SCALE 8-10) 10
DPTR FM NORMAL   438

[CDD (BASE 65) ]
TOTAL THIS MO.     0
DPTR FM NORMAL     0    [PRESSURE DATA]
TOTAL FM JAN 1     0    HIGHEST SLP M ON M
DPTR FM NORMAL     0    LOWEST  SLP 29.67 ON 26

[REMARKS]
