000
CXUS52 KFFC 231110
CF6CSG
PRELIMINARY LOCAL CLIMATOLOGICAL DATA (WS FORM: F-6)

                                          STATION:   COLUMBUS
                                          MONTH:     MAY
                                          YEAR:      2015
                                          LATITUDE:   32 31 N
                                          LONGITUDE:  84 56 W

  TEMPERATURE IN F:       :PCPN:    SNOW:  WIND      :SUNSHINE: SKY     :PK WND
================================================================================
1   2   3   4   5  6A  6B    7    8   9   10  11  12  13   14  15   16   17  18
                                     12Z  AVG MX 2MIN
DY MAX MIN AVG DEP HDD CDD  WTR  SNW DPTH SPD SPD DIR MIN PSBL S-S WX    SPD DR
================================================================================

 1  75  52  64  -5   1   0 0.00  0.0    0  6.8 17 330   M    M   1        22 330
 2  78  49  64  -5   1   0 0.00  0.0    0  1.1 10 270   M    M   0        16 240
 3  81  52  67  -2   0   2 0.00  0.0    0  2.3 13 230   M    M   1        17 200
 4  82  55  69  -1   0   4 0.00  0.0    0  3.3 14 120   M    M   2        17 130
 5  82  57  70   0   0   5 0.00  0.0    0  5.9 18 100   M    M   1        25  90
 6  83  57  70   0   0   5 0.00  0.0    0  4.3 15  80   M    M   1        20  70
 7  87  55  71   1   0   6 0.00  0.0    0  3.2 14 110   M    M   0        22 140
 8  88  59  74   3   0   9 0.00  0.0    0  2.5  9  60   M    M   1        14  70
 9  89  64  77   6   0  12 0.00  0.0    0  3.6 12 110   M    M   1        16 110
10  91  66  79   8   0  14 0.00  0.0    0  2.3 10 130   M    M   2        14  30
11  90  66  78   6   0  13 0.00  0.0    0  3.9 16 260   M    M   0        21 260
12  85  67  76   4   0  11    T  0.0    0  4.2 13 300   M    M   1        16 320
13  88  65  77   5   0  12 0.00  0.0    0  4.3 13 280   M    M   0        17 280
14  90  58  74   2   0   9 0.57  0.0    0  5.6 25 200   M    M   3 138    32 200
15  83  67  75   2   0  10 0.02  0.0    0  6.2 17 250   M    M   5 1      22 220
16  86  66  76   3   0  11 0.00  0.0    0  6.7 14 160   M    M   3        17 160
17  88  68  78   5   0  13    T  0.0    0  5.4 17 290   M    M   4 3      23 290
18  90  70  80   6   0  15 0.07  0.0    0  4.5 13 270   M    M   2 13     17 230
19  90  70  80   6   0  15 0.06  0.0    0  3.2 15 320   M    M   3 38     20 320
20  90  67  79   5   0  14 0.00  0.0    0  6.3 20 300   M    M   1        24 290
21  86  63  75   1   0  10 0.00  0.0    0 11.0 22 310   M    M   2        29 320
22  82  55  69  -6   0   4 0.00  0.0    0  4.2 10  60   M    M   0        17  30
================================================================================
SM 1884 1348         2 194  0.72     0.0 100.8          M       34
================================================================================
AV 85.6 61.3                               4.6 FASTST   M    M   2    MAX(MPH)
                                 MISC ---->  # 25 200               # 32  200
================================================================================
NOTES:
# LAST OF SEVERAL OCCURRENCES

COLUMN 17 PEAK WIND IN M.P.H.

PRELIMINARY LOCAL CLIMATOLOGICAL DATA (WS FORM: F-6) , PAGE 2

                                          STATION:  COLUMBUS
                                          MONTH:    MAY
                                          YEAR:     2015
                                          LATITUDE:   32 31 N
                                          LONGITUDE:  84 56 W

[TEMPERATURE DATA]      [PRECIPITATION DATA]       SYMBOLS USED IN COLUMN 16

AVERAGE MONTHLY: 73.5   TOTAL FOR MONTH:   0.72    1 = FOG OR MIST
DPTR FM NORMAL:   1.7   DPTR FM NORMAL:   -1.52    2 = FOG REDUCING VISIBILITY
HIGHEST:    91 ON 10    GRTST 24HR  0.59 ON 14-15      TO 1/4 MILE OR LESS
LOWEST:     49 ON  2                               3 = THUNDER
                        SNOW, ICE PELLETS, HAIL    4 = ICE PELLETS
                        TOTAL MONTH:   0.0 INCH    5 = HAIL
                        GRTST 24HR     0.0         6 = FREEZING RAIN OR DRIZZLE
                        GRTST DEPTH:   0           7 = DUSTSTORM OR SANDSTORM:
                                                       VSBY 1/2 MILE OR LESS
                                                   8 = SMOKE OR HAZE
[NO. OF DAYS WITH]      [WEATHER - DAYS WITH]      9 = BLOWING SNOW
                                                   X = TORNADO
MAX 32 OR BELOW:   0    0.01 INCH OR MORE:   4
MAX 90 OR ABOVE:   6    0.10 INCH OR MORE:   1
MIN 32 OR BELOW:   0    0.50 INCH OR MORE:   1
MIN  0 OR BELOW:   0    1.00 INCH OR MORE:   0

[HDD (BASE 65) ]
TOTAL THIS MO.     2    CLEAR  (SCALE 0-3)  20
DPTR FM NORMAL    -4    PTCLDY (SCALE 4-7)   2
TOTAL FM JUL 1  2212    CLOUDY (SCALE 8-10)  0
DPTR FM NORMAL    94

[CDD (BASE 65) ]
TOTAL THIS MO.   194
DPTR FM NORMAL    39    [PRESSURE DATA]
TOTAL FM JAN 1   343    HIGHEST SLP M ON M
DPTR FM NORMAL    84    LOWEST  SLP 29.85 ON M

[REMARKS]
