000
CXUS55 KOHX 161010
CF6CSV
PRELIMINARY LOCAL CLIMATOLOGICAL DATA (WS FORM: F-6)

                                          STATION:   CROSSVILLE
                                          MONTH:     SEPTEMBER
                                          YEAR:      2014
                                          LATITUDE:   35 57 N
                                          LONGITUDE:  85  5 W

  TEMPERATURE IN F:       :PCPN:    SNOW:  WIND      :SUNSHINE: SKY     :PK WND
================================================================================
1   2   3   4   5  6A  6B    7    8   9   10  11  12  13   14  15   16   17  18
                                     12Z  AVG MX 2MIN
DY MAX MIN AVG DEP HDD CDD  WTR  SNW DPTH SPD SPD DIR MIN PSBL S-S WX    SPD DR
================================================================================

 1  86  68  77   5   0  12 0.00    M    M  3.4 14 250   M    M   2 1      22 220
 2  86  68  77   5   0  12 0.96    M    M  4.9 20 270   M    M   3 13     28 300
 3  79  68  74   3   0   9 0.02    M    M  1.6  9 130   M    M   5 13     14 130
 4  83  70  77   6   0  12 0.00    M    M  2.7 12 170   M    M   5 1      18 170
 5  82  67  75   4   0  10 0.79    M    M  1.2 10  70   M    M   2 12     12  80
 6  84  67  76   5   0  11 0.01    M    M  2.5 23 360   M    M   1 138    33 360
 7  77  67  72   2   0   7 0.00    M    M  6.5 13  20   M    M   9 18     19  20
 8  81  65  73   3   0   8 0.06    M    M  1.7  9 350   M    M   7 1238   11 130
 9  82  68  75   5   0  10 0.00    M    M  4.1  9 190   M    M   5 12     15 190
10  81  72  77   8   0  12 0.00    M    M  8.0 16 170   M    M   5 18     25 170
11  83  71  77   8   0  12 0.14    M    M  4.2 17 320   M    M   7 13     21 270
12  78  67  73   4   0   8 0.00    M    M  4.6 10  30   M    M  10 1      13  50
13  68  58  63  -5   2   0 0.00    M    M  7.6 16  30   M    M  10 18     23  10
14  77  56  67  -1   0   2 0.00    M    M  3.9  9  60   M    M   5 128    13 320
15  78  61  70   2   0   5    T    M    M  1.8 12 290   M    M   6 128    15 300
================================================================================
SM 1205  993         2 130  1.98    M     58.7          M       82
================================================================================
AV 80.3 66.2                               3.9 FASTST   M    M   5    MAX(MPH)
                                 MISC ---->  # 23 360               # 33  360
================================================================================
NOTES:
# LAST OF SEVERAL OCCURRENCES

COLUMN 17 PEAK WIND IN M.P.H.

PRELIMINARY LOCAL CLIMATOLOGICAL DATA (WS FORM: F-6) , PAGE 2

                                          STATION:  CROSSVILLE
                                          MONTH:    SEPTEMBER
                                          YEAR:     2014
                                          LATITUDE:   35 57 N
                                          LONGITUDE:  85  5 W

[TEMPERATURE DATA]      [PRECIPITATION DATA]       SYMBOLS USED IN COLUMN 16

AVERAGE MONTHLY: 73.3   TOTAL FOR MONTH:   1.98    1 = FOG OR MIST
DPTR FM NORMAL:   3.3   DPTR FM NORMAL:    0.08    2 = FOG REDUCING VISIBILITY
HIGHEST:    86 ON  2, 1 GRTST 24HR  0.98 ON  2- 3      TO 1/4 MILE OR LESS
LOWEST:     56 ON 14                               3 = THUNDER
                        SNOW, ICE PELLETS, HAIL    4 = ICE PELLETS
                        TOTAL MONTH:    M          5 = HAIL
                        GRTST 24HR    M  ON   M    6 = FREEZING RAIN OR DRIZZLE
                        GRTST DEPTH:  M  ON   M    7 = DUSTSTORM OR SANDSTORM:
                                                       VSBY 1/2 MILE OR LESS
                                                   8 = SMOKE OR HAZE
[NO. OF DAYS WITH]      [WEATHER - DAYS WITH]      9 = BLOWING SNOW
                                                   X = TORNADO
MAX 32 OR BELOW:   0    0.01 INCH OR MORE:   6
MAX 90 OR ABOVE:   0    0.10 INCH OR MORE:   3
MIN 32 OR BELOW:   0    0.50 INCH OR MORE:   2
MIN  0 OR BELOW:   0    1.00 INCH OR MORE:   0

[HDD (BASE 65) ]
TOTAL THIS MO.     2    CLEAR  (SCALE 0-3)   4
DPTR FM NORMAL    -5    PTCLDY (SCALE 4-7)   8
TOTAL FM JUL 1     3    CLOUDY (SCALE 8-10)  3
DPTR FM NORMAL    -6

[CDD (BASE 65) ]
TOTAL THIS MO.   130
DPTR FM NORMAL    49    [PRESSURE DATA]
TOTAL FM JAN 1   964    HIGHEST SLP M ON M
DPTR FM NORMAL    31    LOWEST  SLP 29.92 ON 10

[REMARKS]
