000
CXUS55 KOHX 281010
CF6CSV
PRELIMINARY LOCAL CLIMATOLOGICAL DATA (WS FORM: F-6)

                                          STATION:   CROSSVILLE
                                          MONTH:     AUGUST
                                          YEAR:      2016
                                          LATITUDE:   35 57 N
                                          LONGITUDE:  85  5 W

  TEMPERATURE IN F:       :PCPN:    SNOW:  WIND      :SUNSHINE: SKY     :PK WND
================================================================================
1   2   3   4   5  6A  6B    7    8   9   10  11  12  13   14  15   16   17  18
                                     12Z  AVG MX 2MIN
DY MAX MIN AVG DEP HDD CDD  WTR  SNW DPTH SPD SPD DIR MIN PSBL S-S WX    SPD DR
================================================================================

 1  86  66  76   1   0  11 0.01    M    M  4.0 16 260   M    M   2 18     20 270
 2  85  68  77   2   0  12 0.02    M    M  5.8 14 320   M    M   3 1      19 250
 3  88  65  77   2   0  12 0.00    M    M  1.8 10  10   M    M   2 1      13  10
 4  85  66  76   2   0  11    T    M    M  2.9 10 260   M    M   3 13     13 270
 5  88  70  79   5   0  14 0.00    M    M  4.9 15 270   M    M   2        21 260
 6  89  69  79   5   0  14 0.27    M    M  3.3 18 270   M    M   4 13     22 280
 7  84  68  76   2   0  11 0.00    M    M  4.2 14  40   M    M   8 12     20  30
 8  83  68  76   2   0  11 0.43    M    M  1.7 13 290   M    M   5 13     15 290
 9  86  70  78   4   0  13 0.00    M    M  4.2 14 140   M    M   5 1      22 150
10  85  70  78   4   0  13 0.00    M    M  3.4 12 110   M    M   5        18 150
11  85  72  79   5   0  14 0.00    M    M  4.2 13 150   M    M   6        22 160
12  89  70  80   6   0  15 0.00    M    M  5.0 14 170   M    M   3        23 170
13  84  69  77   3   0  12 0.00    M    M  4.8 14 190   M    M   5        20 160
14  90  66  78   4   0  13 0.00    M    M  4.0 14 190   M    M   2 3      23 150
15  88  66  77   3   0  12    T    M    M  5.1 14 210   M    M   2        22 180
16  91  69  80   6   0  15 0.31    M    M  3.4 16 100   M    M   3 138    21 100
17  87  68  78   4   0  13 0.05    M    M  4.4 18 270   M    M   1 1      24 270
18  82  66  74   0   0   9 1.26  0.0    0  1.9 22 280   M    M   3 138    26 270
19  75  68  72  -2   0   7 0.17  0.0    0  0.7  6 180   M    M   7 12      9 200
20  82  68  75   1   0  10 0.21  0.0    0  5.9 14 250   M    M   7 138    20 260
21  77  63  70  -4   0   5 0.32    M    M  5.4 12 320   M    M   7 1      20 250
22  79  56  68  -6   0   3 0.00    M    M  2.5  9  40   M    M   0 1      12  40
23  81  56  69  -5   0   4 0.00    M    M  2.9 12 260   M    M   1 1      17 230
24  85  65  75   2   0  10 0.00    M    M  2.9  9 190   M    M   2 1      15 160
25  90  68  79   6   0  14 0.00    M    M  2.6 13  60   M    M   2 1      17 270
26  90  67  79   6   0  14 0.00    M    M  3.2 15  60   M    M   0 1      19  50
27  90  68  79   6   0  14 0.00    M    M  2.7  9 270   M    M   1 1      14 170
================================================================================
SM 2304 1805         0 306  3.05     0.0  97.8          M       91
================================================================================
AV 85.3 66.9                               3.6 FASTST   M    M   3    MAX(MPH)
                                 MISC ---->  # 22 280               # 26  270
================================================================================
NOTES:
# LAST OF SEVERAL OCCURRENCES

COLUMN 17 PEAK WIND IN M.P.H.

PRELIMINARY LOCAL CLIMATOLOGICAL DATA (WS FORM: F-6) , PAGE 2

                                          STATION:  CROSSVILLE
                                          MONTH:    AUGUST
                                          YEAR:     2016
                                          LATITUDE:   35 57 N
                                          LONGITUDE:  85  5 W

[TEMPERATURE DATA]      [PRECIPITATION DATA]       SYMBOLS USED IN COLUMN 16

AVERAGE MONTHLY: 76.1   TOTAL FOR MONTH:   3.05    1 = FOG OR MIST
DPTR FM NORMAL:   2.1   DPTR FM NORMAL:   -0.49    2 = FOG REDUCING VISIBILITY
HIGHEST:    91 ON 16    GRTST 24HR  1.26 ON 18-18      TO 1/4 MILE OR LESS
LOWEST:     56 ON 23,22                            3 = THUNDER
                        SNOW, ICE PELLETS, HAIL    4 = ICE PELLETS
                        TOTAL MONTH:   0.0 INCH    5 = HAIL
                        GRTST 24HR     0.0         6 = FREEZING RAIN OR DRIZZLE
                        GRTST DEPTH:   0           7 = DUSTSTORM OR SANDSTORM:
                                                       VSBY 1/2 MILE OR LESS
                                                   8 = SMOKE OR HAZE
[NO. OF DAYS WITH]      [WEATHER - DAYS WITH]      9 = BLOWING SNOW
                                                   X = TORNADO
MAX 32 OR BELOW:   0    0.01 INCH OR MORE:  10
MAX 90 OR ABOVE:   5    0.10 INCH OR MORE:   7
MIN 32 OR BELOW:   0    0.50 INCH OR MORE:   1
MIN  0 OR BELOW:   0    1.00 INCH OR MORE:   1

[HDD (BASE 65) ]
TOTAL THIS MO.     0    CLEAR  (SCALE 0-3)  15
DPTR FM NORMAL     0    PTCLDY (SCALE 4-7)  12
TOTAL FM JUL 1     0    CLOUDY (SCALE 8-10)  0
DPTR FM NORMAL     0

[CDD (BASE 65) ]
TOTAL THIS MO.   306
DPTR FM NORMAL    59    [PRESSURE DATA]
TOTAL FM JAN 1  1028    HIGHEST SLP M ON M
DPTR FM NORMAL   205    LOWEST  SLP 29.84 ON 20

[REMARKS]
