000
CXUS55 KOHX 221010
CF6CSV
PRELIMINARY LOCAL CLIMATOLOGICAL DATA (WS FORM: F-6)

                                          STATION:   CROSSVILLE
                                          MONTH:     JULY
                                          YEAR:      2014
                                          LATITUDE:   35 57 N
                                          LONGITUDE:  85  5 W

  TEMPERATURE IN F:       :PCPN:    SNOW:  WIND      :SUNSHINE: SKY     :PK WND
================================================================================
1   2   3   4   5  6A  6B    7    8   9   10  11  12  13   14  15   16   17  18
                                     12Z  AVG MX 2MIN
DY MAX MIN AVG DEP HDD CDD  WTR  SNW DPTH SPD SPD DIR MIN PSBL S-S WX    SPD DR
================================================================================

 1  85  70  78   4   0  13 0.00    M    M  4.9 14 270   M    M   3 1      19 270
 2  84  67  76   2   0  11 0.00    M    M  4.6 12 290   M    M   1        16 260
 3  77  61  69  -5   0   4 0.00    M    M  7.5 15 310   M    M   3        22 360
 4  77  59  68  -6   0   3 0.00    M    M  7.3 16  10   M    M   0        26  30
 5  81  54  68  -6   0   3 0.00    M    M  2.3 10 130   M    M   1        15 110
 6  82  60  71  -3   0   6 0.00    M    M  2.9 10 170   M    M   2        16 150
 7  83  64  74   0   0   9 0.00    M    M  4.9 18 270   M    M   1 18     23 270
 8  83  71  77   2   0  12 0.23    M    M  8.0 15 250   M    M   3 38     30 280
 9  78  68  73  -2   0   8 1.05    M    M  4.5 21 270   M    M   7 1238   31 270
10  82  65  74  -1   0   9 0.00    M    M  3.0 13 320   M    M   4 128    18 340
11  86  62  74  -1   0   9 0.00    M    M  2.1  9  50   M    M   0 18     14  70
12  86  63  75   0   0  10 0.00    M    M  1.3 10 180   M    M   1 18     19 200
13  84  68  76   1   0  11    T    M    M  3.1 14 240   M    M   2 138    20 240
14  86  68  77   2   0  12 0.04    M    M  7.2 32 290   M    M   3 138    40 270
15  77  59  68  -7   0   3 0.01    M    M  7.7 16 320   M    M   6        22 280
16  75  55  65 -10   0   0 0.00    M    M  4.8 13  20   M    M   2        16 360
17  78  53  66  -9   0   1 0.00    M    M  3.8 13  60   M    M   2        17  30
18  70  61  66  -9   0   1 0.37    M    M  1.2 12 170   M    M   9 1      20 130
19  73  64  69  -6   0   4 1.13    M    M  4.0  9 140   M    M  10 18     14 140
20  80  68  74  -1   0   9 0.00  0.0    0  3.9 10 160   M    M   8 18     16 200
21  82  66  74  -1   0   9 0.83  0.0    0  1.6 10  90   M    M   5 1      25 330
================================================================================
SM 1689 1326         0 147  3.66     0.0  90.6          M       73
================================================================================
AV 80.4 63.1                               4.3 FASTST   M    M   3    MAX(MPH)
                                 MISC ---->  # 32 290               # 40  270
================================================================================
NOTES:
# LAST OF SEVERAL OCCURRENCES

COLUMN 17 PEAK WIND IN M.P.H.

PRELIMINARY LOCAL CLIMATOLOGICAL DATA (WS FORM: F-6) , PAGE 2

                                          STATION:  CROSSVILLE
                                          MONTH:    JULY
                                          YEAR:     2014
                                          LATITUDE:   35 57 N
                                          LONGITUDE:  85  5 W

[TEMPERATURE DATA]      [PRECIPITATION DATA]       SYMBOLS USED IN COLUMN 16

AVERAGE MONTHLY: 71.8   TOTAL FOR MONTH:   3.66    1 = FOG OR MIST
DPTR FM NORMAL:  -2.9   DPTR FM NORMAL:    0.18    2 = FOG REDUCING VISIBILITY
HIGHEST:    86 ON 14,12 GRTST 24HR  1.43 ON 18-19      TO 1/4 MILE OR LESS
LOWEST:     53 ON 17                               3 = THUNDER
                        SNOW, ICE PELLETS, HAIL    4 = ICE PELLETS
                        TOTAL MONTH:   0.0 INCH    5 = HAIL
                        GRTST 24HR     0.0         6 = FREEZING RAIN OR DRIZZLE
                        GRTST DEPTH:   0           7 = DUSTSTORM OR SANDSTORM:
                                                       VSBY 1/2 MILE OR LESS
                                                   8 = SMOKE OR HAZE
[NO. OF DAYS WITH]      [WEATHER - DAYS WITH]      9 = BLOWING SNOW
                                                   X = TORNADO
MAX 32 OR BELOW:   0    0.01 INCH OR MORE:   7
MAX 90 OR ABOVE:   0    0.10 INCH OR MORE:   5
MIN 32 OR BELOW:   0    0.50 INCH OR MORE:   3
MIN  0 OR BELOW:   0    1.00 INCH OR MORE:   2

[HDD (BASE 65) ]
TOTAL THIS MO.     0    CLEAR  (SCALE 0-3)  12
DPTR FM NORMAL     0    PTCLDY (SCALE 4-7)   7
TOTAL FM JUL 1     0    CLOUDY (SCALE 8-10)  2
DPTR FM NORMAL     0

[CDD (BASE 65) ]
TOTAL THIS MO.   147
DPTR FM NORMAL   -57    [PRESSURE DATA]
TOTAL FM JAN 1   493    HIGHEST SLP M ON M
DPTR FM NORMAL    11    LOWEST  SLP 29.87 ON M

[REMARKS]
