000
CXUS56 KTFX 301205
CF6CTB
PRELIMINARY LOCAL CLIMATOLOGICAL DATA (WS FORM: F-6)

                                          STATION:   CUT BANK MT
                                          MONTH:     SEPTEMBER
                                          YEAR:      2014
                                          LATITUDE:   48 37 N
                                          LONGITUDE: 112 23 W

  TEMPERATURE IN F:       :PCPN:    SNOW:  WIND      :SUNSHINE: SKY     :PK WND
================================================================================
1   2   3   4   5  6A  6B    7    8   9   10  11  12  13   14  15   16   17  18
                                     12Z  AVG MX 2MIN
DY MAX MIN AVG DEP HDD CDD  WTR  SNW DPTH SPD SPD DIR MIN PSBL S-S WX    SPD DR
================================================================================

 1  68  47  58  -1   7   0 0.00    M    0 18.2 35 250   M    M   1        43 240
 2  72  48  60   1   5   0 0.00    M    0 13.8 24 250   M    M   2        29 250
 3  55  43  49  -9  16   0 0.09    M    0 15.8 32 330   M    M   7 1      38 330
 4  67  37  52  -6  13   0 0.00    M    0  8.4 15 270   M    M   1        20 220
 5  70  37  54  -4  11   0 0.00    M    0  6.6 16 330   M    M   0        18 330
 6  77  42  60   3   5   0 0.00    M    0  4.8 13 170   M    M   0        23 150
 7  82  38  60   3   5   0 0.00    M    0 10.8 26 250   M    M   0        32 250
 8  60  34  47  -9  18   0 0.00    M    0 15.0 29 340   M    M   5        35 350
 9  39  33  36 -20  29   0 0.05    M    0 10.8 23 330   M    M  10 1      30 340
10  38  32  35 -21  30   0 0.47    M    T 11.3 20  30   M    M   9 1      24  30
11  46  31  39 -16  26   0    T    M    1  8.6 18  30   M    M   5 1      22 190
12  61  23  42 -13  23   0 0.00    M    0  7.5 26  10   M    M   1        30 360
13  57  34  46  -9  19   0 0.00    M    0  7.1 15 320   M    M   3        32 330
14  67  29  48  -6  17   0 0.00    M    0  4.2 10 330   M    M   0        13 320
15  78  32  55   1  10   0 0.00    M    0  4.7 17 250   M    M   0        21 240
16  84  37  61   7   4   0 0.00    M    0  6.5 22 250   M    M   0        25 250
17  84  47  66  13   0   1 0.00    M    0  5.1 12 290   M    M   0        14 290
18  79  52  66  13   0   1 0.00    M    0 10.9 32 260   M    M   2 8      39 250
19  74  53  64  11   1   0 0.00    M    0 17.7 35 270   M    M   0        43 260
20  74  45  60   8   5   0 0.00    M    0  5.9 20  30   M    M   0        25  40
21  78  38  58   6   7   0 0.00    M    0  7.6 20 140   M    M   0        24 140
22  86  40  63  11   2   0 0.00    M    0  6.7 17 230   M    M   0        22 250
23  79  56  68  17   0   3 0.00    M    0 11.3 28 210   M    M   3        33 210
24  88  49  69  18   0   4 0.00    M    0 11.9 31 240   M    M   0        39 220
25  90  43  67  17   0   2 0.00    M    0  9.2 21 310   M    M   0        26 300
26  69  47  58   8   7   0    T    M    0 16.7 36 250   M    M   1        43 250
27  54  42  48  -2  17   0 0.01    M    0 10.5 20  10   M    M   7        23  10
28  52  45  49  -1  16   0 0.00    M    0 10.6 16 120   M    M  10        20 140
29  66  44  55   6  10   0 0.00    M    0 13.4 23 240   M    M   7 12     29 240
================================================================================
SM 1994 1178       303  11  0.62    M    291.6          M       74
================================================================================
AV 68.8 40.6                              10.1 FASTST   M    M   3    MAX(MPH)
                                 MISC ---->  # 36 250               # 43  240
================================================================================
NOTES:
# LAST OF SEVERAL OCCURRENCES

COLUMN 17 PEAK WIND IN M.P.H.

PRELIMINARY LOCAL CLIMATOLOGICAL DATA (WS FORM: F-6) , PAGE 2

                                          STATION:  CUT BANK MT
                                          MONTH:    SEPTEMBER
                                          YEAR:     2014
                                          LATITUDE:   48 37 N
                                          LONGITUDE: 112 23 W

[TEMPERATURE DATA]      [PRECIPITATION DATA]       SYMBOLS USED IN COLUMN 16

AVERAGE MONTHLY: 54.7   TOTAL FOR MONTH:   0.62    1 = FOG OR MIST
DPTR FM NORMAL:   0.7   DPTR FM NORMAL:   -0.57    2 = FOG REDUCING VISIBILITY
HIGHEST:    90 ON 25    GRTST 24HR  0.48 ON  9-10      TO 1/4 MILE OR LESS
LOWEST:     23 ON 12                               3 = THUNDER
                        SNOW, ICE PELLETS, HAIL    4 = ICE PELLETS
                        TOTAL MONTH:    M          5 = HAIL
                        GRTST 24HR    M  ON   M    6 = FREEZING RAIN OR DRIZZLE
                        GRTST DEPTH:   1 ON 11     7 = DUSTSTORM OR SANDSTORM:
                                                       VSBY 1/2 MILE OR LESS
                                                   8 = SMOKE OR HAZE
[NO. OF DAYS WITH]      [WEATHER - DAYS WITH]      9 = BLOWING SNOW
                                                   X = TORNADO
MAX 32 OR BELOW:   0    0.01 INCH OR MORE:   4
MAX 90 OR ABOVE:   1    0.10 INCH OR MORE:   1
MIN 32 OR BELOW:   5    0.50 INCH OR MORE:   0
MIN  0 OR BELOW:   0    1.00 INCH OR MORE:   0

[HDD (BASE 65) ]
TOTAL THIS MO.   303    CLEAR  (SCALE 0-3)  20
DPTR FM NORMAL   -26    PTCLDY (SCALE 4-7)   6
TOTAL FM JUL 1   400    CLOUDY (SCALE 8-10)  3
DPTR FM NORMAL  -123

[CDD (BASE 65) ]
TOTAL THIS MO.    11
DPTR FM NORMAL     5    [PRESSURE DATA]
TOTAL FM JAN 1   208    HIGHEST SLP M ON M
DPTR FM NORMAL    49    LOWEST  SLP 29.57 ON  3

[REMARKS]
