000
CXUS52 KTAE 010655
CF6CTY
PRELIMINARY LOCAL CLIMATOLOGICAL DATA (WS FORM: F-6)

                                          STATION:   CROSS CITY
                                          MONTH:     FEBRUARY
                                          YEAR:      2015
                                          LATITUDE:   29 37 N
                                          LONGITUDE:  83  6 W

  TEMPERATURE IN F:       :PCPN:    SNOW:  WIND      :SUNSHINE: SKY     :PK WND
================================================================================
1   2   3   4   5  6A  6B    7    8   9   10  11  12  13   14  15   16   17  18
                                     12Z  AVG MX 2MIN
DY MAX MIN AVG DEP HDD CDD  WTR  SNW DPTH SPD SPD DIR MIN PSBL S-S WX    SPD DR
================================================================================

 1  75  38  57   2   8   0 0.00  0.0    0  7.5 20 180   M    M   0        28 190
 2  68  40  54  -1  11   0 0.43  0.0    0 11.2 24 190   M    M   0        32 200
 3  57  33  45 -10  20   0 0.00  0.0    0  5.7 12  20   M    M   0        17  20
 4  56  48  52  -3  13   0 0.62  0.0    0  4.7 12  10   M    M   0        17 110
 5  68  48  58   2   7   0 0.11  0.0    0  8.1 18  10   M    M   0        25 360
 6  63  35  49  -7  16   0 0.00  0.0    0  6.0 15  30   M    M   0        19  30
 7  71  32  52  -4  13   0 0.00  0.0    0  2.1  9 240   M    M   0        12 160
 8  73  37  55  -1  10   0 0.00  0.0    0  3.3 15 170   M    M   0        17 180
 9  64  40  52  -4  13   0 0.11  0.0    0  1.5  9 190   M    M   0        11 170
10  61  42  52  -4  13   0 0.00  0.0    0  6.9 14  10   M    M   0        20  10
11  68  35  52  -4  13   0 0.00  0.0    0  4.0 13 260   M    M   0        18 240
12  69  37  53  -3  12   0 0.00  0.0    0  5.9 21 260   M    M   0        27 290
13  56  29  43 -14  22   0 0.00  0.0    0  5.6 15  20   M    M   0        20  10
14  63  28  46 -11  19   0 0.00  0.0    0  5.1 17 260   M    M   0        24 260
15  72  44  58   1   7   0 0.00  0.0    0  5.2 14 340   M    M   0        19 350
16  72  46  59   2   6   0 0.00  0.0    0  9.6 23 200   M    M   0        30 180
17  66  46  56  -1   9   0 0.97  0.0    0  8.8 22 200   M    M   0        33 200
18  56  33  45 -12  20   0 0.00  0.0    0  8.2 18 280   M    M   0        25 280
19  48  25  37 -21  28   0 0.00  0.0    0  8.5 18 340   M    M   0        25 300
20  55  22  39 -19  26   0 0.00  0.0    0  3.8 13  30   M    M   0        17  40
21  73  30  52  -6  13   0 0.00  0.0    0  5.4 21 170   M    M   0        29 170
22  78  46  62   4   3   0 0.00  0.0    0  4.7 16 230   M    M   0        22 170
23  74  54  64   6   1   0 0.00  0.0    0  4.1 15 270   M    M   0        18 270
24  66  53  60   2   5   0 0.02  0.0    0  5.1 16 260   M    M   0        28  10
25  71  52  62   3   3   0 0.01  0.0    0 10.3 32 210   M    M   0        49 210
26  71  50  61   2   4   0 0.48  0.0    0  9.2 31 210   M    M   0        44 210
27  57  46  52  -7  13   0 0.00  0.0    0  9.6 17  20   M    M   0        24  10
28  59  48  54  -5  11   0 0.28  0.0    0  8.7 14  50   M    M   0        23  60
================================================================================
SM 1830 1117       339   0  3.03     0.0 178.8          M        0
================================================================================
AV 65.4 39.9                               6.4 FASTST   M    M   0    MAX(MPH)
                                 MISC ---->  # 32 210               # 49  210
================================================================================
NOTES:
# LAST OF SEVERAL OCCURRENCES

COLUMN 17 PEAK WIND IN M.P.H.

PRELIMINARY LOCAL CLIMATOLOGICAL DATA (WS FORM: F-6) , PAGE 2

                                          STATION:  CROSS CITY
                                          MONTH:    FEBRUARY
                                          YEAR:     2015
                                          LATITUDE:   29 37 N
                                          LONGITUDE:  83  6 W

[TEMPERATURE DATA]      [PRECIPITATION DATA]       SYMBOLS USED IN COLUMN 16

AVERAGE MONTHLY: 52.6   TOTAL FOR MONTH:   3.03    1 = FOG OR MIST
DPTR FM NORMAL:  -4.3   DPTR FM NORMAL:   -0.24    2 = FOG REDUCING VISIBILITY
HIGHEST:    78 ON 22    GRTST 24HR  0.97 ON 17-17      TO 1/4 MILE OR LESS
LOWEST:     22 ON 20                               3 = THUNDER
                        SNOW, ICE PELLETS, HAIL    4 = ICE PELLETS
                        TOTAL MONTH:   0.0 INCH    5 = HAIL
                        GRTST 24HR     0.0         6 = FREEZING RAIN OR DRIZZLE
                        GRTST DEPTH:   0           7 = DUSTSTORM OR SANDSTORM:
                                                       VSBY 1/2 MILE OR LESS
                                                   8 = SMOKE OR HAZE
[NO. OF DAYS WITH]      [WEATHER - DAYS WITH]      9 = BLOWING SNOW
                                                   X = TORNADO
MAX 32 OR BELOW:   0    0.01 INCH OR MORE:   9
MAX 90 OR ABOVE:   0    0.10 INCH OR MORE:   7
MIN 32 OR BELOW:   6    0.50 INCH OR MORE:   2
MIN  0 OR BELOW:   0    1.00 INCH OR MORE:   0

[HDD (BASE 65) ]
TOTAL THIS MO.   339    CLEAR  (SCALE 0-3)  28
DPTR FM NORMAL    97    PTCLDY (SCALE 4-7)   0
TOTAL FM JUL 1  1160    CLOUDY (SCALE 8-10)  0
DPTR FM NORMAL    40

[CDD (BASE 65) ]
TOTAL THIS MO.     0
DPTR FM NORMAL   -16    [PRESSURE DATA]
TOTAL FM JAN 1    16    HIGHEST SLP M ON M
DPTR FM NORMAL   -11    LOWEST  SLP 29.60 ON 25

[REMARKS]
#FINAL-02-15#
