000
CXUS53 KUNR 170945
CF6CUT
PRELIMINARY LOCAL CLIMATOLOGICAL DATA (WS FORM: F-6)

                                          STATION:   CUSTER COUNTY AIRPORT SD
                                          MONTH:     DECEMBER
                                          YEAR:      2017
                                          LATITUDE:   43 43 N
                                          LONGITUDE: 103 37 W

  TEMPERATURE IN F:       :PCPN:    SNOW:  WIND      :SUNSHINE: SKY     :PK WND
================================================================================
1   2   3   4   5  6A  6B    7    8   9   10  11  12  13   14  15   16   17  18
                                     12Z  AVG MX 2MIN
DY MAX MIN AVG DEP HDD CDD  WTR  SNW DPTH SPD SPD DIR MIN PSBL S-S WX    SPD DR
================================================================================

 1  46  22  34   9  31   0 0.00    M    M  3.8 15 270   M    M   3        20 280
 2  49  21  35  10  30   0 0.00    M    M  4.4 15 280   M    M   0        21 300
 3  51  37  44  19  21   0    T    M    M  6.3 20 290   M    M   1        28 290
 4  38  11  25   1  40   0 0.02    M    M 14.0 29 300   M    M   5        47  20
 5  32  15  24   0  41   0 0.02    M    M 16.0 31 290   M    M   3 1      53 290
 6  24   5  15  -9  50   0 0.10    M    M  8.2 21 340   M    M   7 1      32 320
 7  37   6  22  -2  43   0 0.00    M    M  8.6 30 340   M    M   3        57 330
 8  43  31  37  13  28   0 0.00    M    M 15.2 35 340   M    M   1        60 350
 9  50  38  44  21  21   0 0.00    M    M 10.4 24 300   M    M   0        36 320
10  54  41  48  25  17   0 0.00    M    M 10.8 21 330   M    M   0        33 330
11  44  23  34  11  31   0 0.00    M    M 12.7 26 340   M    M   0        44 340
12  58  28  43  20  22   0 0.00    M    M 12.0 23 300   M    M   0        34 290
13  43  29  36  13  29   0 0.00    M    M  9.1 24 310   M    M   3        40 320
14  30  15  23   0  42   0 0.01    M    M  9.2 23 320   M    M   7        42 320
15  48  20  34  11  31   0 0.00    M    M  9.0 24 270   M    M   0        31 290
16  35  23  29   6  36   0 0.15    M    M  4.6 12 360   M    M   7 1      17 360
================================================================================
SM  682  365       513   0  0.30    M    154.3          M       40
================================================================================
AV 42.6 22.8                               9.6 FASTST   M    M   3    MAX(MPH)
                                 MISC ---->  # 35 340               # 60  350
================================================================================
NOTES:
# LAST OF SEVERAL OCCURRENCES

COLUMN 17 PEAK WIND IN M.P.H.

PRELIMINARY LOCAL CLIMATOLOGICAL DATA (WS FORM: F-6) , PAGE 2

                                          STATION:  CUSTER COUNTY AIRPORT SD
                                          MONTH:    DECEMBER
                                          YEAR:     2017
                                          LATITUDE:   43 43 N
                                          LONGITUDE: 103 37 W

[TEMPERATURE DATA]      [PRECIPITATION DATA]       SYMBOLS USED IN COLUMN 16

AVERAGE MONTHLY: 32.7   TOTAL FOR MONTH:   0.30    1 = FOG OR MIST
DPTR FM NORMAL:   9.0   DPTR FM NORMAL:    0.11    2 = FOG REDUCING VISIBILITY
HIGHEST:    58 ON 12    GRTST 24HR  0.15 ON 16-16      TO 1/4 MILE OR LESS
LOWEST:      5 ON  6                               3 = THUNDER
                        SNOW, ICE PELLETS, HAIL    4 = ICE PELLETS
                        TOTAL MONTH:    M          5 = HAIL
                        GRTST 24HR    M  ON   M    6 = FREEZING RAIN OR DRIZZLE
                        GRTST DEPTH:  M  ON   M    7 = DUSTSTORM OR SANDSTORM:
                                                       VSBY 1/2 MILE OR LESS
                                                   8 = SMOKE OR HAZE
[NO. OF DAYS WITH]      [WEATHER - DAYS WITH]      9 = BLOWING SNOW
                                                   X = TORNADO
MAX 32 OR BELOW:   3    0.01 INCH OR MORE:   5
MAX 90 OR ABOVE:   0    0.10 INCH OR MORE:   2
MIN 32 OR BELOW:  13    0.50 INCH OR MORE:   0
MIN  0 OR BELOW:   0    1.00 INCH OR MORE:   0

[HDD (BASE 65) ]
TOTAL THIS MO.   513    CLEAR  (SCALE 0-3)  11
DPTR FM NORMAL  -148    PTCLDY (SCALE 4-7)   5
TOTAL FM JUL 1  2477    CLOUDY (SCALE 8-10)  0
DPTR FM NORMAL  -365

[CDD (BASE 65) ]
TOTAL THIS MO.     0
DPTR FM NORMAL     0    [PRESSURE DATA]
TOTAL FM JAN 1   235    HIGHEST SLP M ON M
DPTR FM NORMAL    58    LOWEST  SLP 29.19 ON  3

[REMARKS]
