000
CXUS53 KUNR 240945
CF6CUT
PRELIMINARY LOCAL CLIMATOLOGICAL DATA (WS FORM: F-6)

                                          STATION:   CUSTER COUNTY AIRPORT SD
                                          MONTH:     JULY
                                          YEAR:      2017
                                          LATITUDE:   43 43 N
                                          LONGITUDE: 103 37 W

  TEMPERATURE IN F:       :PCPN:    SNOW:  WIND      :SUNSHINE: SKY     :PK WND
================================================================================
1   2   3   4   5  6A  6B    7    8   9   10  11  12  13   14  15   16   17  18
                                     12Z  AVG MX 2MIN
DY MAX MIN AVG DEP HDD CDD  WTR  SNW DPTH SPD SPD DIR MIN PSBL S-S WX    SPD DR
================================================================================

 1  82  42  62  -2   3   0 0.00    M    M  7.3 21  80   M    M   1        26  70
 2  82  49  66   2   0   1 0.20    M    0  9.3 26  90   M    M   2 3      35  90
 3  83  51  67   3   0   2    T    M    M  5.9 18  80   M    M   1 138    28  30
 4  88  55  72   8   0   7 0.03    M    M  7.7 22  80   M    M   1 3      28  50
 5  95  54  75  10   0  10 0.00    M    M  7.1 18 290   M    M   0        24 270
 6  89  54  72   7   0   7 0.56    M    M 10.2 32 280   M    M   2 138    41 280
 7  82  53  68   3   0   3 0.07    M    M  5.1 21  50   M    M   0 3      30  10
 8  84  56  70   5   0   5 0.00    M    M  6.0 21  70   M    M   0        28  70
 9  95  56  76  11   0  11 0.00    M    M  9.1 20  70   M    M   2 3      25  70
10  80  59  70   4   0   5    T    M    M  6.6 20  80   M    M   4        24  90
11  88  57  73   7   0   8 0.01    M    M  9.1 25  40   M    M   1 3      33  50
12  78  54  66   0   0   1 0.35    M    M  8.9 24 160   M    M   5 13     40 160
13  79  52  66   0   0   1 0.00    M    M  7.2 16  80   M    M   0        22  90
14  88  57  73   7   0   8 0.00    M    M  5.8 16  90   M    M   0        21  90
15  86  59  73   7   0   8 0.00    M    M  9.6 25  80   M    M   0        30  80
16  89  59  74   8   0   9 0.00    M    M  8.1 18 160   M    M   0        29 160
17  85  57  71   5   0   6 0.12    M    M  9.8 23  80   M    M   1 3      31 270
18  78  56  67   1   0   2 0.00    M    M 11.0 21  90   M    M   1        27  80
19  96  58  77  11   0  12    T    M    M 10.8 24  70   M    M   1 3      29  80
20  88  60  74   8   0   9 0.14    M    M  6.3 17 290   M    M   1 13     26 300
21  89  59  74   8   0   9    T    M    M  7.1 17 310   M    M   1 8      32 270
22  85  58  72   6   0   7 0.00    M    M  9.5 23  80   M    M   3        28  80
23  84  52  68   2   0   3 0.00    M    M  9.8 20  80   M    M   0        24  90
================================================================================
SM 1973 1267         3 134  1.48    M    187.3          M       27
================================================================================
AV 85.8 55.1                               8.1 FASTST   M    M   1    MAX(MPH)
                                 MISC ---->  # 32 280               # 41  280
================================================================================
NOTES:
# LAST OF SEVERAL OCCURRENCES

COLUMN 17 PEAK WIND IN M.P.H.

PRELIMINARY LOCAL CLIMATOLOGICAL DATA (WS FORM: F-6) , PAGE 2

                                          STATION:  CUSTER COUNTY AIRPORT SD
                                          MONTH:    JULY
                                          YEAR:     2017
                                          LATITUDE:   43 43 N
                                          LONGITUDE: 103 37 W

[TEMPERATURE DATA]      [PRECIPITATION DATA]       SYMBOLS USED IN COLUMN 16

AVERAGE MONTHLY: 70.4   TOTAL FOR MONTH:   1.48    1 = FOG OR MIST
DPTR FM NORMAL:   5.0   DPTR FM NORMAL:   -0.37    2 = FOG REDUCING VISIBILITY
HIGHEST:    96 ON 19    GRTST 24HR  0.56 ON  6- 6      TO 1/4 MILE OR LESS
LOWEST:     42 ON  1                               3 = THUNDER
                        SNOW, ICE PELLETS, HAIL    4 = ICE PELLETS
                        TOTAL MONTH:    M          5 = HAIL
                        GRTST 24HR    M  ON   M    6 = FREEZING RAIN OR DRIZZLE
                        GRTST DEPTH:   0           7 = DUSTSTORM OR SANDSTORM:
                                                       VSBY 1/2 MILE OR LESS
                                                   8 = SMOKE OR HAZE
[NO. OF DAYS WITH]      [WEATHER - DAYS WITH]      9 = BLOWING SNOW
                                                   X = TORNADO
MAX 32 OR BELOW:   0    0.01 INCH OR MORE:   8
MAX 90 OR ABOVE:   3    0.10 INCH OR MORE:   5
MIN 32 OR BELOW:   0    0.50 INCH OR MORE:   1
MIN  0 OR BELOW:   0    1.00 INCH OR MORE:   0

[HDD (BASE 65) ]
TOTAL THIS MO.     3    CLEAR  (SCALE 0-3)  21
DPTR FM NORMAL   -47    PTCLDY (SCALE 4-7)   2
TOTAL FM JUL 1     3    CLOUDY (SCALE 8-10)  0
DPTR FM NORMAL   -47

[CDD (BASE 65) ]
TOTAL THIS MO.   134
DPTR FM NORMAL    75    [PRESSURE DATA]
TOTAL FM JAN 1   154    HIGHEST SLP 30.25 ON 15
DPTR FM NORMAL    69    LOWEST  SLP 29.50 ON 11

[REMARKS]
