000
CXUS51 KILN 261410
CF6CVG
PRELIMINARY LOCAL CLIMATOLOGICAL DATA (WS FORM: F-6)

                                          STATION:   CINCINNATI OH
                                          MONTH:     DECEMBER
                                          YEAR:      2014
                                          LATITUDE:   39  2 N
                                          LONGITUDE:  84 40 W

  TEMPERATURE IN F:       :PCPN:    SNOW:  WIND      :SUNSHINE: SKY     :PK WND
================================================================================
1   2   3   4   5  6A  6B    7    8   9   10  11  12  13   14  15   16   17  18
                                     12Z  AVG MX 2MIN
DY MAX MIN AVG DEP HDD CDD  WTR  SNW DPTH SPD SPD DIR MIN PSBL S-S WX    SPD DR
================================================================================

 1  59  32  46   7  19   0 0.59    T    0 11.9 20 350   M    M  10 148    25 350
 2  38  31  35  -3  30   0    T  0.0    0  6.5 18  60   M    M  10 128    22  70
 3  41  28  35  -3  30   0    T    T    0  8.1 17 270   M    M   9 18     23 260
 4  37  27  32  -6  33   0 0.16    T    0  5.1 10  90   M    M  10 148    16 130
 5  56  36  46   9  19   0 0.89  0.0    0  3.2 10 150   M    M  10 12     14 280
 6  57  34  46   9  19   0 0.62  0.0    0 15.4 26 350   M    M  10 18     32 340
 7  43  31  37   1  28   0 0.00  0.0    0 10.6 16  80   M    M   8        26 350
 8  48  33  41   5  24   0 0.01  0.0    0  8.4 16 200   M    M  10        22 220
 9  43  37  40   4  25   0 0.07  0.0    0 10.0 18 350   M    M   9 18     23 350
10  38  31  35   0  30   0 0.00  0.0    0 10.2 17 330   M    M  10        22 340
11  41  26  34  -1  31   0 0.00  0.0    0  8.7 15 280   M    M   4        18 290
12  45  23  34  -1  31   0 0.00  0.0    0  8.0 18 280   M    M   6 18     22 280
13  45  36  41   7  24   0 0.00  0.0    0  6.0 15 290   M    M  10 8      18 290
14  46  42  44  10  21   0 0.00  0.0    0  3.3  8 140   M    M  10 8       9 130
15  50  41  46  12  19   0 0.07  0.0    0  9.5 17 160   M    M  10        22 150
16  53  36  45  11  20   0 0.20  0.0    0 12.3 22 260   M    M  10 138    30 240
17  36  27  32  -1  33   0    T    T    0 10.6 20 280   M    M   7 8      28 280
18  30  26  28  -5  37   0    T    T    0  3.3 12 350   M    M  10        15  30
19  31  25  28  -5  37   0 0.00  0.0    0  3.1  9 100   M    M   9 8      12  80
20  32  29  31  -2  34   0    T  0.1    0  1.8  8  80   M    M  10 8       9  70
21  38  26  32   0  33   0 0.00  0.0    0  5.1 10  90   M    M   7 8      13 140
22  52  29  41   9  24   0 0.12  0.0    0  8.0 15 130   M    M   8        18 130
23  57  47  52  20  13   0 0.16  0.0    0  7.5 16 170   M    M  10 18     21 170
24  57  39  48  16  17   0 0.18  0.0    0 10.9 31 280   M    M  10 18     39 270
25  41  32  37   5  28   0 0.02    T    0  8.0 20 260   M    M   8 18     29 260
================================================================================
SM 1114  804       659   0  3.09     0.1 195.5          M      225
================================================================================
AV 44.6 32.2                               7.8 FASTST   M    M   9    MAX(MPH)
                                 MISC ---->  # 31 280               # 39  270
================================================================================
NOTES:
# LAST OF SEVERAL OCCURRENCES

COLUMN 17 PEAK WIND IN M.P.H.

PRELIMINARY LOCAL CLIMATOLOGICAL DATA (WS FORM: F-6) , PAGE 2

                                          STATION:  CINCINNATI OH
                                          MONTH:    DECEMBER
                                          YEAR:     2014
                                          LATITUDE:   39  2 N
                                          LONGITUDE:  84 40 W

[TEMPERATURE DATA]      [PRECIPITATION DATA]       SYMBOLS USED IN COLUMN 16

AVERAGE MONTHLY: 38.4   TOTAL FOR MONTH:   3.09    1 = FOG OR MIST
DPTR FM NORMAL:   3.6   DPTR FM NORMAL:    0.37    2 = FOG REDUCING VISIBILITY
HIGHEST:    59 ON  1    GRTST 24HR  1.46 ON  5- 6      TO 1/4 MILE OR LESS
LOWEST:     23 ON 12                               3 = THUNDER
                        SNOW, ICE PELLETS, HAIL    4 = ICE PELLETS
                        TOTAL MONTH:   0.1 INCH    5 = HAIL
                        GRTST 24HR   0.1 ON   M    6 = FREEZING RAIN OR DRIZZLE
                        GRTST DEPTH:   0           7 = DUSTSTORM OR SANDSTORM:
                                                       VSBY 1/2 MILE OR LESS
                                                   8 = SMOKE OR HAZE
[NO. OF DAYS WITH]      [WEATHER - DAYS WITH]      9 = BLOWING SNOW
                                                   X = TORNADO
MAX 32 OR BELOW:   3    0.01 INCH OR MORE:  12
MAX 90 OR ABOVE:   0    0.10 INCH OR MORE:   8
MIN 32 OR BELOW:  15    0.50 INCH OR MORE:   3
MIN  0 OR BELOW:   0    1.00 INCH OR MORE:   0

[HDD (BASE 65) ]
TOTAL THIS MO.   659    CLEAR  (SCALE 0-3)   0
DPTR FM NORMAL   -98    PTCLDY (SCALE 4-7)   6
TOTAL FM JUL 1  1797    CLOUDY (SCALE 8-10) 19
DPTR FM NORMAL    80

[CDD (BASE 65) ]
TOTAL THIS MO.     0
DPTR FM NORMAL     0    [PRESSURE DATA]
TOTAL FM JAN 1  1077    HIGHEST SLP 30.60 ON  7
DPTR FM NORMAL   -44    LOWEST  SLP 29.34 ON 24

[REMARKS]
