000
CXUS51 KILN 300633
CF6CVG
PRELIMINARY LOCAL CLIMATOLOGICAL DATA (WS FORM: F-6)

                                          STATION:   CINCINNATI OH
                                          MONTH:     AUGUST
                                          YEAR:      2015
                                          LATITUDE:   39  2 N
                                          LONGITUDE:  84 40 W

  TEMPERATURE IN F:       :PCPN:    SNOW:  WIND      :SUNSHINE: SKY     :PK WND
================================================================================
1   2   3   4   5  6A  6B    7    8   9   10  11  12  13   14  15   16   17  18
                                     12Z  AVG MX 2MIN
DY MAX MIN AVG DEP HDD CDD  WTR  SNW DPTH SPD SPD DIR MIN PSBL S-S WX    SPD DR
================================================================================

 1  84  60  72  -4   0   7 0.00  0.0    0  5.2 14 350   M    M   3        17 330
 2  87  60  74  -2   0   9 0.00  0.0    0  5.2 13 220   M    M   4        17 200
 3  86  63  75  -1   0  10 0.62  0.0    0  9.6 40  40   M    M   5 13     49  40
 4  85  63  74  -2   0   9 0.00  0.0    0  4.8 16 280   M    M   6 18     18 280
 5  85  62  74  -2   0   9 0.00  0.0    0  4.0 13 100   M    M   8        15 100
 6  74  64  69  -7   0   4 0.69  0.0    0 11.6 18  60   M    M  10 1      25  60
 7  83  63  73  -3   0   8 0.00  0.0    0  5.7 12 350   M    M   7        16  40
 8  83  62  73  -3   0   8 0.00  0.0    0  2.0  9 280   M    M   6        13 280
 9  83  65  74  -2   0   9    T  0.0    0  2.2 13 130   M    M   7 18     16 130
10  87  69  78   3   0  13 0.57  0.0    0  7.4 28 340   M    M   8 1238   32 330
11  82  69  76   1   0  11 0.00  0.0    0  7.9 16 330   M    M   6 18     22 340
12  79  62  71  -4   0   6 0.00  0.0    0  8.0 18 330   M    M   2        25 340
13  82  58  70  -5   0   5 0.00  0.0    0  1.1  9 330   M    M   3        13 240
14  85  58  72  -3   0   7 0.00  0.0    0  1.8  8 220   M    M   5 1      10 220
15  85  61  73  -2   0   8 0.00  0.0    0  3.2 13 330   M    M   6 1      15 320
16  89  60  75   0   0  10 0.00  0.0    0  2.3  9 310   M    M   2 18     12 240
17  83  67  75   0   0  10    T  0.0    0  3.1  8 230   M    M   8 1      12 220
18  85  66  76   1   0  11 0.00  0.0    0  3.7 14 200   M    M   5 18     21 110
19  83  68  76   1   0  11 0.60  0.0    0  8.2 35 280   M    M   6 13     41 280
20  77  59  68  -7   0   3 0.12  0.0    0  8.8 18 270   M    M   4 1      24 280
21  80  54  67  -8   0   2 0.00  0.0    0  2.1  9  80   M    M   4 1      10 290
22  81  59  70  -5   0   5 0.00  0.0    0  4.4 13 120   M    M   4        16 110
23  86  61  74   0   0   9 0.00  0.0    0  5.8 22 340   M    M   5        25 340
24  76  57  67  -7   0   2 0.00  0.0    0  7.0 18 290   M    M   2        24 270
25  72  53  63 -11   2   0 0.00  0.0    0  6.9 15 280   M    M   4        22 280
26  77  56  67  -7   0   2 0.00  0.0    0  4.2 10  30   M    M   8        14  60
27  77  60  69  -5   0   4 0.00  0.0    0  3.4 12  80   M    M   7        15  80
28  81  56  69  -5   0   4 0.00  0.0    0  4.6 10 140   M    M   4 1      15 100
29  87  65  76   3   0  11 0.01  0.0    0  6.1 18 300   M    M   6 3      24 220
================================================================================
SM 2384 1780         2 207  2.61     0.0 150.3          M      155
================================================================================
AV 82.2 61.4                               5.2 FASTST   M    M   5    MAX(MPH)
                                 MISC ---->  # 40  40               # 49   40
================================================================================
NOTES:
# LAST OF SEVERAL OCCURRENCES

COLUMN 17 PEAK WIND IN M.P.H.

PRELIMINARY LOCAL CLIMATOLOGICAL DATA (WS FORM: F-6) , PAGE 2

                                          STATION:  CINCINNATI OH
                                          MONTH:    AUGUST
                                          YEAR:     2015
                                          LATITUDE:   39  2 N
                                          LONGITUDE:  84 40 W

[TEMPERATURE DATA]      [PRECIPITATION DATA]       SYMBOLS USED IN COLUMN 16

AVERAGE MONTHLY: 71.8   TOTAL FOR MONTH:   2.61    1 = FOG OR MIST
DPTR FM NORMAL:  -3.2   DPTR FM NORMAL:   -0.60    2 = FOG REDUCING VISIBILITY
HIGHEST:    89 ON 16    GRTST 24HR  0.72 ON 19-20      TO 1/4 MILE OR LESS
LOWEST:     53 ON 25                               3 = THUNDER
                        SNOW, ICE PELLETS, HAIL    4 = ICE PELLETS
                        TOTAL MONTH:   0.0 INCH    5 = HAIL
                        GRTST 24HR     0.0         6 = FREEZING RAIN OR DRIZZLE
                        GRTST DEPTH:   0           7 = DUSTSTORM OR SANDSTORM:
                                                       VSBY 1/2 MILE OR LESS
                                                   8 = SMOKE OR HAZE
[NO. OF DAYS WITH]      [WEATHER - DAYS WITH]      9 = BLOWING SNOW
                                                   X = TORNADO
MAX 32 OR BELOW:   0    0.01 INCH OR MORE:   6
MAX 90 OR ABOVE:   0    0.10 INCH OR MORE:   5
MIN 32 OR BELOW:   0    0.50 INCH OR MORE:   4
MIN  0 OR BELOW:   0    1.00 INCH OR MORE:   0

[HDD (BASE 65) ]
TOTAL THIS MO.     2    CLEAR  (SCALE 0-3)   5
DPTR FM NORMAL     2    PTCLDY (SCALE 4-7)  23
TOTAL FM JUL 1     2    CLOUDY (SCALE 8-10)  1
DPTR FM NORMAL     2

[CDD (BASE 65) ]
TOTAL THIS MO.   207
DPTR FM NORMAL   -86    [PRESSURE DATA]
TOTAL FM JAN 1   934    HIGHEST SLP 30.19 ON M
DPTR FM NORMAL   -18    LOWEST  SLP 29.75 ON M

[REMARKS]
