000
CXUS51 KILN 270542
CF6CVG
PRELIMINARY LOCAL CLIMATOLOGICAL DATA (WS FORM: F-6)

                                          STATION:   CINCINNATI OH
                                          MONTH:     MARCH
                                          YEAR:      2017
                                          LATITUDE:   39  2 N
                                          LONGITUDE:  84 40 W

  TEMPERATURE IN F:       :PCPN:    SNOW:  WIND      :SUNSHINE: SKY     :PK WND
================================================================================
1   2   3   4   5  6A  6B    7    8   9   10  11  12  13   14  15   16   17  18
                                     12Z  AVG MX 2MIN
DY MAX MIN AVG DEP HDD CDD  WTR  SNW DPTH SPD SPD DIR MIN PSBL S-S WX    SPD DR
================================================================================

 1  64  39  52  14  13   0 1.62  0.0    0 21.6 45 300   M    M  10 135    60 300
 2  45  34  40   1  25   0    T    T    0 15.6 26 290   M    M   8 4      37 280
 3  38  24  31  -8  34   0    T    T    0 10.9 22 310   M    M   4        27 300
 4  43  25  34  -5  31   0 0.04  0.9    T  9.2 16  90   M    M   6 1      20 100
 5  67  30  49   9  16   0 0.00  0.0    0  9.6 20 200   M    M   4        29 190
 6  59  49  54  14  11   0 0.16  0.0    0 13.6 23 180   M    M  10 1      30 180
 7  62  42  52  12  13   0 0.55  0.0    0 13.2 29 170   M    M   8 1      37 210
 8  60  39  50   9  15   0 0.00  0.0    0 11.6 26 280   M    M   2        37 270
 9  70  33  52  11  13   0 0.05  0.0    0  9.4 24  10   M    M   3        28  10
10  44  27  36  -6  29   0 0.03  0.0    0 15.5 26 280   M    M   6 1      33 290
11  37  22  30 -12  35   0 0.00  0.0    0  7.5 18  20   M    M   8        21  10
12  38  20  29 -13  36   0 0.00  0.0    0  7.5 14  90   M    M   4        16  90
13  41  28  35  -8  30   0 0.07  0.8    0  9.0 16  80   M    M  10 18     20  80
14  33  21  27 -16  38   0 0.01  0.2    1 17.7 29 320   M    M   8 18     35 320
15  33  19  26 -17  39   0 0.00  0.0    0 13.2 22 300   M    M   5        27 290
16  44  16  30 -14  35   0 0.00  0.0    0  5.6 14 290   M    M   0        19 280
17  46  28  37  -7  28   0 0.12  0.1    0  7.0 17 160   M    M   9 12346  22 170
18  48  36  42  -2  23   0    T  0.0    0 11.9 26 300   M    M  10 12     32 300
19  50  32  41  -4  24   0 0.00  0.0    0  4.4 13 350   M    M   7        16 360
20  57  34  46   1  19   0 0.60  0.0    0  9.1 32 190   M    M   7 135    38 190
21  61  40  51   6  14   0 0.00  0.0    0  9.7 25 340   M    M   9 18     31 330
22  43  29  36 -10  29   0 0.00  0.0    0 14.0 24  10   M    M   1 8      28  10
23  60  28  44  -2  21   0 0.00  0.0    0  9.8 15 160   M    M   5        20 100
24  74  49  62  16   3   0 0.00  0.0    0 12.5 22 210   M    M   7        30 220
25  77  55  66  19   0   1 0.04  0.0    0 11.2 24 150   M    M   8        29 160
26  68  54  61  14   4   0 0.73  0.0    0  7.9 24 270   M    M   8 1      29 270
================================================================================
SM 1362  853       578   1  4.02     2.0 288.2          M      167
================================================================================
AV 52.4 32.8                              11.1 FASTST   M    M   6    MAX(MPH)
                                 MISC ---->  # 45 300               # 60  300
================================================================================
NOTES:
# LAST OF SEVERAL OCCURRENCES

COLUMN 17 PEAK WIND IN M.P.H.

PRELIMINARY LOCAL CLIMATOLOGICAL DATA (WS FORM: F-6) , PAGE 2

                                          STATION:  CINCINNATI OH
                                          MONTH:    MARCH
                                          YEAR:     2017
                                          LATITUDE:   39  2 N
                                          LONGITUDE:  84 40 W

[TEMPERATURE DATA]      [PRECIPITATION DATA]       SYMBOLS USED IN COLUMN 16

AVERAGE MONTHLY: 42.6   TOTAL FOR MONTH:   4.02    1 = FOG OR MIST
DPTR FM NORMAL:  -0.1   DPTR FM NORMAL:    0.76    2 = FOG REDUCING VISIBILITY
HIGHEST:    77 ON 25    GRTST 24HR  1.62 ON  1- 1      TO 1/4 MILE OR LESS
LOWEST:     16 ON 16                               3 = THUNDER
                        SNOW, ICE PELLETS, HAIL    4 = ICE PELLETS
                        TOTAL MONTH:   2.0 INCHES  5 = HAIL
                        GRTST 24HR   0.9 ON   M    6 = FREEZING RAIN OR DRIZZLE
                        GRTST DEPTH:   1 ON 14     7 = DUSTSTORM OR SANDSTORM:
                                                       VSBY 1/2 MILE OR LESS
                                                   8 = SMOKE OR HAZE
[NO. OF DAYS WITH]      [WEATHER - DAYS WITH]      9 = BLOWING SNOW
                                                   X = TORNADO
MAX 32 OR BELOW:   0    0.01 INCH OR MORE:  12
MAX 90 OR ABOVE:   0    0.10 INCH OR MORE:   6
MIN 32 OR BELOW:  14    0.50 INCH OR MORE:   4
MIN  0 OR BELOW:   0    1.00 INCH OR MORE:   1

[HDD (BASE 65) ]
TOTAL THIS MO.   578    CLEAR  (SCALE 0-3)   3
DPTR FM NORMAL    -3    PTCLDY (SCALE 4-7)  14
TOTAL FM JUL 1  3658    CLOUDY (SCALE 8-10)  9
DPTR FM NORMAL  -750

[CDD (BASE 65) ]
TOTAL THIS MO.     1
DPTR FM NORMAL     1    [PRESSURE DATA]
TOTAL FM JAN 1     1    HIGHEST SLP 31.99 ON  1
DPTR FM NORMAL     1    LOWEST  SLP 28.00 ON  1

[REMARKS]
