000
CXUS52 KCHS 290715
CF6CXM
PRELIMINARY LOCAL CLIMATOLOGICAL DATA (WS FORM: F-6)

                                          STATION:   DOWNTOWN CHARLESTON SC
                                          MONTH:     SEPTEMBER
                                          YEAR:      2016
                                          LATITUDE:   32 46 N
                                          LONGITUDE:  79 56 W

  TEMPERATURE IN F:       :PCPN:    SNOW:  WIND      :SUNSHINE: SKY     :PK WND
================================================================================
1   2   3   4   5  6A  6B    7    8   9   10  11  12  13   14  15   16   17  18
                                     12Z  AVG MX 2MIN
DY MAX MIN AVG DEP HDD CDD  WTR  SNW DPTH SPD SPD DIR MIN PSBL S-S WX    SPD DR
================================================================================

 1  84  76  80   0   0  15 0.29    M    M  5.7 22 190   M    M   M        26 190
 2  84  71  78  -2   0  13 1.31    M    M 15.4 32 200   M    M   M        42 190
 3  87  68  78  -2   0  13 0.00    M    M  6.0 10 300   M    M   M        17 290
 4  83  71  77  -2   0  12 0.00    M    M  8.2 13  30   M    M   M        16  30
 5  82  69  76  -3   0  11 0.00    M    M  6.2 13  30   M    M   M        16  20
 6  85  70  78  -1   0  13 0.00    M    M  4.5 12 180   M    M   M        14 200
 7  88  72  80   1   0  15 0.00    M    M  5.5 12 180   M    M   M        15 200
 8  89  75  82   3   0  17 0.00    M    M  5.7 10 190   M    M   M        12 190
 9  86  76  81   2   0  16 0.00    M    M  6.2 13 180   M    M   M        14 180
10  89  78  84   6   0  19 0.00    M    M  5.7 12 180   M    M   M        15 180
11  90  78  84   6   0  19 0.00    M    M  5.8 14 180   M    M   M        17 180
12  88  75  82   4   0  17 0.00    M    M  5.5 17  20   M    M   M        22  20
13  85  76  81   3   0  16 0.00    M    M  9.5 18  90   M    M   M        21  80
14  81  73  77  -1   0  12 4.26    M    M 14.2 25  50   M    M   M        33  50
15  84  74  79   2   0  14 0.14    M    M 12.0 20  30   M    M   M        33  30
16  84  73  79   2   0  14 0.00    M    M 11.6 18  20   M    M   M        22  20
17  84  73  79   2   0  14 0.00    M    M  8.9 14  30   M    M   M        17  30
18  88  75  82  75   0  17 0.01    M    M  6.5 11  20   M    M   M        14  20
19  89  75  82   6   0  17 0.01    M    M  5.2 17  40   M    M   M        22  10
20  80  73  77   1   0  12 0.00    M    M  8.6 14  10   M    M   M        17  20
21  81  73  77   1   0  12 0.00    M    M  5.5 10  10   M    M   M        15 360
22  82  72  77   1   0  12 0.00    M    M  6.7 14  10   M    M   M        15 360
23  82  74  78   3   0  13 0.00    M    M  5.5 17  40   M    M   M        19  40
24  85  74  80   5   0  15 0.00    M    M  6.2 11  20   M    M   M        14  20
25  86  75  81   6   0  16 0.00    M    M  8.4 15  80   M    M   M        19  80
26  81  72  77   3   0  12 0.67    M    M  7.4 29  80   M    M   M        33  80
27  83  74  79   5   0  14 0.11    M    M  4.6 10 120   M    M   M        11 130
28  84  75  80   6   0  15 0.00    M    M  7.1 14 170   M    M   M        16 210
================================================================================
SM 2374 2060         0 405  6.80    M    208.3          M        M
================================================================================
AV 84.8 73.6                               7.4 FASTST   M    M   5    MAX(MPH)
                                 MISC ---->  # 32 200               # 42  190
================================================================================
NOTES:
# LAST OF SEVERAL OCCURRENCES

COLUMN 17 PEAK WIND IN M.P.H.

PRELIMINARY LOCAL CLIMATOLOGICAL DATA (WS FORM: F-6) , PAGE 2

                                          STATION:  DOWNTOWN CHARLESTON SC
                                          MONTH:    SEPTEMBER
                                          YEAR:     2016
                                          LATITUDE:   32 46 N
                                          LONGITUDE:  79 56 W

[TEMPERATURE DATA]      [PRECIPITATION DATA]       SYMBOLS USED IN COLUMN 16

AVERAGE MONTHLY: 79.2   TOTAL FOR MONTH:   6.80    1 = FOG OR MIST
DPTR FM NORMAL:   4.4   DPTR FM NORMAL:    1.36    2 = FOG REDUCING VISIBILITY
HIGHEST:    90 ON 11    GRTST 24HR  4.26 ON 14-14      TO 1/4 MILE OR LESS
LOWEST:     68 ON  3                               3 = THUNDER
                        SNOW, ICE PELLETS, HAIL    4 = ICE PELLETS
                        TOTAL MONTH:    M          5 = HAIL
                        GRTST 24HR    M  ON   M    6 = FREEZING RAIN OR DRIZZLE
                        GRTST DEPTH:  M  ON   M    7 = DUSTSTORM OR SANDSTORM:
                                                       VSBY 1/2 MILE OR LESS
                                                   8 = SMOKE OR HAZE
[NO. OF DAYS WITH]      [WEATHER - DAYS WITH]      9 = BLOWING SNOW
                                                   X = TORNADO
MAX 32 OR BELOW:   0    0.01 INCH OR MORE:   8
MAX 90 OR ABOVE:   1    0.10 INCH OR MORE:   6
MIN 32 OR BELOW:   0    0.50 INCH OR MORE:   3
MIN  0 OR BELOW:   0    1.00 INCH OR MORE:   2

[HDD (BASE 65) ]
TOTAL THIS MO.     0    CLEAR  (SCALE 0-3)   0
DPTR FM NORMAL     0    PTCLDY (SCALE 4-7)   0
TOTAL FM JUL 1     0    CLOUDY (SCALE 8-10)  0
DPTR FM NORMAL     0

[CDD (BASE 65) ]
TOTAL THIS MO.   405
DPTR FM NORMAL    65    [PRESSURE DATA]
TOTAL FM JAN 1  2542    HIGHEST SLP M ON M
DPTR FM NORMAL   377    LOWEST  SLP 29.41 ON  2

[REMARKS]
