000
CXUS52 KCHS 260715
CF6CXM
PRELIMINARY LOCAL CLIMATOLOGICAL DATA (WS FORM: F-6)

                                          STATION:   DOWNTOWN CHARLESTON SC
                                          MONTH:     MAY
                                          YEAR:      2017
                                          LATITUDE:   32 46 N
                                          LONGITUDE:  79 56 W

  TEMPERATURE IN F:       :PCPN:    SNOW:  WIND      :SUNSHINE: SKY     :PK WND
================================================================================
1   2   3   4   5  6A  6B    7    8   9   10  11  12  13   14  15   16   17  18
                                     12Z  AVG MX 2MIN
DY MAX MIN AVG DEP HDD CDD  WTR  SNW DPTH SPD SPD DIR MIN PSBL S-S WX    SPD DR
================================================================================

 1  78  71  75   6   0  10 0.42    M    M 16.3 25 180   M    M   M        32 190
 2  82  65  74   4   0   9 0.00  0.0    M  5.8 12 260   M    M   M        17 280
 3  79  64  72   2   0   7 0.00    M    M  6.0 11 130   M    M   M        13 140
 4  76  71  74   4   0   9 0.15  0.0    M 14.4 24 160   M    M   M        36 190
 5  75  57  66  -4   0   1 0.01  0.0    M 10.8 23 190   M    M   M        34 180
 6  73  53  63  -8   2   0 0.00    M    M  8.1 15 350   M    M   M        22 250
 7  75  58  67  -4   0   2 0.00    M    M  4.6 12 340   M    M   M        18 340
 8  78  59  69  -2   0   4 0.00    M    M  4.3 15 180   M    M   M        16 180
 9  86  64  75   4   0  10 0.00    M    M  5.7 13 210   M    M   M        17 220
10  85  69  77   5   0  12 0.00    M    M  5.8 12 180   M    M   M        15 170
11  91  72  82  10   0  17 0.00    M    M  5.6 11 290   M    M   M        17 270
12  81  73  77   5   0  12 0.00    M    M  6.7 12 120   M    M   M        13 130
13  75  66  71  -1   0   6 0.85    M    M  5.8 12 180   M    M   M        17 220
14  77  66  72  -1   0   7 0.00    M    M  7.3 12  20   M    M   M        16  60
15  85  66  76   3   0  11 0.00    M    M  5.9 12 180   M    M   M        15 200
16  86  70  78   5   0  13 0.00    M    M  6.3 13 180   M    M   M        15 190
17  80  73  77   4   0  12 0.00  0.0    M  8.7 14 180   M    M   M        18 180
18  79  75  77   4   0  12 0.00  0.0    M  8.3 13 170   M    M   M        16 170
19  79  72  76   2   0  11 0.00  0.0    M  7.0 12 180   M    M   M        15 170
20  82  74  78   4   0  13 0.00  0.0    M  5.9 13 180   M    M   M        15 180
21  79  76  78   4   0  13 0.00  0.0    M  9.3 15 120   M    M   M        18 140
22  81  72  77   3   0  12 1.00    M    M  7.5 14 180   M    M   M        17 260
23  79  68  74  -1   0   9 3.74    M    M  5.9 16 190   M    M   M        28 360
24  79  71  75   0   0  10 0.12    M    M 10.3 21 210   M    M   M        34 210
25  76  67  72  -3   0   7 0.00    M    M  8.5 15 250   M    M   M        23 250
================================================================================
SM 1996 1692         2 229  6.29     0.0 190.8          M        M
================================================================================
AV 79.8 67.7                               7.6 FASTST   M    M   4    MAX(MPH)
                                 MISC ---->  # 25 180               # 36  190
================================================================================
NOTES:
# LAST OF SEVERAL OCCURRENCES

COLUMN 17 PEAK WIND IN M.P.H.

PRELIMINARY LOCAL CLIMATOLOGICAL DATA (WS FORM: F-6) , PAGE 2

                                          STATION:  DOWNTOWN CHARLESTON SC
                                          MONTH:    MAY
                                          YEAR:     2017
                                          LATITUDE:   32 46 N
                                          LONGITUDE:  79 56 W

[TEMPERATURE DATA]      [PRECIPITATION DATA]       SYMBOLS USED IN COLUMN 16

AVERAGE MONTHLY: 73.8   TOTAL FOR MONTH:   6.29    1 = FOG OR MIST
DPTR FM NORMAL:   1.5   DPTR FM NORMAL:    4.64    2 = FOG REDUCING VISIBILITY
HIGHEST:    91 ON 11    GRTST 24HR  3.74 ON 23-23      TO 1/4 MILE OR LESS
LOWEST:     53 ON  6                               3 = THUNDER
                        SNOW, ICE PELLETS, HAIL    4 = ICE PELLETS
                        TOTAL MONTH:   0.0 INCH    5 = HAIL
                        GRTST 24HR     0.0         6 = FREEZING RAIN OR DRIZZLE
                        GRTST DEPTH:  M  ON   M    7 = DUSTSTORM OR SANDSTORM:
                                                       VSBY 1/2 MILE OR LESS
                                                   8 = SMOKE OR HAZE
[NO. OF DAYS WITH]      [WEATHER - DAYS WITH]      9 = BLOWING SNOW
                                                   X = TORNADO
MAX 32 OR BELOW:   0    0.01 INCH OR MORE:   7
MAX 90 OR ABOVE:   1    0.10 INCH OR MORE:   6
MIN 32 OR BELOW:   0    0.50 INCH OR MORE:   3
MIN  0 OR BELOW:   0    1.00 INCH OR MORE:   2

[HDD (BASE 65) ]
TOTAL THIS MO.     2    CLEAR  (SCALE 0-3)   0
DPTR FM NORMAL    -3    PTCLDY (SCALE 4-7)   0
TOTAL FM JUL 1  1057    CLOUDY (SCALE 8-10)  0
DPTR FM NORMAL  -674

[CDD (BASE 65) ]
TOTAL THIS MO.   229
DPTR FM NORMAL    42    [PRESSURE DATA]
TOTAL FM JAN 1   450    HIGHEST SLP M ON M
DPTR FM NORMAL   158    LOWEST  SLP 29.53 ON 24

[REMARKS]
