000
CXUS52 KCHS 270715
CF6CXM
PRELIMINARY LOCAL CLIMATOLOGICAL DATA (WS FORM: F-6)

                                          STATION:   DOWNTOWN CHARLESTON SC
                                          MONTH:     FEBRUARY
                                          YEAR:      2017
                                          LATITUDE:   32 46 N
                                          LONGITUDE:  79 56 W

  TEMPERATURE IN F:       :PCPN:    SNOW:  WIND      :SUNSHINE: SKY     :PK WND
================================================================================
1   2   3   4   5  6A  6B    7    8   9   10  11  12  13   14  15   16   17  18
                                     12Z  AVG MX 2MIN
DY MAX MIN AVG DEP HDD CDD  WTR  SNW DPTH SPD SPD DIR MIN PSBL S-S WX    SPD DR
================================================================================

 1  69  53  61  10   4   0 0.00    M    M  6.2 13 200   M    M   M        16 210
 2  72  55  64  13   1   0 0.00    M    M  5.4 13 200   M    M   M        15 220
 3  70  50  60   9   5   0 0.00    M    M  6.4 16  10   M    M   M        22  10
 4  50  39  45  -6  20   0 0.00    M    M 13.3 22  30   M    M   M        26  10
 5  62  42  52   1  13   0 0.00    M    M  5.2 11 260   M    M   M        14 260
 6  60  47  54   3  11   0 0.00    M    M  3.7  9 110   M    M   M        10 110
 7  70  52  61  10   4   0 0.00    M    M  6.4 15 210   M    M   M        21 210
 8  70  59  65  13   0   0 0.28    M    M  6.7 16 210   M    M   M        24 210
 9  65  47  56   4   9   0 0.05    M    M  9.3 18 320   M    M   M        27 320
10  52  40  46  -6  19   0 0.00    M    M  7.2 15  10   M    M   M        19  10
11  71  48  60   8   5   0 0.00    M    M  5.8 11 250   M    M   M        17 250
12  73  58  66  14   0   1 0.00    M    M  6.2 11 210   M    M   M        16 250
13  69  52  61   9   4   0 0.00    M    M  6.5 16 360   M    M   M        22 360
14  63  49  56   4   9   0 0.00    M    M  3.3  9 110   M    M   M        11 220
15  71  55  63  10   2   0 0.22    M    M  8.8 23 230   M    M   M        32 230
16  64  45  55   2  10   0 0.00    M    M  5.5 13 360   M    M   M        16 360
17  66  47  57   4   8   0 0.00    M    M  5.6 14 210   M    M   M        19 210
18  67  53  60   7   5   0 0.00    M    M  3.2  9 200   M    M   M        11 220
19  74  52  63  10   2   0 0.00    M    M  4.4 10 330   M    M   M        18 340
20  68  55  62   9   3   0 0.00    M    M  4.6 11 130   M    M   M        12 130
21  67  57  62   8   3   0 0.00    M    M  8.2 16  90   M    M   M        17  80
22  70  60  65  11   0   0 0.05    M    M  9.1 15  80   M    M   M        18  90
23  71  61  66  12   0   1 0.00    M    M 10.4 20  80   M    M   M        24  80
24  74  60  67  13   0   2 0.00    M    M  6.2 13 100   M    M   M        14 100
25  74  61  68  14   0   3 0.00    M    M  6.1 17 210   M    M   M        21 210
26  62  49  56   2   9   0 0.00    M    M  5.1 11 190   M    M   M        19 300
================================================================================
SM 1744 1346       146   7  0.60    M    168.8          M        M
================================================================================
AV 67.1 51.8                               6.5 FASTST   M    M   4    MAX(MPH)
                                 MISC ---->  # 23 230               # 32  230
================================================================================
NOTES:
# LAST OF SEVERAL OCCURRENCES

COLUMN 17 PEAK WIND IN M.P.H.

PRELIMINARY LOCAL CLIMATOLOGICAL DATA (WS FORM: F-6) , PAGE 2

                                          STATION:  DOWNTOWN CHARLESTON SC
                                          MONTH:    FEBRUARY
                                          YEAR:     2017
                                          LATITUDE:   32 46 N
                                          LONGITUDE:  79 56 W

[TEMPERATURE DATA]      [PRECIPITATION DATA]       SYMBOLS USED IN COLUMN 16

AVERAGE MONTHLY: 59.4   TOTAL FOR MONTH:   0.60    1 = FOG OR MIST
DPTR FM NORMAL:   7.0   DPTR FM NORMAL:   -1.74    2 = FOG REDUCING VISIBILITY
HIGHEST:    74 ON 25,24 GRTST 24HR  0.28 ON  8- 8      TO 1/4 MILE OR LESS
LOWEST:     39 ON  4                               3 = THUNDER
                        SNOW, ICE PELLETS, HAIL    4 = ICE PELLETS
                        TOTAL MONTH:    M          5 = HAIL
                        GRTST 24HR    M  ON   M    6 = FREEZING RAIN OR DRIZZLE
                        GRTST DEPTH:  M  ON   M    7 = DUSTSTORM OR SANDSTORM:
                                                       VSBY 1/2 MILE OR LESS
                                                   8 = SMOKE OR HAZE
[NO. OF DAYS WITH]      [WEATHER - DAYS WITH]      9 = BLOWING SNOW
                                                   X = TORNADO
MAX 32 OR BELOW:   0    0.01 INCH OR MORE:   4
MAX 90 OR ABOVE:   0    0.10 INCH OR MORE:   2
MIN 32 OR BELOW:   0    0.50 INCH OR MORE:   0
MIN  0 OR BELOW:   0    1.00 INCH OR MORE:   0

[HDD (BASE 65) ]
TOTAL THIS MO.   146    CLEAR  (SCALE 0-3)   0
DPTR FM NORMAL  -184    PTCLDY (SCALE 4-7)   0
TOTAL FM JUL 1   836    CLOUDY (SCALE 8-10)  0
DPTR FM NORMAL  -573

[CDD (BASE 65) ]
TOTAL THIS MO.     7
DPTR FM NORMAL     7    [PRESSURE DATA]
TOTAL FM JAN 1    14    HIGHEST SLP M ON M
DPTR FM NORMAL    13    LOWEST  SLP 29.51 ON 15

[REMARKS]
